--
-- Host: localhost    Database: COMPONENT_APP
-- ------------------------------------------------------


--
-- Table structure for table `component_mini_products`
--

CREATE TABLE `component_mini_products` (
  `id` bigint unsigned NOT NULL AUTO_INCREMENT,
  `mini_product_id` bigint unsigned NOT NULL,
  `component_id` bigint unsigned NOT NULL,
  `quantity` decimal(10,4) NOT NULL DEFAULT '0.0000',
  `created_at` timestamp NULL DEFAULT NULL,
  `updated_at` timestamp NULL DEFAULT NULL,
  PRIMARY KEY (`id`),
  KEY `component_mini_products_mini_product_id_index` (`mini_product_id`),
  KEY `component_mini_products_component_id_index` (`component_id`),
  CONSTRAINT `component_mini_products_component_id_foreign` FOREIGN KEY (`component_id`) REFERENCES `components` (`id`) ON DELETE CASCADE,
  CONSTRAINT `component_mini_products_mini_product_id_foreign` FOREIGN KEY (`mini_product_id`) REFERENCES `mini_products` (`id`) ON DELETE CASCADE
) ENGINE=InnoDB AUTO_INCREMENT=580 DEFAULT CHARSET=utf8mb4 COLLATE=utf8mb4_unicode_ci;

--
-- Dumping data for table `component_mini_products`
--

INSERT INTO `component_mini_products` VALUES (1,1,44,0.0025,'2024-04-22 07:27:31','2024-04-25 10:38:56'),(2,1,43,0.0125,'2024-04-22 07:27:31','2024-04-25 10:38:56'),(3,1,75,0.0125,'2024-04-22 07:27:31','2024-04-25 10:38:56'),(5,2,90,1.0000,'2024-04-22 07:36:16','2024-04-25 10:38:56'),(6,2,60,0.0050,'2024-04-22 07:36:16','2024-04-25 10:38:56'),(7,2,20,0.0050,'2024-04-22 07:36:16','2024-04-25 10:38:56'),(8,3,44,0.0025,'2024-04-22 07:36:16','2024-04-25 10:38:56'),(9,3,82,0.0025,'2024-04-22 07:36:16','2024-04-25 10:38:56'),(10,4,89,0.0375,'2024-04-22 07:36:16','2024-04-25 10:38:56'),(11,4,78,0.0125,'2024-04-22 07:36:16','2024-04-25 10:38:56'),(12,5,89,0.0332,'2024-04-22 07:38:35','2024-04-25 10:38:56'),(13,5,78,0.0166,'2024-04-22 07:38:35','2024-04-25 10:38:56'),(14,5,85,0.0050,'2024-04-22 07:38:35','2024-04-25 10:38:56'),(15,6,89,0.0250,'2024-04-22 07:38:35','2024-04-25 10:38:56'),(16,6,78,0.0125,'2024-04-22 07:38:35','2024-04-25 10:38:56'),(17,6,73,0.0125,'2024-04-22 07:38:35','2024-04-25 10:38:56'),(18,7,15,0.0332,'2024-04-22 07:41:00','2024-04-25 10:38:56'),(19,7,35,0.0166,'2024-04-22 07:41:00','2024-04-25 10:38:56'),(20,7,60,0.0050,'2024-04-22 07:41:00','2024-04-25 10:38:56'),(21,8,62,0.0166,'2024-04-22 07:41:00','2024-04-25 10:38:56'),(22,8,88,0.0166,'2024-04-22 07:41:00','2024-04-25 10:38:56'),(23,8,92,0.0166,'2024-04-22 07:41:00','2024-04-25 10:38:56'),(24,9,62,0.0166,'2024-04-22 07:42:44','2024-04-25 10:38:56'),(25,9,65,0.0166,'2024-04-22 07:42:44','2024-04-25 10:38:56'),(26,9,92,0.0166,'2024-04-22 07:42:44','2024-04-25 10:38:56'),(27,10,65,0.0125,'2024-04-22 07:42:44','2024-04-25 10:38:56'),(28,10,12,0.0125,'2024-04-22 07:42:44','2024-04-25 10:38:56'),(29,11,44,0.0250,'2024-04-22 07:53:34','2024-04-25 10:38:56'),(30,11,69,0.0250,'2024-04-22 07:53:34','2024-04-25 10:38:56'),(31,11,89,0.0050,'2024-04-22 07:53:34','2024-04-25 10:38:56'),(32,12,11,0.0500,'2024-04-22 07:53:34','2024-04-25 10:38:56'),(33,13,77,0.0500,'2024-04-22 07:53:34','2024-04-25 10:38:56'),(34,14,44,0.0166,'2024-04-22 07:53:34','2024-04-25 10:38:56'),(35,14,88,0.0166,'2024-04-22 07:53:34','2024-04-25 10:38:56'),(36,14,71,0.0166,'2024-04-22 07:53:34','2024-04-25 10:38:56'),(37,15,17,0.0500,'2024-04-22 07:54:44','2024-04-25 10:38:56'),(40,17,44,0.0250,'2024-04-22 08:18:53','2024-04-25 10:38:56'),(42,18,44,0.0250,'2024-04-22 08:18:53','2024-04-25 10:38:56'),(43,18,18,0.0250,'2024-04-22 08:18:53','2024-04-25 10:38:56'),(44,16,32,0.0250,'2024-04-22 08:20:01','2024-04-25 10:38:56'),(45,16,74,0.0250,'2024-04-22 08:20:01','2024-04-25 10:38:56'),(46,19,53,0.0250,'2024-04-23 07:10:07','2024-04-25 10:38:56'),(47,19,90,0.0250,'2024-04-23 07:10:07','2024-04-25 10:38:56'),(48,20,44,0.0250,'2024-04-23 07:10:07','2024-04-25 10:38:56'),(49,20,21,0.0250,'2024-04-23 07:10:07','2024-04-25 10:38:56'),(50,21,21,0.0500,'2024-04-23 07:10:07','2024-04-25 10:38:56'),(51,22,22,0.0500,'2024-04-23 07:12:40','2024-04-25 10:38:56'),(52,23,44,0.0166,'2024-04-23 07:12:40','2024-04-25 10:38:56'),(53,23,65,0.0166,'2024-04-23 07:12:40','2024-04-25 10:38:56'),(54,23,71,0.0166,'2024-04-23 07:12:40','2024-04-25 10:38:56'),(55,23,75,0.0050,'2024-04-23 07:12:40','2024-04-25 10:38:56'),(56,24,23,0.0250,'2024-04-23 07:12:40','2024-04-25 10:38:56'),(57,24,69,0.0125,'2024-04-23 07:12:40','2024-04-25 10:38:56'),(58,24,82,0.0125,'2024-04-23 07:12:40','2024-04-25 10:38:56'),(59,25,23,0.0500,'2024-04-23 07:15:36','2024-04-25 10:38:56'),(60,26,43,0.0166,'2024-04-23 07:15:36','2024-04-25 10:38:56'),(61,26,88,0.0166,'2024-04-23 07:15:36','2024-04-25 10:38:56'),(62,26,90,0.0166,'2024-04-23 07:15:36','2024-04-25 10:38:56'),(63,27,17,0.0250,'2024-04-23 07:15:36','2024-04-25 10:38:56'),(64,27,89,0.0250,'2024-04-23 07:15:36','2024-04-25 10:38:56'),(65,28,44,0.0250,'2024-04-23 07:15:36','2024-04-25 10:38:56'),(66,28,88,0.0250,'2024-04-23 07:15:36','2024-04-25 10:38:56'),(67,29,24,0.0500,'2024-04-23 07:15:36','2024-04-25 10:38:56'),(68,30,32,0.0500,'2024-04-23 07:15:36','2024-04-25 10:38:56'),(69,31,23,0.0250,'2024-04-23 07:21:25','2024-04-25 10:38:56'),(70,31,53,0.0250,'2024-04-23 07:21:25','2024-04-25 10:38:56'),(71,32,23,0.0500,'2024-04-23 07:21:25','2024-04-25 10:38:56'),(72,33,20,0.0250,'2024-04-23 07:21:25','2024-04-25 10:38:56'),(73,33,42,0.0250,'2024-04-23 07:21:25','2024-04-25 10:38:56'),(74,33,87,0.0050,'2024-04-23 07:21:25','2024-04-25 10:38:56'),(75,33,85,0.0050,'2024-04-23 07:21:25','2024-04-25 10:38:56'),(76,34,44,0.0250,'2024-04-23 07:21:25','2024-04-25 10:38:56'),(77,34,78,0.0250,'2024-04-23 07:21:25','2024-04-25 10:38:56'),(78,35,53,0.0166,'2024-04-23 07:21:25','2024-04-25 10:38:56'),(79,35,44,0.0166,'2024-04-23 07:21:25','2024-04-25 10:38:56'),(80,35,71,0.0166,'2024-04-23 07:21:25','2024-04-25 10:38:56'),(81,36,43,0.0250,'2024-04-23 07:21:25','2024-04-25 10:38:56'),(82,36,87,0.0125,'2024-04-23 07:21:25','2024-04-25 10:38:56'),(83,36,24,0.0125,'2024-04-23 07:21:25','2024-04-25 10:38:56'),(84,37,93,0.0250,'2024-04-23 07:27:05','2024-04-25 10:38:56'),(85,37,102,0.0125,'2024-04-23 07:27:05','2024-04-25 10:38:56'),(86,37,19,0.0125,'2024-04-23 07:27:05','2024-04-25 10:38:56'),(87,38,53,0.0250,'2024-04-23 07:27:05','2024-04-25 10:38:56'),(88,38,74,0.0125,'2024-04-23 07:27:05','2024-04-25 10:38:56'),(89,38,90,0.0125,'2024-04-23 07:27:05','2024-04-25 10:38:56'),(90,39,90,0.0500,'2024-04-23 07:27:05','2024-04-25 10:38:56'),(91,39,85,0.0050,'2024-04-23 07:27:05','2024-04-25 10:38:56'),(92,40,90,0.0375,'2024-04-23 07:27:05','2024-04-25 10:38:56'),(93,40,15,0.0125,'2024-04-23 07:27:05','2024-04-25 10:38:56'),(94,41,90,0.0375,'2024-04-23 07:27:05','2024-04-25 10:38:56'),(95,41,71,0.0125,'2024-04-23 07:27:05','2024-04-25 10:38:56'),(96,41,15,-2.0000,'2024-04-23 07:27:05','2024-04-25 10:38:56'),(97,42,78,0.0166,'2024-04-23 07:27:05','2024-04-25 10:38:56'),(98,42,74,0.0166,'2024-04-23 07:27:05','2024-04-25 10:38:56'),(99,42,89,0.0166,'2024-04-23 07:27:05','2024-04-25 10:38:56'),(100,43,78,0.0500,'2024-04-23 07:32:14','2024-04-25 10:38:56'),(101,44,102,0.0500,'2024-04-23 07:32:14','2024-04-25 10:38:56'),(102,45,44,0.0250,'2024-04-23 07:32:14','2024-04-25 10:38:56'),(103,45,17,0.0250,'2024-04-23 07:32:14','2024-04-25 10:38:56'),(104,45,15,0.0100,'2024-04-23 07:32:14','2024-04-25 10:38:56'),(105,46,90,0.0166,'2024-04-23 07:32:14','2024-04-25 10:38:56'),(106,46,35,0.0166,'2024-04-23 07:32:14','2024-04-25 10:38:56'),(107,46,61,0.0166,'2024-04-23 07:32:14','2024-04-25 10:38:56'),(108,47,44,0.0250,'2024-04-23 07:32:14','2024-04-25 10:38:56'),(109,47,13,0.0250,'2024-04-23 07:32:14','2024-04-25 10:38:56'),(110,48,43,0.0500,'2024-04-23 07:32:14','2024-04-25 10:38:56'),(111,49,44,0.0250,'2024-04-23 07:32:14','2024-04-25 10:38:56'),(112,49,87,0.0125,'2024-04-23 07:32:14','2024-04-25 10:38:56'),(113,49,62,0.0125,'2024-04-23 07:32:14','2024-04-25 10:38:56'),(114,50,44,0.0500,'2024-04-23 07:32:14','2024-04-25 10:38:56'),(115,51,44,0.0250,'2024-04-23 07:32:14','2024-04-25 10:38:56'),(116,51,53,0.0250,'2024-04-23 07:32:14','2024-04-25 10:38:56'),(117,52,23,0.0166,'2024-04-23 07:38:38','2024-04-25 10:38:56'),(118,52,17,0.0166,'2024-04-23 07:38:38','2024-04-25 10:38:56'),(119,52,55,0.0166,'2024-04-23 07:38:38','2024-04-25 10:38:56'),(120,53,53,0.0500,'2024-04-23 07:38:38','2024-04-25 10:38:56'),(121,54,54,0.0500,'2024-04-23 07:38:38','2024-04-25 10:38:56'),(122,55,43,0.0250,'2024-04-23 07:38:38','2024-04-25 10:38:56'),(123,55,44,0.0125,'2024-04-23 07:38:38','2024-04-25 10:38:56'),(124,55,54,0.0125,'2024-04-23 07:38:38','2024-04-25 10:38:56'),(125,56,55,0.0500,'2024-04-23 07:38:38','2024-04-25 10:38:56'),(126,57,58,0.0500,'2024-04-23 07:38:38','2024-04-25 10:38:56'),(127,58,44,0.0250,'2024-04-23 07:38:38','2024-04-25 10:38:56'),(128,58,58,0.0250,'2024-04-23 07:38:38','2024-04-25 10:38:56'),(129,59,44,0.0166,'2024-04-23 07:38:38','2024-04-25 10:38:56'),(130,59,88,0.0166,'2024-04-23 07:38:38','2024-04-25 10:38:56'),(131,59,83,0.0166,'2024-04-23 07:38:38','2024-04-25 10:38:56'),(132,60,59,0.0500,'2024-04-23 07:38:38','2024-04-25 10:38:56'),(133,61,90,0.0375,'2024-04-23 07:38:38','2024-04-25 10:38:56'),(134,61,73,0.0125,'2024-04-23 07:38:38','2024-04-25 10:38:56'),(135,61,77,0.0050,'2024-04-23 07:38:38','2024-04-25 10:38:56'),(136,62,53,0.0250,'2024-04-23 07:44:32','2024-04-25 10:38:56'),(137,62,71,0.0125,'2024-04-23 07:44:32','2024-04-25 10:38:56'),(138,62,18,0.0125,'2024-04-23 07:44:32','2024-04-25 10:38:56'),(139,63,44,0.0250,'2024-04-25 07:30:49','2024-04-25 10:38:56'),(140,63,82,0.0250,'2024-04-25 07:30:49','2024-04-25 10:38:56'),(141,63,90,0.0050,'2024-04-25 07:30:49','2024-04-25 10:38:56'),(142,64,62,0.0500,'2024-04-25 07:30:49','2024-04-25 10:38:56'),(143,65,65,0.0500,'2024-04-25 07:30:49','2024-04-25 10:38:56'),(144,66,88,0.0250,'2024-04-25 07:30:49','2024-04-25 10:38:56'),(145,66,83,0.0125,'2024-04-25 07:30:49','2024-04-25 10:38:56'),(146,66,11,0.0125,'2024-04-25 07:30:49','2024-04-25 10:38:56'),(147,67,78,0.0166,'2024-04-25 07:30:49','2024-04-25 10:38:56'),(148,67,90,0.0332,'2024-04-25 07:30:49','2024-04-25 10:38:56'),(149,67,44,0.0050,'2024-04-25 07:30:49','2024-04-25 10:38:56'),(150,68,73,0.0250,'2024-04-25 07:30:49','2024-04-25 10:38:56'),(151,68,42,0.0250,'2024-04-25 07:30:49','2024-04-25 10:38:56'),(152,69,44,0.0166,'2024-04-25 07:30:49','2024-04-25 10:38:56'),(153,69,88,0.0166,'2024-04-25 07:30:49','2024-04-25 10:38:56'),(154,69,58,0.0166,'2024-04-25 07:30:49','2024-04-25 10:38:56'),(155,70,44,0.0250,'2024-04-25 07:30:49','2024-04-25 10:38:56'),(156,70,62,0.0250,'2024-04-25 07:30:49','2024-04-25 10:38:56'),(157,71,90,0.0375,'2024-04-25 07:30:49','2024-04-25 10:38:56'),(158,71,62,0.0125,'2024-04-25 07:30:49','2024-04-25 10:38:56'),(159,72,57,0.0050,'2024-04-25 07:44:01','2024-04-25 10:38:56'),(160,72,15,0.0050,'2024-04-25 07:44:01','2024-04-25 10:38:56'),(161,72,60,0.0050,'2024-04-25 07:44:01','2024-04-25 10:38:56'),(162,72,102,0.0050,'2024-04-25 07:44:01','2024-04-25 10:38:56'),(163,72,20,0.0050,'2024-04-25 07:44:01','2024-04-25 10:38:56'),(164,72,35,0.0050,'2024-04-25 07:44:01','2024-04-25 10:38:56'),(165,72,90,0.0050,'2024-04-25 07:44:01','2024-04-25 10:38:56'),(166,73,90,0.0166,'2024-04-25 07:44:01','2024-04-25 10:38:56'),(167,73,94,0.0166,'2024-04-25 07:44:01','2024-04-25 10:38:56'),(168,73,58,0.0166,'2024-04-25 07:44:01','2024-04-25 10:38:56'),(169,74,69,0.0500,'2024-04-25 07:44:01','2024-04-25 10:38:56'),(170,75,23,0.0250,'2024-04-25 07:44:01','2024-04-25 10:38:56'),(171,75,74,0.0250,'2024-04-25 07:44:01','2024-04-25 10:38:56'),(172,76,73,0.0500,'2024-04-25 07:44:01','2024-04-25 10:38:56'),(173,77,74,0.0500,'2024-04-25 07:44:01','2024-04-25 10:38:56'),(174,78,75,0.0500,'2024-04-25 07:44:01','2024-04-25 10:38:56'),(175,79,90,0.0250,'2024-04-25 07:44:01','2024-04-25 10:38:56'),(176,79,57,0.0250,'2024-04-25 07:44:01','2024-04-25 10:38:56'),(177,80,81,0.0250,'2024-04-25 07:44:01','2024-04-25 10:38:56'),(178,80,71,0.0250,'2024-04-25 07:44:01','2024-04-25 10:38:56'),(179,81,44,0.0250,'2024-04-25 07:44:01','2024-04-25 10:38:56'),(180,81,71,0.0250,'2024-04-25 07:44:01','2024-04-25 10:38:56'),(181,82,82,0.0500,'2024-04-25 07:44:02','2024-04-25 10:38:56'),(182,83,83,0.0500,'2024-04-25 07:44:02','2024-04-25 10:38:56'),(183,84,88,0.0250,'2024-04-25 07:51:06','2024-04-25 10:38:56'),(184,84,74,0.0125,'2024-04-25 07:51:06','2024-04-25 10:38:56'),(185,84,53,0.0125,'2024-04-25 07:51:06','2024-04-25 10:38:56'),(186,85,44,0.0125,'2024-04-25 07:51:06','2024-04-25 10:38:56'),(187,85,17,0.0125,'2024-04-25 07:51:06','2024-04-25 10:38:56'),(188,85,74,0.0125,'2024-04-25 07:51:06','2024-04-25 10:38:56'),(189,85,75,0.0125,'2024-04-25 07:51:06','2024-04-25 10:38:56'),(190,86,43,0.0250,'2024-04-25 07:51:06','2024-04-25 10:38:56'),(191,86,74,0.0125,'2024-04-25 07:51:06','2024-04-25 10:38:56'),(192,86,53,0.0125,'2024-04-25 07:51:06','2024-04-25 10:38:56'),(193,87,13,0.0250,'2024-04-25 07:51:06','2024-04-25 10:38:56'),(194,87,92,0.0250,'2024-04-25 07:51:06','2024-04-25 10:38:56'),(195,88,23,0.0250,'2024-04-25 07:51:06','2024-04-25 10:38:56'),(196,88,55,0.0125,'2024-04-25 07:51:06','2024-04-25 10:38:56'),(197,88,12,0.0125,'2024-04-25 07:51:06','2024-04-25 10:38:56'),(198,89,44,0.0125,'2024-04-25 07:51:06','2024-04-25 10:38:56'),(199,89,55,0.0125,'2024-04-25 07:51:06','2024-04-25 10:38:56'),(200,89,89,0.0125,'2024-04-25 07:51:06','2024-04-25 10:38:56'),(201,89,13,0.0125,'2024-04-25 07:51:06','2024-04-25 10:38:56'),(202,90,87,0.0500,'2024-04-25 10:27:40','2024-04-25 10:38:56'),(203,91,88,0.0500,'2024-04-25 10:27:40','2024-04-25 10:38:56'),(204,92,90,0.0500,'2024-04-25 10:27:40','2024-04-25 10:38:56'),(205,93,79,0.0500,'2024-04-25 10:27:40','2024-04-25 10:38:56'),(206,94,44,0.0250,'2024-04-25 10:27:40','2024-04-25 10:38:56'),(207,94,55,0.0250,'2024-04-25 10:27:40','2024-04-25 10:38:56'),(208,95,90,0.0250,'2024-04-25 10:27:40','2024-04-25 10:38:56'),(209,95,83,0.0250,'2024-04-25 10:27:40','2024-04-25 10:38:56'),(210,96,93,0.0250,'2024-04-25 10:27:40','2024-04-25 10:38:56'),(211,96,41,0.0250,'2024-04-25 10:27:40','2024-04-25 10:38:56'),(212,96,71,0.0050,'2024-04-25 10:27:40','2024-04-25 10:38:56'),(213,97,90,0.0166,'2024-04-25 10:27:40','2024-04-25 10:38:56'),(214,97,94,0.0166,'2024-04-25 10:27:40','2024-04-25 10:38:56'),(215,97,42,0.0166,'2024-04-25 10:27:40','2024-04-25 10:38:56'),(216,98,90,0.0250,'2024-04-25 10:27:40','2024-04-25 10:38:56'),(217,98,73,0.0250,'2024-04-25 10:27:40','2024-04-25 10:38:56'),(218,99,74,0.0250,'2024-04-25 10:27:40','2024-04-25 10:38:56'),(219,99,71,0.0125,'2024-04-25 10:27:40','2024-04-25 10:38:56'),(220,99,90,0.0125,'2024-04-25 10:27:40','2024-04-25 10:38:56'),(221,100,90,0.0375,'2024-04-25 10:27:40','2024-04-25 10:38:56'),(222,100,82,0.0125,'2024-04-25 10:27:40','2024-04-25 10:38:56'),(223,101,44,0.0250,'2024-04-25 10:27:40','2024-04-25 10:38:56'),(224,101,82,0.0125,'2024-04-25 10:27:40','2024-04-25 10:38:56'),(225,101,11,0.0125,'2024-04-25 10:27:40','2024-04-25 10:38:56'),(226,102,23,0.0250,'2024-04-25 10:27:40','2024-04-25 10:38:56'),(227,102,17,0.0250,'2024-04-25 10:27:40','2024-04-25 10:38:56'),(228,103,90,0.0375,'2024-04-25 10:27:40','2024-04-25 10:38:56'),(229,103,55,0.0125,'2024-04-25 10:27:40','2024-04-25 10:38:56'),(230,104,90,0.0166,'2024-04-25 10:27:40','2024-04-25 10:38:56'),(231,104,102,0.0166,'2024-04-25 10:27:40','2024-04-25 10:38:56'),(232,104,35,0.0166,'2024-04-25 10:27:40','2024-04-25 10:38:56'),(233,105,92,0.0500,'2024-04-25 10:27:40','2024-04-25 10:38:56'),(234,106,44,0.0250,'2024-04-25 10:27:40','2024-04-25 10:38:56'),(235,106,62,0.0125,'2024-04-25 10:27:40','2024-04-25 10:38:56'),(236,106,24,0.0125,'2024-04-25 10:27:40','2024-04-25 10:38:56'),(237,107,43,0.0250,'2024-04-25 10:38:56','2024-04-25 10:38:56'),(238,107,17,0.0250,'2024-04-25 10:38:56','2024-04-25 10:38:56'),(239,108,90,0.0332,'2024-04-25 10:38:56','2024-04-25 10:38:56'),(240,108,42,0.0166,'2024-04-25 10:38:56','2024-04-25 10:38:56'),(241,109,17,0.0250,'2024-04-25 10:38:56','2024-04-25 10:38:56'),(242,109,74,0.0125,'2024-04-25 10:38:56','2024-04-25 10:38:56'),(243,109,62,0.0125,'2024-04-25 10:38:56','2024-04-25 10:38:56'),(244,110,35,0.0166,'2024-04-25 10:38:56','2024-04-25 10:38:56'),(245,110,87,0.0166,'2024-04-25 10:38:56','2024-04-25 10:38:56'),(246,110,85,0.0050,'2024-04-25 10:38:56','2024-04-25 10:38:56'),(247,110,53,0.0166,'2024-04-25 10:38:56','2024-04-25 10:38:56'),(248,111,93,0.0250,'2024-04-25 10:38:56','2024-04-25 10:38:56'),(249,111,35,0.0250,'2024-04-25 10:38:56','2024-04-25 10:38:56'),(250,111,20,0.0050,'2024-04-25 10:38:56','2024-04-25 10:38:56'),(251,112,93,0.0375,'2024-04-25 10:38:56','2024-04-25 10:38:56'),(252,112,70,0.0125,'2024-04-25 10:38:56','2024-04-25 10:38:56'),(253,113,44,0.0166,'2024-04-25 10:38:56','2024-04-25 10:38:56'),(254,113,17,0.0166,'2024-04-25 10:38:56','2024-04-25 10:38:56'),(255,113,55,0.0166,'2024-04-25 10:38:56','2024-04-25 10:38:56'),(256,113,90,0.0100,'2024-04-25 10:38:56','2024-04-25 10:38:56'),(257,114,93,0.0500,'2024-04-25 10:38:56','2024-04-25 10:38:56'),(258,115,93,0.0166,'2024-04-25 10:38:56','2024-04-25 10:38:56'),(259,115,83,0.0166,'2024-04-25 10:38:56','2024-04-25 10:38:56'),(260,115,81,0.0166,'2024-04-25 10:38:56','2024-04-25 10:38:56'),(261,116,90,0.0375,'2024-04-25 10:38:56','2024-04-25 10:38:56'),(262,116,82,0.0125,'2024-04-25 10:38:56','2024-04-25 10:38:56'),(263,117,101,0.0500,'2024-04-25 10:38:56','2024-04-25 10:38:56'),(264,118,23,0.0250,'2024-04-25 10:38:56','2024-04-25 10:38:56'),(265,118,17,0.0125,'2024-04-25 10:38:56','2024-04-25 10:38:56'),(266,118,15,0.0125,'2024-04-25 10:38:56','2024-04-25 10:38:56'),(267,119,65,0.0250,'2024-04-25 10:38:56','2024-04-25 10:38:56'),(268,119,12,0.0125,'2024-04-25 10:38:56','2024-04-25 10:38:56'),(269,119,85,0.0125,'2024-04-25 10:38:56','2024-04-25 10:38:56'),(270,120,7,1.0000,'2024-04-25 10:53:03','2024-04-25 10:53:03'),(271,121,4,1.0000,'2024-04-25 10:53:03','2024-04-25 10:53:03'),(272,122,6,1.0000,'2024-04-25 10:53:03','2024-04-25 10:53:03'),(273,123,8,1.0000,'2024-04-25 10:53:03','2024-04-25 10:53:03'),(274,124,2,1.0000,'2024-04-25 10:53:03','2024-04-25 10:53:03'),(275,125,3,1.0000,'2024-04-25 10:53:03','2024-04-25 10:53:03'),(276,126,9,1.0000,'2024-04-25 10:53:03','2024-04-25 10:53:03'),(277,127,5,1.0000,'2024-04-25 10:53:03','2024-04-25 10:53:03'),(278,128,66,1.0000,'2024-04-25 10:54:39','2024-04-25 10:54:39'),(279,129,31,1.0000,'2024-04-25 10:54:39','2024-04-25 10:54:39'),(280,130,72,1.0000,'2024-04-25 10:54:39','2024-04-25 10:54:39'),(281,131,14,1.0000,'2024-04-25 10:54:39','2024-04-25 10:54:39'),(282,132,99,1.0000,'2024-04-25 10:56:01','2024-04-25 10:56:01'),(283,133,49,1.0000,'2024-04-25 10:56:01','2024-04-25 10:56:01'),(284,134,100,1.0000,'2024-04-25 10:56:01','2024-04-25 10:56:01'),(285,135,50,1.0000,'2024-04-25 10:56:01','2024-04-25 10:56:01'),(286,136,37,1.0000,'2024-04-25 11:31:46','2024-04-25 11:31:46'),(287,137,37,1.0000,'2024-04-25 11:31:46','2024-04-25 11:31:46'),(288,138,37,1.0000,'2024-04-25 11:31:46','2024-04-25 11:31:46'),(289,139,37,1.0000,'2024-04-25 11:31:46','2024-04-25 11:31:46'),(290,140,37,1.0000,'2024-04-25 11:31:46','2024-04-25 11:31:46'),(291,141,37,1.0000,'2024-04-25 11:31:46','2024-04-25 11:31:46'),(292,142,1,1.0000,'2024-04-26 10:02:04','2024-04-26 10:02:34'),(293,143,13,2.0000,'2024-04-26 10:02:04','2024-04-26 10:02:34'),(294,144,1,2.0000,'2024-04-26 10:02:34','2024-04-26 10:02:34'),(295,145,1,1.0000,'2024-04-26 10:03:11','2024-04-26 10:03:39'),(296,146,12,5.0000,'2024-04-26 10:03:39','2024-04-26 10:03:39'),(307,147,48,1.0000,'2024-04-26 10:20:25','2024-04-26 11:01:00'),(308,148,48,1.0000,'2024-04-26 10:20:25','2024-04-26 11:01:00'),(309,149,48,1.0000,'2024-04-26 10:20:25','2024-04-26 11:01:00'),(310,150,48,1.0000,'2024-04-26 10:20:25','2024-04-26 11:01:00'),(311,151,48,1.0000,'2024-04-26 10:20:25','2024-04-26 11:01:00'),(312,152,48,1.0000,'2024-04-26 10:20:25','2024-04-26 11:01:00'),(313,153,48,1.0000,'2024-04-26 10:20:25','2024-04-26 11:01:00'),(314,154,48,1.0000,'2024-04-26 10:20:25','2024-04-26 11:01:00'),(315,155,48,1.0000,'2024-04-26 10:20:25','2024-04-26 11:01:00'),(316,156,48,1.0000,'2024-04-26 10:20:25','2024-04-26 11:01:00'),(317,157,48,1.0000,'2024-04-26 10:20:25','2024-04-26 11:01:00'),(318,158,48,1.0000,'2024-04-26 10:20:25','2024-04-26 11:01:00'),(319,159,48,1.0000,'2024-04-26 10:20:25','2024-04-26 11:01:00'),(320,160,48,1.0000,'2024-04-26 10:20:25','2024-04-26 11:01:00'),(321,161,48,1.0000,'2024-04-26 10:20:25','2024-04-26 11:01:00'),(322,162,48,1.0000,'2024-04-26 10:20:25','2024-04-26 11:01:00'),(323,163,48,1.0000,'2024-04-26 10:20:25','2024-04-26 11:01:00'),(324,164,48,1.0000,'2024-04-26 10:20:25','2024-04-26 11:01:00'),(325,165,48,1.0000,'2024-04-26 10:20:25','2024-04-26 11:01:00'),(326,166,48,1.0000,'2024-04-26 10:20:25','2024-04-26 11:01:00'),(327,167,48,1.0000,'2024-04-26 10:20:25','2024-04-26 11:01:00'),(328,168,48,1.0000,'2024-04-26 10:20:25','2024-04-26 11:01:00'),(329,169,48,2.0000,'2024-04-26 10:20:25','2024-04-26 11:01:00'),(330,170,48,1.0000,'2024-04-26 10:20:25','2024-04-26 11:01:00'),(331,171,48,1.0000,'2024-04-26 10:20:25','2024-04-26 11:01:00'),(332,172,48,1.0000,'2024-04-26 10:20:25','2024-04-26 11:01:00'),(333,173,48,1.0000,'2024-04-26 10:20:25','2024-04-26 11:01:00'),(334,174,48,1.0000,'2024-04-26 10:20:25','2024-04-26 11:01:00'),(335,175,48,1.0000,'2024-04-26 10:20:25','2024-04-26 11:01:00'),(336,176,48,1.0000,'2024-04-26 10:20:25','2024-04-26 11:01:00'),(337,177,48,1.0000,'2024-04-26 10:20:25','2024-04-26 11:01:00'),(338,178,48,1.0000,'2024-04-26 10:20:25','2024-04-26 11:01:00'),(339,179,48,1.0000,'2024-04-26 10:20:25','2024-04-26 11:01:00'),(340,180,48,1.0000,'2024-04-26 10:20:25','2024-04-26 11:01:00'),(341,181,48,1.0000,'2024-04-26 10:20:25','2024-04-26 11:01:00'),(342,182,48,1.0000,'2024-04-26 10:20:25','2024-04-26 11:01:00'),(343,183,48,1.0000,'2024-04-26 10:20:25','2024-04-26 11:01:00'),(344,184,48,1.0000,'2024-04-26 10:20:25','2024-04-26 11:01:00'),(345,185,48,1.0000,'2024-04-26 10:20:25','2024-04-26 11:01:00'),(346,186,48,1.0000,'2024-04-26 10:20:25','2024-04-26 11:01:00'),(347,187,48,1.0000,'2024-04-26 10:20:25','2024-04-26 11:01:00'),(348,188,48,1.0000,'2024-04-26 10:20:25','2024-04-26 11:01:00'),(349,189,48,1.0000,'2024-04-26 10:20:25','2024-04-26 11:01:00'),(350,190,48,1.0000,'2024-04-26 10:20:25','2024-04-26 11:01:00'),(351,191,48,1.0000,'2024-04-26 10:20:25','2024-04-26 11:01:00'),(352,192,48,1.0000,'2024-04-26 10:23:29','2024-04-26 11:01:00'),(353,193,48,1.0000,'2024-04-26 10:23:29','2024-04-26 11:01:00'),(354,194,48,1.0000,'2024-04-26 10:23:29','2024-04-26 11:01:00'),(355,195,48,1.0000,'2024-04-26 10:23:29','2024-04-26 11:01:00'),(356,196,48,1.0000,'2024-04-26 10:23:29','2024-04-26 11:01:00'),(357,197,48,1.0000,'2024-04-26 10:23:29','2024-04-26 11:01:00'),(358,198,48,1.0000,'2024-04-26 10:23:29','2024-04-26 11:01:00'),(359,199,48,1.0000,'2024-04-26 10:23:29','2024-04-26 11:01:00'),(360,200,48,1.0000,'2024-04-26 10:23:29','2024-04-26 11:01:00'),(361,201,48,1.0000,'2024-04-26 10:23:29','2024-04-26 11:01:00'),(362,202,48,1.0000,'2024-04-26 10:23:29','2024-04-26 11:01:00'),(363,203,48,1.0000,'2024-04-26 10:23:29','2024-04-26 11:01:00'),(364,204,48,1.0000,'2024-04-26 10:23:29','2024-04-26 11:01:00'),(365,205,48,1.0000,'2024-04-26 10:23:29','2024-04-26 11:01:00'),(366,206,48,1.0000,'2024-04-26 10:25:38','2024-04-26 11:01:00'),(367,207,48,1.0000,'2024-04-26 10:25:38','2024-04-26 11:01:00'),(368,208,48,1.0000,'2024-04-26 10:25:38','2024-04-26 11:01:00'),(369,209,48,1.0000,'2024-04-26 10:25:38','2024-04-26 11:01:00'),(370,210,48,1.0000,'2024-04-26 10:25:38','2024-04-26 11:01:00'),(371,211,48,1.0000,'2024-04-26 10:25:38','2024-04-26 11:01:00'),(372,212,48,1.0000,'2024-04-26 10:25:38','2024-04-26 11:01:00'),(373,213,48,1.0000,'2024-04-26 10:25:38','2024-04-26 11:01:00'),(374,214,48,1.0000,'2024-04-26 10:25:38','2024-04-26 11:01:00'),(375,215,48,1.0000,'2024-04-26 10:25:38','2024-04-26 11:01:00'),(376,216,48,1.0000,'2024-04-26 10:25:38','2024-04-26 11:01:00'),(377,217,48,1.0000,'2024-04-26 10:25:38','2024-04-26 11:01:00'),(378,218,48,1.0000,'2024-04-26 10:25:38','2024-04-26 11:01:00'),(379,219,48,1.0000,'2024-04-26 10:25:38','2024-04-26 11:01:00'),(380,220,48,1.0000,'2024-04-26 10:25:38','2024-04-26 11:01:00'),(381,221,48,1.0000,'2024-04-26 10:25:38','2024-04-26 11:01:00'),(382,222,37,1.0000,'2024-04-26 10:36:08','2024-04-26 11:01:00'),(383,223,37,1.0000,'2024-04-26 10:36:08','2024-04-26 11:01:00'),(384,224,37,1.0000,'2024-04-26 10:36:08','2024-04-26 11:01:00'),(385,225,37,1.0000,'2024-04-26 10:36:08','2024-04-26 11:01:00'),(386,226,37,1.0000,'2024-04-26 10:36:08','2024-04-26 11:01:00'),(387,227,37,1.0000,'2024-04-26 10:36:08','2024-04-26 11:01:00'),(388,228,37,1.0000,'2024-04-26 10:36:08','2024-04-26 11:01:00'),(389,229,37,1.0000,'2024-04-26 10:36:08','2024-04-26 11:01:00'),(390,230,37,1.0000,'2024-04-26 10:36:08','2024-04-26 11:01:00'),(391,231,37,1.0000,'2024-04-26 10:36:08','2024-04-26 11:01:00'),(392,232,37,1.0000,'2024-04-26 10:36:08','2024-04-26 11:01:00'),(393,233,37,1.0000,'2024-04-26 10:36:08','2024-04-26 11:01:00'),(394,234,37,1.0000,'2024-04-26 10:36:08','2024-04-26 11:01:00'),(395,235,37,1.0000,'2024-04-26 10:36:08','2024-04-26 11:01:00'),(396,236,37,1.0000,'2024-04-26 10:36:08','2024-04-26 11:01:00'),(397,237,37,1.0000,'2024-04-26 10:36:08','2024-04-26 11:01:00'),(398,238,37,1.0000,'2024-04-26 10:36:08','2024-04-26 11:01:00'),(399,239,37,1.0000,'2024-04-26 10:36:08','2024-04-26 11:01:00'),(400,240,37,1.0000,'2024-04-26 10:36:08','2024-04-26 11:01:00'),(401,241,37,1.0000,'2024-04-26 10:36:08','2024-04-26 11:01:00'),(402,242,37,1.0000,'2024-04-26 10:36:08','2024-04-26 11:01:00'),(403,243,37,1.0000,'2024-04-26 10:36:08','2024-04-26 11:01:00'),(404,244,37,1.0000,'2024-04-26 10:36:08','2024-04-26 11:01:00'),(405,245,37,1.0000,'2024-04-26 10:36:08','2024-04-26 11:01:00'),(406,246,37,1.0000,'2024-04-26 10:36:08','2024-04-26 11:01:00'),(407,247,37,1.0000,'2024-04-26 10:36:08','2024-04-26 11:01:00'),(408,248,37,1.0000,'2024-04-26 10:36:08','2024-04-26 11:01:00'),(409,249,37,1.0000,'2024-04-26 10:36:08','2024-04-26 11:01:00'),(410,250,37,1.0000,'2024-04-26 10:36:08','2024-04-26 11:01:00'),(411,251,37,1.0000,'2024-04-26 10:36:08','2024-04-26 11:01:00'),(412,252,37,1.0000,'2024-04-26 10:36:08','2024-04-26 11:01:00'),(413,253,37,1.0000,'2024-04-26 10:36:08','2024-04-26 11:01:00'),(414,254,37,1.0000,'2024-04-26 10:36:08','2024-04-26 11:01:00'),(415,255,37,1.0000,'2024-04-26 10:36:08','2024-04-26 11:01:00'),(416,256,37,1.0000,'2024-04-26 10:36:08','2024-04-26 11:01:00'),(417,257,37,1.0000,'2024-04-26 10:36:08','2024-04-26 11:01:00'),(418,258,37,1.0000,'2024-04-26 10:36:08','2024-04-26 11:01:00'),(419,259,37,1.0000,'2024-04-26 10:36:08','2024-04-26 11:01:00'),(420,260,37,1.0000,'2024-04-26 10:36:08','2024-04-26 11:01:00'),(421,261,37,1.0000,'2024-04-26 10:36:08','2024-04-26 11:01:00'),(422,262,37,1.0000,'2024-04-26 10:36:08','2024-04-26 11:01:00'),(423,263,37,1.0000,'2024-04-26 10:36:08','2024-04-26 11:01:00'),(424,264,37,1.0000,'2024-04-26 10:36:08','2024-04-26 11:01:00'),(425,265,37,1.0000,'2024-04-26 10:48:09','2024-04-26 11:01:00'),(426,266,37,1.0000,'2024-04-26 10:48:09','2024-04-26 11:01:00'),(427,267,37,1.0000,'2024-04-26 10:48:09','2024-04-26 11:01:00'),(428,268,37,1.0000,'2024-04-26 10:48:09','2024-04-26 11:01:00'),(429,269,37,1.0000,'2024-04-26 10:48:09','2024-04-26 11:01:00'),(430,270,37,1.0000,'2024-04-26 10:48:09','2024-04-26 11:01:00'),(431,271,37,1.0000,'2024-04-26 10:48:09','2024-04-26 11:01:00'),(432,272,37,1.0000,'2024-04-26 10:48:09','2024-04-26 11:01:00'),(433,273,37,1.0000,'2024-04-26 10:48:09','2024-04-26 11:01:00'),(434,274,37,1.0000,'2024-04-26 10:48:09','2024-04-26 11:01:00'),(435,275,37,1.0000,'2024-04-26 10:48:09','2024-04-26 11:01:00'),(436,276,37,1.0000,'2024-04-26 10:48:09','2024-04-26 11:01:00'),(437,277,37,1.0000,'2024-04-26 10:48:09','2024-04-26 11:01:00'),(438,278,37,1.0000,'2024-04-26 10:48:09','2024-04-26 11:01:00'),(439,279,37,1.0000,'2024-04-26 10:48:09','2024-04-26 11:01:00'),(440,280,37,1.0000,'2024-04-26 10:48:09','2024-04-26 11:01:00'),(441,281,37,1.0000,'2024-04-26 10:48:09','2024-04-26 11:01:00'),(442,282,37,1.0000,'2024-04-26 10:48:09','2024-04-26 11:01:00'),(443,283,37,1.0000,'2024-04-26 10:48:09','2024-04-26 11:01:00'),(444,284,37,1.0000,'2024-04-26 10:48:09','2024-04-26 11:01:00'),(445,285,37,1.0000,'2024-04-26 10:48:09','2024-04-26 11:01:00'),(446,286,37,1.0000,'2024-04-26 10:48:09','2024-04-26 11:01:00'),(447,287,37,1.0000,'2024-04-26 10:48:09','2024-04-26 11:01:00'),(448,288,37,1.0000,'2024-04-26 10:48:09','2024-04-26 11:01:00'),(449,289,37,1.0000,'2024-04-26 10:48:09','2024-04-26 11:01:00'),(450,290,37,1.0000,'2024-04-26 10:48:09','2024-04-26 11:01:00'),(451,291,37,1.0000,'2024-04-26 10:48:09','2024-04-26 11:01:00'),(452,292,37,1.0000,'2024-04-26 10:48:09','2024-04-26 11:01:00'),(453,293,37,1.0000,'2024-04-26 10:48:09','2024-04-26 11:01:00'),(454,294,37,1.0000,'2024-04-26 10:48:09','2024-04-26 11:01:00'),(455,295,37,1.0000,'2024-04-26 10:48:09','2024-04-26 11:01:00'),(456,296,37,1.0000,'2024-04-26 10:48:09','2024-04-26 11:01:00'),(457,297,37,1.0000,'2024-04-26 10:48:09','2024-04-26 11:01:00'),(458,298,37,1.0000,'2024-04-26 10:48:09','2024-04-26 11:01:00'),(459,299,37,1.0000,'2024-04-26 10:48:09','2024-04-26 11:01:00'),(460,300,37,1.0000,'2024-04-26 10:48:09','2024-04-26 11:01:00'),(461,301,37,1.0000,'2024-04-26 10:48:09','2024-04-26 11:01:00'),(462,302,37,1.0000,'2024-04-26 10:48:09','2024-04-26 11:01:00'),(463,303,37,1.0000,'2024-04-26 10:48:09','2024-04-26 11:01:00'),(464,304,37,1.0000,'2024-04-26 10:48:09','2024-04-26 11:01:00'),(465,305,37,1.0000,'2024-04-26 10:48:09','2024-04-26 11:01:00'),(466,306,37,1.0000,'2024-04-26 10:48:09','2024-04-26 11:01:00'),(467,307,37,1.0000,'2024-04-26 10:48:09','2024-04-26 11:01:00'),(468,308,37,1.0000,'2024-04-26 10:48:09','2024-04-26 11:01:00'),(469,309,37,1.0000,'2024-04-26 10:48:09','2024-04-26 11:01:00'),(470,310,37,1.0000,'2024-04-26 10:48:09','2024-04-26 11:01:00'),(471,311,37,1.0000,'2024-04-26 10:48:09','2024-04-26 11:01:00'),(472,312,37,1.0000,'2024-04-26 10:48:09','2024-04-26 11:01:00'),(473,313,37,1.0000,'2024-04-26 10:48:09','2024-04-26 11:01:00'),(474,314,37,1.0000,'2024-04-26 10:48:09','2024-04-26 11:01:00'),(475,315,37,1.0000,'2024-04-26 10:48:09','2024-04-26 11:01:00'),(476,316,37,1.0000,'2024-04-26 10:48:09','2024-04-26 11:01:00'),(477,317,37,1.0000,'2024-04-26 10:48:09','2024-04-26 11:01:00'),(478,318,37,1.0000,'2024-04-26 10:48:09','2024-04-26 11:01:00'),(479,319,37,1.0000,'2024-04-26 10:48:09','2024-04-26 11:01:00'),(480,320,37,1.0000,'2024-04-26 10:48:09','2024-04-26 11:01:00'),(481,321,37,1.0000,'2024-04-26 10:48:09','2024-04-26 11:01:00'),(482,322,37,1.0000,'2024-04-26 10:48:09','2024-04-26 11:01:00'),(483,323,37,1.0000,'2024-04-26 10:48:09','2024-04-26 11:01:00'),(484,324,37,1.0000,'2024-04-26 10:48:09','2024-04-26 11:01:00'),(485,325,37,1.0000,'2024-04-26 10:48:09','2024-04-26 11:01:00'),(486,326,37,1.0000,'2024-04-26 10:48:09','2024-04-26 11:01:00'),(487,327,37,1.0000,'2024-04-26 10:48:09','2024-04-26 11:01:00'),(488,328,37,1.0000,'2024-04-26 10:48:09','2024-04-26 11:01:00'),(489,329,37,1.0000,'2024-04-26 10:48:09','2024-04-26 11:01:00'),(490,330,37,1.0000,'2024-04-26 10:48:09','2024-04-26 11:01:00'),(491,331,37,1.0000,'2024-04-26 10:48:09','2024-04-26 11:01:00'),(492,332,37,1.0000,'2024-04-26 10:48:09','2024-04-26 11:01:00'),(493,333,37,1.0000,'2024-04-26 10:48:09','2024-04-26 11:01:00'),(494,334,37,1.0000,'2024-04-26 10:48:09','2024-04-26 11:01:00'),(495,335,37,1.0000,'2024-04-26 10:48:09','2024-04-26 11:01:00'),(496,336,37,1.0000,'2024-04-26 10:48:09','2024-04-26 11:01:00'),(497,337,37,1.0000,'2024-04-26 10:48:09','2024-04-26 11:01:00'),(498,338,37,1.0000,'2024-04-26 10:48:09','2024-04-26 11:01:00'),(499,339,37,1.0000,'2024-04-26 10:48:09','2024-04-26 11:01:00'),(500,340,37,1.0000,'2024-04-26 10:48:09','2024-04-26 11:01:00'),(501,341,37,1.0000,'2024-04-26 10:48:09','2024-04-26 11:01:00'),(502,342,37,1.0000,'2024-04-26 10:48:09','2024-04-26 11:01:00'),(503,343,37,1.0000,'2024-04-26 10:48:09','2024-04-26 11:01:00'),(504,344,37,1.0000,'2024-04-26 11:01:00','2024-04-26 11:01:00'),(505,345,37,1.0000,'2024-04-26 11:01:00','2024-04-26 11:01:00'),(506,346,37,1.0000,'2024-04-26 11:01:00','2024-04-26 11:01:00'),(507,347,37,1.0000,'2024-04-26 11:01:00','2024-04-26 11:01:00'),(508,348,37,1.0000,'2024-04-26 11:01:00','2024-04-26 11:01:00'),(509,349,37,1.0000,'2024-04-26 11:01:00','2024-04-26 11:01:00'),(510,350,37,1.0000,'2024-04-26 11:01:00','2024-04-26 11:01:00'),(511,351,37,1.0000,'2024-04-26 11:01:00','2024-04-26 11:01:00'),(512,352,37,1.0000,'2024-04-26 11:01:00','2024-04-26 11:01:00'),(513,353,37,1.0000,'2024-04-26 11:01:00','2024-04-26 11:01:00'),(514,354,37,1.0000,'2024-04-26 11:01:00','2024-04-26 11:01:00'),(515,355,37,1.0000,'2024-04-26 11:01:00','2024-04-26 11:01:00'),(516,356,37,1.0000,'2024-04-26 11:01:00','2024-04-26 11:01:00'),(517,357,37,1.0000,'2024-04-26 11:01:00','2024-04-26 11:01:00'),(518,358,37,1.0000,'2024-04-26 11:01:00','2024-04-26 11:01:00'),(519,359,37,1.0000,'2024-04-26 11:01:00','2024-04-26 11:01:00'),(520,360,37,1.0000,'2024-04-26 11:01:00','2024-04-26 11:01:00'),(521,361,37,1.0000,'2024-04-26 11:01:00','2024-04-26 11:01:00'),(522,362,37,1.0000,'2024-04-26 11:01:00','2024-04-26 11:01:00'),(523,363,37,1.0000,'2024-04-26 11:01:00','2024-04-26 11:01:00'),(524,364,37,1.0000,'2024-04-26 11:01:00','2024-04-26 11:01:00'),(525,365,37,1.0000,'2024-04-26 11:01:00','2024-04-26 11:01:00'),(526,366,37,1.0000,'2024-04-26 11:01:00','2024-04-26 11:01:00'),(527,367,37,1.0000,'2024-04-26 11:01:00','2024-04-26 11:01:00'),(528,368,37,1.0000,'2024-04-26 11:01:00','2024-04-26 11:01:00'),(529,369,37,1.0000,'2024-04-26 11:01:00','2024-04-26 11:01:00'),(530,370,37,1.0000,'2024-04-26 11:01:00','2024-04-26 11:01:00'),(531,371,37,1.0000,'2024-04-26 11:01:00','2024-04-26 11:01:00'),(532,372,37,1.0000,'2024-04-26 11:01:00','2024-04-26 11:01:00'),(533,373,37,1.0000,'2024-04-26 11:01:00','2024-04-26 11:01:00'),(534,374,37,1.0000,'2024-04-26 11:01:00','2024-04-26 11:01:00'),(535,375,37,1.0000,'2024-04-26 11:01:00','2024-04-26 11:01:00'),(536,376,37,1.0000,'2024-04-26 11:01:00','2024-04-26 11:01:00'),(537,377,37,1.0000,'2024-04-26 11:01:00','2024-04-26 11:01:00'),(538,378,37,1.0000,'2024-04-26 11:01:00','2024-04-26 11:01:00'),(539,379,37,1.0000,'2024-04-26 11:01:00','2024-04-26 11:01:00'),(540,380,37,1.0000,'2024-04-26 11:01:00','2024-04-26 11:01:00'),(541,381,37,1.0000,'2024-04-26 11:01:00','2024-04-26 11:01:00'),(542,382,37,1.0000,'2024-04-26 11:01:00','2024-04-26 11:01:00'),(543,383,37,1.0000,'2024-04-26 11:01:00','2024-04-26 11:01:00'),(544,384,37,1.0000,'2024-04-26 11:01:00','2024-04-26 11:01:00'),(545,385,37,1.0000,'2024-04-26 11:01:00','2024-04-26 11:01:00'),(546,386,37,1.0000,'2024-04-26 11:01:00','2024-04-26 11:01:00'),(547,387,37,1.0000,'2024-04-26 11:01:00','2024-04-26 11:01:00'),(548,388,37,1.0000,'2024-04-26 11:01:00','2024-04-26 11:01:00'),(549,389,37,1.0000,'2024-04-26 11:01:01','2024-04-26 11:01:01'),(550,390,37,1.0000,'2024-04-26 11:01:01','2024-04-26 11:01:01'),(551,391,37,1.0000,'2024-04-26 11:01:01','2024-04-26 11:01:01'),(552,392,37,1.0000,'2024-04-26 11:01:01','2024-04-26 11:01:01'),(553,393,37,1.0000,'2024-04-26 11:01:01','2024-04-26 11:01:01'),(554,394,37,1.0000,'2024-04-26 11:01:01','2024-04-26 11:01:01'),(555,395,37,1.0000,'2024-04-26 11:01:01','2024-04-26 11:01:01'),(556,396,37,1.0000,'2024-04-26 11:01:01','2024-04-26 11:01:01'),(557,397,37,1.0000,'2024-04-26 11:01:01','2024-04-26 11:01:01'),(558,398,37,1.0000,'2024-04-26 11:01:01','2024-04-26 11:01:01'),(559,399,37,1.0000,'2024-04-26 11:01:01','2024-04-26 11:01:01'),(560,400,37,1.0000,'2024-04-26 11:01:01','2024-04-26 11:01:01'),(561,401,37,1.0000,'2024-04-26 11:01:01','2024-04-26 11:01:01'),(562,402,37,1.0000,'2024-04-26 11:01:01','2024-04-26 11:01:01'),(563,403,37,1.0000,'2024-04-26 11:01:01','2024-04-26 11:01:01'),(564,404,37,1.0000,'2024-04-26 11:01:01','2024-04-26 11:01:01'),(565,405,37,1.0000,'2024-04-26 11:01:01','2024-04-26 11:01:01'),(566,406,37,1.0000,'2024-04-26 11:01:01','2024-04-26 11:01:01'),(567,407,37,1.0000,'2024-04-26 11:01:01','2024-04-26 11:01:01'),(568,408,37,1.0000,'2024-04-26 11:01:01','2024-04-26 11:01:01'),(569,409,37,1.0000,'2024-04-26 11:01:01','2024-04-26 11:01:01'),(570,410,37,1.0000,'2024-04-26 11:01:01','2024-04-26 11:01:01'),(571,411,37,1.0000,'2024-04-26 11:01:01','2024-04-26 11:01:01'),(572,412,37,1.0000,'2024-04-26 11:01:01','2024-04-26 11:01:01'),(573,413,37,1.0000,'2024-04-26 11:01:01','2024-04-26 11:01:01'),(574,414,37,1.0000,'2024-04-26 11:01:01','2024-04-26 11:01:01'),(575,415,37,1.0000,'2024-04-26 11:01:01','2024-04-26 11:01:01'),(576,416,37,1.0000,'2024-04-26 11:01:01','2024-04-26 11:01:01'),(577,417,37,1.0000,'2024-04-26 11:01:01','2024-04-26 11:01:01'),(578,418,37,1.0000,'2024-04-26 11:01:01','2024-04-26 11:01:01'),(579,419,37,1.0000,'2024-04-26 11:01:01','2024-04-26 11:01:01');

--
-- Table structure for table `components`
--

CREATE TABLE `components` (
  `id` bigint unsigned NOT NULL AUTO_INCREMENT,
  `shop_name` varchar(255) COLLATE utf8mb4_unicode_ci NOT NULL,
  `component_name` mediumtext COLLATE utf8mb4_unicode_ci,
  `component_sku` varchar(255) COLLATE utf8mb4_unicode_ci DEFAULT NULL,
  `component_stock_value` decimal(10,4) NOT NULL DEFAULT '0.0000',
  `created_at` timestamp NULL DEFAULT NULL,
  `updated_at` timestamp NULL DEFAULT NULL,
  `three_month_stock` double(8,2) DEFAULT NULL,
  PRIMARY KEY (`id`),
  UNIQUE KEY `components_component_sku_unique` (`component_sku`)
) ENGINE=InnoDB AUTO_INCREMENT=126 DEFAULT CHARSET=utf8mb4 COLLATE=utf8mb4_unicode_ci;

--
-- Dumping data for table `components`
--

INSERT INTO `components` VALUES (1,'confettibee-co-uk.myshopify.com','1 Litre Confetti Bag','COMP-1001',2000.0000,'2024-04-18 12:23:05','2024-04-18 12:23:05',500.00),(2,'confettibee-co-uk.myshopify.com','1 x Blue Stickers 37mm','COMP-1002',2000.0000,'2024-04-18 12:23:05','2024-04-18 12:23:05',500.00),(3,'confettibee-co-uk.myshopify.com','1 x Cream Stickers 37mm','COMP-1003',2000.0000,'2024-04-18 12:23:05','2024-04-18 12:23:05',500.00),(4,'confettibee-co-uk.myshopify.com','1 x Gloss White Stickers 37mm','COMP-1004',2000.0000,'2024-04-18 12:23:05','2024-04-18 12:23:05',500.00),(5,'confettibee-co-uk.myshopify.com','1 x Gold Stickers 37mm','COMP-1005',2000.0000,'2024-04-18 12:23:05','2024-04-18 12:23:05',500.00),(6,'confettibee-co-uk.myshopify.com','1 x Kraft Brown Stickers 37mm','COMP-1006',2000.0000,'2024-04-18 12:23:05','2024-04-18 12:23:05',500.00),(7,'confettibee-co-uk.myshopify.com','1 x Matt White Stickers 37mm','COMP-1007',2000.0000,'2024-04-18 12:23:05','2024-04-18 12:23:05',500.00),(8,'confettibee-co-uk.myshopify.com','1 x Pink Stickers 37mm','COMP-1008',2000.0000,'2024-04-18 12:23:05','2024-04-18 12:23:05',500.00),(9,'confettibee-co-uk.myshopify.com','1 x Silver Stickers 37mm','COMP-1009',2000.0000,'2024-04-18 12:23:05','2024-04-18 12:23:05',500.00),(10,'confettibee-co-uk.myshopify.com','20g Confetti Bag','COMP-1010',2000.0000,'2024-04-18 12:23:05','2024-04-18 12:23:05',500.00),(11,'confettibee-co-uk.myshopify.com','Berries & Cherries Petals','COMP-1011',2000.0000,'2024-04-18 12:23:05','2024-04-18 12:23:05',500.00),(12,'confettibee-co-uk.myshopify.com','Black Cornflower Petals','COMP-1012',2000.0000,'2024-04-18 12:23:05','2024-04-18 12:23:05',500.00),(13,'confettibee-co-uk.myshopify.com','Blue Cornflower Petals','COMP-1013',2000.0000,'2024-04-18 12:23:05','2024-04-18 12:23:05',500.00),(14,'confettibee-co-uk.myshopify.com','Blue Hessian Confetti Bags','COMP-1014',2000.0000,'2024-04-18 12:23:05','2024-04-18 12:23:05',500.00),(15,'confettibee-co-uk.myshopify.com','Blue Hydrangea Petals','COMP-1015',2000.0000,'2024-04-18 12:23:05','2024-04-18 12:23:05',500.00),(16,'confettibee-co-uk.myshopify.com','Blue Stickers 37mm','COMP-1016',2000.0000,'2024-04-18 12:23:05','2024-04-18 12:23:05',500.00),(17,'confettibee-co-uk.myshopify.com','Blush Rose Petals','COMP-1017',2000.0000,'2024-04-18 12:23:05','2024-04-18 12:23:05',500.00),(18,'confettibee-co-uk.myshopify.com','Burgundy Cornflower Petals','COMP-1018',2000.0000,'2024-04-18 12:23:05','2024-04-18 12:23:05',500.00),(19,'confettibee-co-uk.myshopify.com','Burgundy Hydrangea Petals','COMP-1019',2000.0000,'2024-04-18 12:23:05','2024-04-18 12:23:05',500.00),(20,'confettibee-co-uk.myshopify.com','Burnt Orange Hydrangea Petals','COMP-1020',2000.0000,'2024-04-18 12:23:05','2024-04-18 12:23:05',500.00),(21,'confettibee-co-uk.myshopify.com','Butterfly Pea Flowers','COMP-1021',2000.0000,'2024-04-18 12:23:05','2024-04-18 12:23:05',500.00),(22,'confettibee-co-uk.myshopify.com','Carnival Rose Petals','COMP-1022',2000.0000,'2024-04-18 12:23:05','2024-04-18 12:23:05',500.00),(23,'confettibee-co-uk.myshopify.com','Champagne Rose Petals','COMP-1023',2000.0000,'2024-04-18 12:23:05','2024-04-18 12:23:05',500.00),(24,'confettibee-co-uk.myshopify.com','Chrysanthemum Petal Confetti','COMP-1024',2000.0000,'2024-04-18 12:23:05','2024-04-18 12:23:05',500.00),(25,'confettibee-co-uk.myshopify.com','Clear Confetti Packets','COMP-1025',2000.0000,'2024-04-18 12:23:05','2024-04-18 12:23:05',500.00),(26,'confettibee-co-uk.myshopify.com','Confetti Cones & Holder - Green Floral Design','COMP-1026',2000.0000,'2024-04-18 12:23:05','2024-04-18 12:23:05',500.00),(27,'confettibee-co-uk.myshopify.com','Confetti Cones & Holder - Kraft Brown','COMP-1027',2000.0000,'2024-04-18 12:23:05','2024-04-18 12:23:05',500.00),(28,'confettibee-co-uk.myshopify.com','Confetti Cones & Holder - Pink Floral Design','COMP-1028',2000.0000,'2024-04-18 12:23:05','2024-04-18 12:23:05',500.00),(29,'confettibee-co-uk.myshopify.com','Confetti Poppers','COMP-1029',2000.0000,'2024-04-18 12:23:05','2024-04-18 12:23:05',500.00),(30,'confettibee-co-uk.myshopify.com','Cream Heart Hessian Confetti Bag','COMP-1030',2000.0000,'2024-04-18 12:23:05','2024-04-18 12:23:05',500.00),(31,'confettibee-co-uk.myshopify.com','Cream Hessian Confetti Bags','COMP-1031',2000.0000,'2024-04-18 12:23:05','2024-04-18 12:23:05',500.00),(32,'confettibee-co-uk.myshopify.com','Cream Rose Petals','COMP-1032',2000.0000,'2024-04-18 12:23:05','2024-04-18 12:23:05',500.00),(33,'confettibee-co-uk.myshopify.com','Cream Stickers 37mm','COMP-1033',2000.0000,'2024-04-18 12:23:05','2024-04-18 12:23:05',500.00),(34,'confettibee-co-uk.myshopify.com','Dark Blue Hydrangea Petals','COMP-1034',2000.0000,'2024-04-18 12:23:05','2024-04-18 12:23:05',500.00),(35,'confettibee-co-uk.myshopify.com','Dark Pink Hydrangea Petals','COMP-1035',2000.0000,'2024-04-18 12:23:05','2024-04-18 12:23:05',500.00),(36,'confettibee-co-uk.myshopify.com','Fiesta Rose Petals','COMP-1036',2000.0000,'2024-04-18 12:23:05','2024-04-18 12:23:05',500.00),(37,'confettibee-co-uk.myshopify.com','Glassine Confetti Packets','COMP-1037',2000.0000,'2024-04-18 12:23:05','2024-04-18 12:23:05',500.00),(38,'confettibee-co-uk.myshopify.com','Gloss White Stickers 37mm','COMP-1038',2000.0000,'2024-04-18 12:23:05','2024-04-18 12:23:05',500.00),(39,'confettibee-co-uk.myshopify.com','Gold Stickers 37mm','COMP-1039',2000.0000,'2024-04-18 12:23:05','2024-04-18 12:23:05',500.00),(40,'confettibee-co-uk.myshopify.com','Green Hydrangea Petals','COMP-1040',2000.0000,'2024-04-18 12:23:05','2024-04-18 12:23:05',500.00),(41,'confettibee-co-uk.myshopify.com','Grey Delphinium Petals','COMP-1041',2000.0000,'2024-04-18 12:23:05','2024-04-18 12:23:05',500.00),(42,'confettibee-co-uk.myshopify.com','Grey Hydrangea Petals','COMP-1042',2000.0000,'2024-04-18 12:23:05','2024-04-18 12:23:05',500.00),(43,'confettibee-co-uk.myshopify.com','Jasmine Buds','COMP-1043',2000.0000,'2024-04-18 12:23:05','2024-04-18 12:23:05',500.00),(44,'confettibee-co-uk.myshopify.com','Jasmine Petals','COMP-1044',2000.0000,'2024-04-18 12:23:05','2024-04-18 12:23:05',500.00),(45,'confettibee-co-uk.myshopify.com','Kraft Brown & White Heart Confetti Box','COMP-1045',2000.0000,'2024-04-18 12:23:05','2024-04-18 12:23:05',500.00),(46,'confettibee-co-uk.myshopify.com','Kraft Brown Confetti Bag With Window','COMP-1046',2000.0000,'2024-04-18 12:23:05','2024-04-18 12:23:05',500.00),(47,'confettibee-co-uk.myshopify.com','Kraft Brown Confetti Box','COMP-1047',2000.0000,'2024-04-18 12:23:05','2024-04-18 12:23:05',500.00),(48,'confettibee-co-uk.myshopify.com','Kraft Brown Confetti Packets','COMP-1048',2000.0000,'2024-04-18 12:23:05','2024-04-18 12:23:05',500.00),(49,'confettibee-co-uk.myshopify.com','Kraft Brown Pillow Confetti Box','COMP-1049',2000.0000,'2024-04-18 12:23:05','2024-04-18 12:23:05',500.00),(50,'confettibee-co-uk.myshopify.com','Kraft Brown Pillow Confetti Box With Window','COMP-1050',2000.0000,'2024-04-18 12:23:05','2024-04-18 12:23:05',500.00),(51,'confettibee-co-uk.myshopify.com','Kraft Brown Stickers 37mm','COMP-1051',2000.0000,'2024-04-18 12:23:05','2024-04-18 12:23:05',500.00),(52,'confettibee-co-uk.myshopify.com','Large Eucalyptus Petals','COMP-1052',2000.0000,'2024-04-18 12:23:05','2024-04-18 12:23:05',500.00),(53,'confettibee-co-uk.myshopify.com','Large Rose Petals','COMP-1053',2000.0000,'2024-04-18 12:23:05','2024-04-18 12:23:05',500.00),(54,'confettibee-co-uk.myshopify.com','Lavender Buds','COMP-1054',2000.0000,'2024-04-18 12:23:05','2024-04-18 12:23:05',500.00),(55,'confettibee-co-uk.myshopify.com','Light Blue Delphinium Petals','COMP-1055',2000.0000,'2024-04-18 12:23:05','2024-04-18 12:23:05',500.00),(56,'confettibee-co-uk.myshopify.com','Light Orange Hydrangea Petals','COMP-1056',2000.0000,'2024-04-18 12:23:05','2024-04-18 12:23:05',500.00),(57,'confettibee-co-uk.myshopify.com','Light Purple Hydrangea Petals','COMP-1057',2000.0000,'2024-04-18 12:23:05','2024-04-18 12:23:05',500.00),(58,'confettibee-co-uk.myshopify.com','Lilac Cornflower Petal','COMP-1058',2000.0000,'2024-04-18 12:23:05','2024-04-18 12:23:05',500.00),(59,'confettibee-co-uk.myshopify.com','Lily Petals','COMP-1059',2000.0000,'2024-04-18 12:23:05','2024-04-18 12:23:05',500.00),(60,'confettibee-co-uk.myshopify.com','Lime Green Hydrangea Petals','COMP-1060',2000.0000,'2024-04-18 12:23:05','2024-04-18 12:23:05',500.00),(61,'confettibee-co-uk.myshopify.com','Magenta Hydrangea Petals','COMP-1061',2000.0000,'2024-04-18 12:23:05','2024-04-18 12:23:05',500.00),(62,'confettibee-co-uk.myshopify.com','Marigold Petal','COMP-1062',2000.0000,'2024-04-18 12:23:05','2024-04-18 12:23:05',500.00),(63,'confettibee-co-uk.myshopify.com','Matt White Stickers 37mm','COMP-1063',2000.0000,'2024-04-18 12:23:05','2024-04-18 12:23:05',500.00),(64,'confettibee-co-uk.myshopify.com','Medium Eucalyptus Petals','COMP-1064',2000.0000,'2024-04-18 12:23:05','2024-04-18 12:23:05',500.00),(65,'confettibee-co-uk.myshopify.com','Merlot Rose Petals','COMP-1065',2000.0000,'2024-04-18 12:23:05','2024-04-18 12:23:05',500.00),(66,'confettibee-co-uk.myshopify.com','Natural Hessian Confetti Bags','COMP-1066',2000.0000,'2024-04-18 12:23:05','2024-04-18 12:23:05',500.00),(67,'confettibee-co-uk.myshopify.com','Orange Hydrangea Petals','COMP-1067',2000.0000,'2024-04-18 12:23:05','2024-04-18 12:23:05',500.00),(68,'confettibee-co-uk.myshopify.com','Organza Tassel Confetti Bags','COMP-1068',2000.0000,'2024-04-18 12:23:05','2024-04-18 12:23:05',500.00),(69,'confettibee-co-uk.myshopify.com','Pink Blossom Petals','COMP-1069',2000.0000,'2024-04-18 12:23:05','2024-04-18 12:23:05',500.00),(70,'confettibee-co-uk.myshopify.com','Pink Cornflower Petals','COMP-1070',2000.0000,'2024-04-18 12:23:05','2024-04-18 12:23:05',500.00),(71,'confettibee-co-uk.myshopify.com','Pink Delphinium Petals','COMP-1071',2000.0000,'2024-04-18 12:23:05','2024-04-18 12:23:05',500.00),(72,'confettibee-co-uk.myshopify.com','Pink Hessian Confetti Bags','COMP-1072',2000.0000,'2024-04-18 12:23:05','2024-04-18 12:23:05',500.00),(73,'confettibee-co-uk.myshopify.com','Pink Hydrangea Petals','COMP-1073',2000.0000,'2024-04-18 12:23:05','2024-04-18 12:23:05',500.00),(74,'confettibee-co-uk.myshopify.com','Pink Peony Petals','COMP-1074',2000.0000,'2024-04-18 12:23:05','2024-04-18 12:23:05',500.00),(75,'confettibee-co-uk.myshopify.com','Pink Rose Buds','COMP-1075',2000.0000,'2024-04-18 12:23:05','2024-04-18 12:23:05',500.00),(76,'confettibee-co-uk.myshopify.com','Pink Stickers 37mm','COMP-1076',2000.0000,'2024-04-18 12:23:05','2024-04-18 12:23:05',500.00),(77,'confettibee-co-uk.myshopify.com','Posh Blue Hydrangea Petals','COMP-1077',2000.0000,'2024-04-18 12:23:05','2024-04-18 12:23:05',500.00),(78,'confettibee-co-uk.myshopify.com','Posh Green Hydrangea Petals','COMP-1078',2000.0000,'2024-04-18 12:23:05','2024-04-18 12:23:05',500.00),(79,'confettibee-co-uk.myshopify.com','Posh Soft Violet Hydrangea Petals','COMP-1079',2000.0000,'2024-04-18 12:23:05','2024-04-18 12:23:05',500.00),(80,'confettibee-co-uk.myshopify.com','Posh White Hydrangea Petals','COMP-1080',2000.0000,'2024-04-18 12:23:05','2024-04-18 12:23:05',500.00),(81,'confettibee-co-uk.myshopify.com','Powder Puff Petals','COMP-1081',2000.0000,'2024-04-18 12:23:05','2024-04-18 12:23:05',500.00),(82,'confettibee-co-uk.myshopify.com','Purple Blossom Petals','COMP-1082',2000.0000,'2024-04-18 12:23:05','2024-04-18 12:23:05',500.00),(83,'confettibee-co-uk.myshopify.com','Purple Delphinium Petals','COMP-1083',2000.0000,'2024-04-18 12:23:05','2024-04-18 12:23:05',500.00),(84,'confettibee-co-uk.myshopify.com','Silver Stickers 37mm','COMP-1084',2000.0000,'2024-04-18 12:23:05','2024-04-18 12:23:05',500.00),(85,'confettibee-co-uk.myshopify.com','Small Eucalyptus Petals','COMP-1085',2000.0000,'2024-04-18 12:23:05','2024-04-18 12:23:05',500.00),(86,'confettibee-co-uk.myshopify.com','Small Forget Me nots','COMP-1086',2000.0000,'2024-04-18 12:23:05','2024-04-18 12:23:05',500.00),(87,'confettibee-co-uk.myshopify.com','Small Lily Petals','COMP-1087',2000.0000,'2024-04-18 12:23:05','2024-04-18 12:23:05',500.00),(88,'confettibee-co-uk.myshopify.com','Small Rose Petals','COMP-1088',2000.0000,'2024-04-18 12:23:05','2024-04-18 12:23:05',500.00),(89,'confettibee-co-uk.myshopify.com','Small White Hydrangea Petals','COMP-1089',2000.0000,'2024-04-18 12:23:05','2024-04-18 12:23:05',500.00),(90,'confettibee-co-uk.myshopify.com','Snow White Hydrangea Petals','COMP-1090',2000.0000,'2024-04-18 12:23:05','2024-04-18 12:23:05',500.00),(91,'confettibee-co-uk.myshopify.com','Soft Pink Rose Petals','COMP-1091',2000.0000,'2024-04-18 12:23:05','2024-04-18 12:23:05',500.00),(92,'confettibee-co-uk.myshopify.com','Sunkissed Rose Petals','COMP-1092',2000.0000,'2024-04-18 12:23:05','2024-04-18 12:23:05',500.00),(93,'confettibee-co-uk.myshopify.com','Vintage Ivory Hydrangea Petals','COMP-1093',2000.0000,'2024-04-18 12:23:05','2024-04-18 12:23:05',500.00),(94,'confettibee-co-uk.myshopify.com','Violet Hydrangea Petals','COMP-1094',2000.0000,'2024-04-18 12:23:05','2024-04-18 12:23:05',500.00),(95,'confettibee-co-uk.myshopify.com','White & Kraft Brown Heart Confetti Box','COMP-1095',2000.0000,'2024-04-18 12:23:05','2024-04-18 12:23:05',500.00),(96,'confettibee-co-uk.myshopify.com','White Confetti Box','COMP-1096',2000.0000,'2024-04-18 12:23:05','2024-04-18 12:23:05',500.00),(97,'confettibee-co-uk.myshopify.com','White Heart Hessian Confetti Bag','COMP-1097',2000.0000,'2024-04-18 12:23:05','2024-04-18 12:23:05',500.00),(98,'confettibee-co-uk.myshopify.com','White Organza Confetti Bags','COMP-1098',2000.0000,'2024-04-18 12:23:05','2024-04-18 12:23:05',500.00),(99,'confettibee-co-uk.myshopify.com','White Pillow Confetti Box','COMP-1099',2000.0000,'2024-04-18 12:23:05','2024-04-18 12:23:05',500.00),(100,'confettibee-co-uk.myshopify.com','White Pillow Confetti Box With Window','COMP-1100',2000.0000,'2024-04-18 12:23:05','2024-04-18 12:23:05',500.00),(101,'confettibee-co-uk.myshopify.com','White Rose Petals','COMP-1101',2000.0000,'2024-04-18 12:23:05','2024-04-18 12:23:05',500.00),(102,'confettibee-co-uk.myshopify.com','White Paper Confetti','COMP-1102',2000.0000,'2024-04-18 12:23:05','2024-04-18 12:23:05',500.00),(103,'confettibee-co-uk.myshopify.com','Pastel Rainbow Paper Confetti','COMP-1103',2000.0000,'2024-04-18 12:23:05','2024-04-18 12:23:05',500.00),(104,'confettibee-co-uk.myshopify.com','Pink & White Paper Confetti','COMP-1104',2000.0000,'2024-04-18 12:23:05','2024-04-18 12:23:05',500.00),(105,'confettibee-co-uk.myshopify.com','Black & White Paper Confetti','COMP-1105',2000.0000,'2024-04-18 12:23:05','2024-04-18 12:23:05',500.00),(106,'confettibee-co-uk.myshopify.com','Blue & White Paper Confetti','COMP-1106',2000.0000,'2024-04-18 12:23:05','2024-04-18 12:23:05',500.00),(107,'confettibee-co-uk.myshopify.com','Bubblegum Paper Confetti','COMP-1107',2000.0000,'2024-04-18 12:23:05','2024-04-18 12:23:05',500.00),(108,'confettibee-co-uk.myshopify.com','Dusty Blue Paper Confetti','COMP-1108',2000.0000,'2024-04-18 12:23:05','2024-04-18 12:23:05',500.00),(109,'confettibee-co-uk.myshopify.com','Emerald Paper Confetti','COMP-1109',2000.0000,'2024-04-18 12:23:05','2024-04-18 12:23:05',500.00),(110,'confettibee-co-uk.myshopify.com','Festival Paper Confetti','COMP-1110',2000.0000,'2024-04-18 12:23:05','2024-04-18 12:23:05',500.00),(111,'confettibee-co-uk.myshopify.com','Flamingo Paper Confetti','COMP-1111',2000.0000,'2024-04-18 12:23:05','2024-04-18 12:23:05',500.00),(112,'confettibee-co-uk.myshopify.com','Fuchsia Paper Confetti','COMP-1112',2000.0000,'2024-04-18 12:23:05','2024-04-18 12:23:05',500.00),(113,'confettibee-co-uk.myshopify.com','Lilac Paper Confetti','COMP-1113',2000.0000,'2024-04-18 12:23:05','2024-04-18 12:23:05',500.00),(114,'confettibee-co-uk.myshopify.com','Merlot Paper Confetti','COMP-1114',2000.0000,'2024-04-18 12:23:05','2024-04-18 12:23:05',500.00),(115,'confettibee-co-uk.myshopify.com','Mint Green Paper Confetti','COMP-1115',2000.0000,'2024-04-18 12:23:05','2024-04-18 12:23:05',500.00),(116,'confettibee-co-uk.myshopify.com','Orange Paper Confetti','COMP-1116',2000.0000,'2024-04-18 12:23:05','2024-04-18 12:23:05',500.00),(117,'confettibee-co-uk.myshopify.com','Peach Paper Confetti','COMP-1117',2000.0000,'2024-04-18 12:23:05','2024-04-18 12:23:05',500.00),(118,'confettibee-co-uk.myshopify.com','Pearl Paper Confetti','COMP-1118',2000.0000,'2024-04-18 12:23:05','2024-04-18 12:23:05',500.00),(119,'confettibee-co-uk.myshopify.com','Pineapple Paper Confetti','COMP-1119',2000.0000,'2024-04-18 12:23:05','2024-04-18 12:23:05',500.00),(120,'confettibee-co-uk.myshopify.com','Purple Paper Confetti','COMP-1120',2000.0000,'2024-04-18 12:23:05','2024-04-18 12:23:05',500.00),(121,'confettibee-co-uk.myshopify.com','Red Paper Confetti','COMP-1121',2000.0000,'2024-04-18 12:23:05','2024-04-18 12:23:05',500.00),(122,'confettibee-co-uk.myshopify.com','Sapphire Paper Confetti','COMP-1122',2000.0000,'2024-04-18 12:23:05','2024-04-18 12:23:05',500.00),(123,'confettibee-co-uk.myshopify.com','Sky Blue Paper Confetti','COMP-1123',2000.0000,'2024-04-18 12:23:05','2024-04-18 12:23:05',500.00),(124,'confettibee-co-uk.myshopify.com','Tangerine Paper Confetti','COMP-1124',2000.0000,'2024-04-18 12:23:05','2024-04-18 12:23:05',500.00),(125,'confettibee-co-uk.myshopify.com','Gold Paper Confetti','COMP-1125',2000.0000,'2024-04-18 12:23:05','2024-04-18 12:23:05',500.00);

--
-- Table structure for table `failed_jobs`
--

CREATE TABLE `failed_jobs` (
  `id` bigint unsigned NOT NULL AUTO_INCREMENT,
  `uuid` varchar(255) COLLATE utf8mb4_unicode_ci NOT NULL,
  `connection` text COLLATE utf8mb4_unicode_ci NOT NULL,
  `queue` text COLLATE utf8mb4_unicode_ci NOT NULL,
  `payload` longtext COLLATE utf8mb4_unicode_ci NOT NULL,
  `exception` longtext COLLATE utf8mb4_unicode_ci NOT NULL,
  `failed_at` timestamp NOT NULL DEFAULT CURRENT_TIMESTAMP,
  PRIMARY KEY (`id`),
  UNIQUE KEY `failed_jobs_uuid_unique` (`uuid`)
) ENGINE=InnoDB DEFAULT CHARSET=utf8mb4 COLLATE=utf8mb4_unicode_ci;

--
-- Dumping data for table `failed_jobs`
--


--
-- Table structure for table `migrations`
--

CREATE TABLE `migrations` (
  `id` int unsigned NOT NULL AUTO_INCREMENT,
  `migration` varchar(255) COLLATE utf8mb4_unicode_ci NOT NULL,
  `batch` int NOT NULL,
  PRIMARY KEY (`id`)
) ENGINE=InnoDB AUTO_INCREMENT=14 DEFAULT CHARSET=utf8mb4 COLLATE=utf8mb4_unicode_ci;

--
-- Dumping data for table `migrations`
--

INSERT INTO `migrations` VALUES (1,'2019_08_19_000000_create_failed_jobs_table',1),(2,'2021_05_03_050717_create_sessions_table',1),(3,'2021_05_05_071311_add_scope_expires_access_token_to_sessions',1),(4,'2021_05_11_151158_add_online_access_info_to_sessions',1),(5,'2021_05_17_152611_change_sessions_user_id_type',1),(6,'2024_02_20_055739_create_components_table',1),(7,'2024_03_07_045139_add_3_month_stock_column_to_componets_table',1),(8,'2024_04_02_045140_create_options_table',1),(9,'2024_04_02_045141_create_mini_products_table',1),(10,'2024_04_02_045142_create_products_table',1),(11,'2024_04_02_045143_create_option_mini_products_table',1),(12,'2024_04_02_065956_create_component_mini_products_table',1),(13,'2024_04_02_070055_create_option_products_table',1);

--
-- Table structure for table `mini_products`
--

CREATE TABLE `mini_products` (
  `id` bigint unsigned NOT NULL AUTO_INCREMENT,
  `mini_product` longtext COLLATE utf8mb4_unicode_ci NOT NULL,
  `created_at` timestamp NULL DEFAULT NULL,
  `updated_at` timestamp NULL DEFAULT NULL,
  PRIMARY KEY (`id`)
) ENGINE=InnoDB AUTO_INCREMENT=420 DEFAULT CHARSET=utf8mb4 COLLATE=utf8mb4_unicode_ci;

--
-- Dumping data for table `mini_products`
--

INSERT INTO `mini_products` VALUES (1,'A Hint Of Blush Buds Confetti','2024-04-22 07:27:31','2024-04-25 10:38:56'),(2,'Agua Fresca Confetti','2024-04-22 07:36:16','2024-04-25 10:38:56'),(3,'Amethyst Amour Confetti','2024-04-22 07:36:16','2024-04-25 10:38:56'),(4,'Apple Blossom Confetti','2024-04-22 07:36:16','2024-04-25 10:38:56'),(5,'Apple Mint Confetti','2024-04-22 07:38:35','2024-04-25 10:38:56'),(6,'Apple Rose Confetti','2024-04-22 07:38:35','2024-04-25 10:38:56'),(7,'Aurora Confetti','2024-04-22 07:41:00','2024-04-25 10:38:56'),(8,'Autumn Flame Confetti','2024-04-22 07:41:00','2024-04-25 10:38:56'),(9,'Autumn Merlot Confetti','2024-04-22 07:42:44','2024-04-25 10:38:56'),(10,'Bad Romance Confetti','2024-04-22 07:42:44','2024-04-25 10:38:56'),(11,'Ballerina Confetti','2024-04-22 07:53:34','2024-04-25 10:38:56'),(12,'Berries & Cherries Confetti','2024-04-22 07:53:34','2024-04-25 10:38:56'),(13,'Blue Hydrangea Petals','2024-04-22 07:53:34','2024-04-25 10:38:56'),(14,'Blush Fairytale Confetti','2024-04-22 07:53:34','2024-04-25 10:38:56'),(15,'Blush Rose Petals','2024-04-22 07:54:44','2024-04-25 10:38:56'),(16,'Blush Whisper Confetti','2024-04-22 08:16:52','2024-04-25 10:38:56'),(17,'Blushing Bride Confetti','2024-04-22 08:18:53','2024-04-25 10:38:56'),(18,'Burgundy Amour Confetti','2024-04-22 08:18:53','2024-04-25 10:38:56'),(19,'Burgundy Romance Confetti','2024-04-23 07:10:07','2024-04-25 10:38:56'),(20,'Butterlfy Jasmine Confetti','2024-04-23 07:10:07','2024-04-25 10:38:56'),(21,'Butterlfy Pea Confetti','2024-04-23 07:10:07','2024-04-25 10:38:56'),(22,'Carnival Rose Petals','2024-04-23 07:12:40','2024-04-25 10:38:56'),(23,'Cassis Confetti','2024-04-23 07:12:40','2024-04-25 10:38:56'),(24,'Champagne Blossom Confetti','2024-04-23 07:12:40','2024-04-25 10:38:56'),(25,'Champagne Rose Petals','2024-04-23 07:15:36','2024-04-25 10:38:56'),(26,'Charming Confetti','2024-04-23 07:15:36','2024-04-25 10:38:56'),(27,'Cherish Confetti','2024-04-23 07:15:36','2024-04-25 10:38:56'),(28,'Cherry Blossom Confetti','2024-04-23 07:15:36','2024-04-25 10:38:56'),(29,'Chrysanthemum Petal Confetti','2024-04-23 07:15:36','2024-04-25 10:38:56'),(30,'Cream Rose Petals','2024-04-23 07:15:36','2024-04-25 10:38:56'),(31,'Crimson Champagne Confetti','2024-04-23 07:21:25','2024-04-25 10:38:56'),(32,'Dark Pink Hydrangea Petals','2024-04-23 07:21:25','2024-04-25 10:38:56'),(33,'Earth, Wind & Fire Confetti','2024-04-23 07:21:25','2024-04-25 10:38:56'),(34,'Emerald Isle Confetti','2024-04-23 07:21:25','2024-04-25 10:38:56'),(35,'Enchanted Confetti','2024-04-23 07:21:25','2024-04-25 10:38:56'),(36,'Flame Jasmine Buds Confetti','2024-04-23 07:21:25','2024-04-25 10:38:56'),(37,'Flaming Amber Confetti','2024-04-23 07:27:05','2024-04-25 10:38:56'),(38,'Flirt Confetti','2024-04-23 07:27:05','2024-04-25 10:38:56'),(39,'Frosted Eucalyptus Confetti','2024-04-23 07:27:05','2024-04-25 10:38:56'),(40,'Frozen Confetti','2024-04-23 07:27:05','2024-04-25 10:38:56'),(41,'Frozen Raspberry Confetti','2024-04-23 07:27:05','2024-04-25 10:38:56'),(42,'Fruit Salad Confetti','2024-04-23 07:27:05','2024-04-25 10:38:56'),(43,'Green Hydrangea Petals','2024-04-23 07:32:14','2024-04-25 10:38:56'),(44,'Golden Hydrangea Petals','2024-04-23 07:32:14','2024-04-25 10:38:56'),(45,'Iced Rose Confetti','2024-04-23 07:32:14','2024-04-25 10:38:56'),(46,'In The Pink Confetti','2024-04-23 07:32:14','2024-04-25 10:38:56'),(47,'Indigo Daydream Confetti','2024-04-23 07:32:14','2024-04-25 10:38:56'),(48,'Jasmine Buds','2024-04-23 07:32:14','2024-04-25 10:38:56'),(49,'Jasmine Orange Confetti','2024-04-23 07:32:14','2024-04-25 10:38:56'),(50,'Jasmine Petal Confetti','2024-04-23 07:32:14','2024-04-25 10:38:56'),(51,'Jasmine Rose Confetti','2024-04-23 07:32:14','2024-04-25 10:38:56'),(52,'Kaleidoscope Confetti','2024-04-23 07:38:38','2024-04-25 10:38:56'),(53,'Large Rose Petals','2024-04-23 07:38:38','2024-04-25 10:38:56'),(54,'Lavender Buds','2024-04-23 07:38:38','2024-04-25 10:38:56'),(55,'Lavender Jasmine Confetti','2024-04-23 07:38:38','2024-04-25 10:38:56'),(56,'Light Blue Delphinium Petal Confetti','2024-04-23 07:38:38','2024-04-25 10:38:56'),(57,'Lilac Cornflower Petal Confetti','2024-04-23 07:38:38','2024-04-25 10:38:56'),(58,'Lilac Dream Confetti','2024-04-23 07:38:38','2024-04-25 10:38:56'),(59,'Lilac Whisper Confetti','2024-04-23 07:38:38','2024-04-25 10:38:56'),(60,'Lily Petals','2024-04-23 07:38:38','2024-04-25 10:38:56'),(61,'Lisa Confetti','2024-04-23 07:38:38','2024-04-25 10:38:56'),(62,'Love Story Confetti','2024-04-23 07:44:32','2024-04-25 10:38:56'),(63,'Magenta Magic Confetti','2024-04-25 07:30:49','2024-04-25 10:38:56'),(64,'Marigold Petal Confetti','2024-04-25 07:30:49','2024-04-25 10:38:56'),(65,'Merlot Rose Petals','2024-04-25 07:30:49','2024-04-25 10:38:56'),(66,'Midnight Bloom Confetti','2024-04-25 07:30:49','2024-04-25 10:38:56'),(67,'Mint Dream Confetti','2024-04-25 07:30:49','2024-04-25 10:38:56'),(68,'Night At The Ballet Confetti','2024-04-25 07:30:49','2024-04-25 10:38:56'),(69,'Old Romantic Confetti','2024-04-25 07:30:49','2024-04-25 10:38:56'),(70,'Orange Blossom Confetti','2024-04-25 07:30:49','2024-04-25 10:38:56'),(71,'Orange Sorbet Confetti','2024-04-25 07:30:49','2024-04-25 10:38:56'),(72,'Over The Rainbow','2024-04-25 07:44:01','2024-04-25 10:38:56'),(73,'Parma Violet Confetti','2024-04-25 07:44:01','2024-04-25 10:38:56'),(74,'Pink Blossom Confetti','2024-04-25 07:44:01','2024-04-25 10:38:56'),(75,'Pink Champagne Confetti','2024-04-25 07:44:01','2024-04-25 10:38:56'),(76,'Pink Hydrangea Petals','2024-04-25 07:44:01','2024-04-25 10:38:56'),(77,'Pink Peony Petals','2024-04-25 07:44:01','2024-04-25 10:38:56'),(78,'Pink Rose Buds','2024-04-25 07:44:01','2024-04-25 10:38:56'),(79,'Powder Blossom Confetti','2024-04-25 07:44:01','2024-04-25 10:38:56'),(80,'Powder Puff Fairy Confetti','2024-04-25 07:44:01','2024-04-25 10:38:56'),(81,'Pretty In Pink Confetti','2024-04-25 07:44:01','2024-04-25 10:38:56'),(82,'Purple Blossom Confetti','2024-04-25 07:44:02','2024-04-25 10:38:56'),(83,'Purple Delphinium Petal Confetti','2024-04-25 07:44:02','2024-04-25 10:38:56'),(84,'Raspberry Rose Confetti','2024-04-25 07:51:06','2024-04-25 10:38:56'),(85,'Rose Bud Punch Confetti','2024-04-25 07:51:06','2024-04-25 10:38:56'),(86,'Rouge Bouquet Confetti','2024-04-25 07:51:06','2024-04-25 10:38:56'),(87,'Royal Autumn Confetti','2024-04-25 07:51:06','2024-04-25 10:38:56'),(88,'Royalty Confetti','2024-04-25 07:51:06','2024-04-25 10:38:56'),(89,'Sapphire Delight Confetti','2024-04-25 07:51:06','2024-04-25 10:38:56'),(90,'Small Lily Petals','2024-04-25 10:27:40','2024-04-25 10:38:56'),(91,'Small Rose Petals','2024-04-25 10:27:40','2024-04-25 10:38:56'),(92,'Snow White Hydrangea Petals','2024-04-25 10:27:40','2024-04-25 10:38:56'),(93,'Soft Violet Hydrangea Petals','2024-04-25 10:27:40','2024-04-25 10:38:56'),(94,'Something Blue Confetti','2024-04-25 10:27:40','2024-04-25 10:38:56'),(95,'Sparkling Amethyst Confetti','2024-04-25 10:27:40','2024-04-25 10:38:56'),(96,'Starlight Confetti','2024-04-25 10:27:40','2024-04-25 10:38:56'),(97,'Storm Cloud Confetti','2024-04-25 10:27:40','2024-04-25 10:38:56'),(98,'Strawberries & Cream Confetti','2024-04-25 10:27:40','2024-04-25 10:38:56'),(99,'Strawberry Dream Confetti','2024-04-25 10:27:40','2024-04-25 10:38:56'),(100,'Sugar Plum Confetti','2024-04-25 10:27:40','2024-04-25 10:38:56'),(101,'Summer Dream Confetti','2024-04-25 10:27:40','2024-04-25 10:38:56'),(102,'Summer Rose Confetti','2024-04-25 10:27:40','2024-04-25 10:38:56'),(103,'Summer Sky Confetti','2024-04-25 10:27:40','2024-04-25 10:38:56'),(104,'Sunbeam Confetti','2024-04-25 10:27:40','2024-04-25 10:38:56'),(105,'Sunkissed Rose Petals','2024-04-25 10:27:40','2024-04-25 10:38:56'),(106,'Sunshine Jasmine Confetti','2024-04-25 10:27:40','2024-04-25 10:38:56'),(107,'Sweet Rose Buds Confetti','2024-04-25 10:38:56','2024-04-25 10:38:56'),(108,'Thunder & Lightning Confetti','2024-04-25 10:38:56','2024-04-25 10:38:56'),(109,'Tropical Rose Confetti','2024-04-25 10:38:56','2024-04-25 10:38:56'),(110,'Tropical Sunset Confetti','2024-04-25 10:38:56','2024-04-25 10:38:56'),(111,'Tutti Frutti Confetti','2024-04-25 10:38:56','2024-04-25 10:38:56'),(112,'Vintage Blush Confetti','2024-04-25 10:38:56','2024-04-25 10:38:56'),(113,'Vintage Fairytale Confetti','2024-04-25 10:38:56','2024-04-25 10:38:56'),(114,'Vintage Ivory Hydrangea Petals','2024-04-25 10:38:56','2024-04-25 10:38:56'),(115,'Vintage Powder Puff Confetti','2024-04-25 10:38:56','2024-04-25 10:38:56'),(116,'Watermelon Crush Confetti','2024-04-25 10:38:56','2024-04-25 10:38:56'),(117,'White Rose Petals','2024-04-25 10:38:56','2024-04-25 10:38:56'),(118,'Wonderland Confetti','2024-04-25 10:38:56','2024-04-25 10:38:56'),(119,'Woodland Rose Confetti','2024-04-25 10:38:56','2024-04-25 10:38:56'),(120,'Matt White','2024-04-25 10:53:03','2024-04-25 10:53:03'),(121,'Gloss White','2024-04-25 10:53:03','2024-04-25 10:53:03'),(122,'Kraft Brown','2024-04-25 10:53:03','2024-04-25 10:53:03'),(123,'Matt Pink','2024-04-25 10:53:03','2024-04-25 10:53:03'),(124,'Matt Blue','2024-04-25 10:53:03','2024-04-25 10:53:03'),(125,'Matt Cream','2024-04-25 10:53:03','2024-04-25 10:53:03'),(126,'Metallic Silver','2024-04-25 10:53:03','2024-04-25 10:53:03'),(127,'Metallic Gold','2024-04-25 10:53:03','2024-04-25 10:53:03'),(128,'Natural Colour','2024-04-25 10:54:39','2024-04-25 10:54:39'),(129,'Cream Colour','2024-04-25 10:54:39','2024-04-25 10:54:39'),(130,'Pink Colour','2024-04-25 10:54:39','2024-04-25 10:54:39'),(131,'Blue Colour','2024-04-25 10:54:39','2024-04-25 10:54:39'),(132,'White - No Window','2024-04-25 10:56:01','2024-04-25 10:56:01'),(133,'Kraft Brown - No Window','2024-04-25 10:56:01','2024-04-25 10:56:01'),(134,'White - With Window','2024-04-25 10:56:01','2024-04-25 10:56:01'),(135,'Kraft Brown - With Window','2024-04-25 10:56:01','2024-04-25 10:56:01'),(136,'Confetti Kraft Brown Packets - Elegant Design 1','2024-04-25 11:31:46','2024-04-25 11:31:46'),(137,'Confetti Kraft Brown Packets - Elegant Design 2','2024-04-25 11:31:46','2024-04-25 11:31:46'),(138,'Confetti Kraft Brown Packets - Elegant Design 3','2024-04-25 11:31:46','2024-04-25 11:31:46'),(139,'Confetti Kraft Brown Packets - Elegant Design 4','2024-04-25 11:31:46','2024-04-25 11:31:46'),(140,'Confetti Kraft Brown Packets - Elegant Design 5','2024-04-25 11:31:46','2024-04-25 11:31:46'),(141,'Confetti Kraft Brown Packets - Elegant Design 6','2024-04-25 11:31:46','2024-04-25 11:31:46'),(142,'Demo Value','2024-04-26 10:02:04','2024-04-26 10:02:34'),(143,'Demo Value','2024-04-26 10:02:04','2024-04-26 10:02:34'),(144,'Demo Value','2024-04-26 10:02:34','2024-04-26 10:02:34'),(145,'Demo Value','2024-04-26 10:03:11','2024-04-26 10:03:39'),(146,'Demo Value','2024-04-26 10:03:39','2024-04-26 10:03:39'),(147,'Confetti Kraft Brown Packets - Elegant Design 1','2024-04-26 10:12:02','2024-04-26 11:01:00'),(148,'Confetti Kraft Brown Packets - Elegant Design 2','2024-04-26 10:13:18','2024-04-26 11:01:00'),(149,'Confetti Kraft Brown Packets - Elegant Design 3','2024-04-26 10:13:18','2024-04-26 11:01:00'),(150,'Confetti Kraft Brown Packets - Elegant Design 4','2024-04-26 10:13:18','2024-04-26 11:01:00'),(151,'Confetti Kraft Brown Packets - Elegant Design 5','2024-04-26 10:13:18','2024-04-26 11:01:00'),(152,'Confetti Kraft Brown Packets - Elegant Design 6','2024-04-26 10:13:18','2024-04-26 11:01:00'),(153,'Confetti Kraft Brown Packets - Elegant Design 7','2024-04-26 10:13:18','2024-04-26 11:01:00'),(154,'Confetti Kraft Brown Packets - Elegant Design 8','2024-04-26 10:13:18','2024-04-26 11:01:00'),(155,'Confetti Kraft Brown Packets - Elegant Design 9','2024-04-26 10:13:18','2024-04-26 11:01:00'),(156,'Confetti Kraft Brown Packets - Elegant Design 10','2024-04-26 10:13:18','2024-04-26 11:01:00'),(157,'Confetti Kraft Brown Packets - Festive Design 1','2024-04-26 10:20:25','2024-04-26 11:01:00'),(158,'Confetti Kraft Brown Packets - Festive Design 2','2024-04-26 10:20:25','2024-04-26 11:01:00'),(159,'Confetti Kraft Brown Packets - Festive Design 3','2024-04-26 10:20:25','2024-04-26 11:01:00'),(160,'Confetti Kraft Brown Packets - Festive Design 4','2024-04-26 10:20:25','2024-04-26 11:01:00'),(161,'Confetti Kraft Brown Packets - Festive Design 5','2024-04-26 10:20:25','2024-04-26 11:01:00'),(162,'Confetti Kraft Brown Packets - Floral Design 1','2024-04-26 10:20:25','2024-04-26 11:01:00'),(163,'Confetti Kraft Brown Packets - Floral Design 2','2024-04-26 10:20:25','2024-04-26 11:01:00'),(164,'Confetti Kraft Brown Packets - Floral Design 3','2024-04-26 10:20:25','2024-04-26 11:01:00'),(165,'Confetti Kraft Brown Packets - Floral Design 4','2024-04-26 10:20:25','2024-04-26 11:01:00'),(166,'Confetti Kraft Brown Packets - Floral Design 5','2024-04-26 10:20:25','2024-04-26 11:01:00'),(167,'Confetti Kraft Brown Packets - Heart Design 1','2024-04-26 10:20:25','2024-04-26 11:01:00'),(168,'Confetti Kraft Brown Packets - Heart Design 2','2024-04-26 10:20:25','2024-04-26 11:01:00'),(169,'Confetti Kraft Brown Packets - Heart Design 3','2024-04-26 10:20:25','2024-04-26 11:01:00'),(170,'Confetti Kraft Brown Packets - Heart Design 4','2024-04-26 10:20:25','2024-04-26 11:01:00'),(171,'Confetti Kraft Brown Packets - Heart Design 5','2024-04-26 10:20:25','2024-04-26 11:01:00'),(172,'Confetti Kraft Brown Packets - Initials Design 1','2024-04-26 10:20:25','2024-04-26 11:01:00'),(173,'Confetti Kraft Brown Packets - Initials Design 2','2024-04-26 10:20:25','2024-04-26 11:01:00'),(174,'Confetti Kraft Brown Packets - Initials Design 3','2024-04-26 10:20:25','2024-04-26 11:01:00'),(175,'Confetti Kraft Brown Packets - Initials Design 4','2024-04-26 10:20:25','2024-04-26 11:01:00'),(176,'Confetti Kraft Brown Packets - Initials Design 5','2024-04-26 10:20:25','2024-04-26 11:01:00'),(177,'Confetti Kraft Brown Packets - Mr & Mrs Design 1','2024-04-26 10:20:25','2024-04-26 11:01:00'),(178,'Confetti Kraft Brown Packets - Mr & Mrs Design 2','2024-04-26 10:20:25','2024-04-26 11:01:00'),(179,'Confetti Kraft Brown Packets - Mr & Mrs Design 3','2024-04-26 10:20:25','2024-04-26 11:01:00'),(180,'Confetti Kraft Brown Packets - Mr & Mrs Design 4','2024-04-26 10:20:25','2024-04-26 11:01:00'),(181,'Confetti Kraft Brown Packets - Mr & Mrs Design 5','2024-04-26 10:20:25','2024-04-26 11:01:00'),(182,'Confetti Kraft Brown Packets - Mr & Mrs Design 6','2024-04-26 10:20:25','2024-04-26 11:01:00'),(183,'Confetti Kraft Brown Packets - Mr & Mrs Design 7','2024-04-26 10:20:25','2024-04-26 11:01:00'),(184,'Confetti Kraft Brown Packets - Mr & Mrs Design 8','2024-04-26 10:20:25','2024-04-26 11:01:00'),(185,'Confetti Kraft Brown Packets - Mr & Mrs Design 9','2024-04-26 10:20:25','2024-04-26 11:01:00'),(186,'Confetti Kraft Brown Packets - Mr & Mrs Design 10','2024-04-26 10:20:25','2024-04-26 11:01:00'),(187,'Confetti Kraft Brown Packets - Mr & Mrs Design 11','2024-04-26 10:20:25','2024-04-26 11:01:00'),(188,'Confetti Kraft Brown Packets - Names Design 1','2024-04-26 10:20:25','2024-04-26 11:01:00'),(189,'Confetti Kraft Brown Packets - Names Design 2','2024-04-26 10:20:25','2024-04-26 11:01:00'),(190,'Confetti Kraft Brown Packets - Names Design 3','2024-04-26 10:20:25','2024-04-26 11:01:00'),(191,'Confetti Kraft Brown Packets - Names Design 4','2024-04-26 10:20:25','2024-04-26 11:01:00'),(192,'Confetti Kraft Brown Packets - Names Design 5','2024-04-26 10:23:29','2024-04-26 11:01:00'),(193,'Confetti Kraft Brown Packets - Names Design 6','2024-04-26 10:23:29','2024-04-26 11:01:00'),(194,'Confetti Kraft Brown Packets - Names Design 7','2024-04-26 10:23:29','2024-04-26 11:01:00'),(195,'Confetti Kraft Brown Packets - Names Design 8','2024-04-26 10:23:29','2024-04-26 11:01:00'),(196,'Confetti Kraft Brown Packets - Names Design 9','2024-04-26 10:23:29','2024-04-26 11:01:00'),(197,'Confetti Kraft Brown Packets - Names Design 10','2024-04-26 10:23:29','2024-04-26 11:01:00'),(198,'Confetti Kraft Brown Packets - Order Of The Day Design 1','2024-04-26 10:23:29','2024-04-26 11:01:00'),(199,'Confetti Kraft Brown Packets - Order Of The Day Design 2','2024-04-26 10:23:29','2024-04-26 11:01:00'),(200,'Confetti Kraft Brown Packets - Order Of The Day Design 3','2024-04-26 10:23:29','2024-04-26 11:01:00'),(201,'Confetti Kraft Brown Packets - Order Of The Day Design 4','2024-04-26 10:23:29','2024-04-26 11:01:00'),(202,'Confetti Kraft Brown Packets - Order Of The Day Design 5','2024-04-26 10:23:29','2024-04-26 11:01:00'),(203,'Confetti Kraft Brown Packets - Order Of The Day Design 6','2024-04-26 10:23:29','2024-04-26 11:01:00'),(204,'Confetti Kraft Brown Packets - Order Of The Day Design 7','2024-04-26 10:23:29','2024-04-26 11:01:00'),(205,'Confetti Kraft Brown Packets - Order Of The Day Design 8','2024-04-26 10:23:29','2024-04-26 11:01:00'),(206,'Confetti Kraft Brown Packets - Order Of The Day Design 9','2024-04-26 10:25:38','2024-04-26 11:01:00'),(207,'Confetti Kraft Brown Packets - Order Of The Day Heart Design 1','2024-04-26 10:25:38','2024-04-26 11:01:00'),(208,'Confetti Kraft Brown Packets - Order Of The Day Heart Design 2','2024-04-26 10:25:38','2024-04-26 11:01:00'),(209,'Confetti Kraft Brown Packets - Order Of The Day Heart Design 3','2024-04-26 10:25:38','2024-04-26 11:01:00'),(210,'Confetti Kraft Brown Packets - Order Of The Day Heart Design 4','2024-04-26 10:25:38','2024-04-26 11:01:00'),(211,'Confetti Kraft Brown Packets - Order Of The Day Heart Design 5','2024-04-26 10:25:38','2024-04-26 11:01:00'),(212,'Confetti Kraft Brown Packets - Place Name Design 1','2024-04-26 10:25:38','2024-04-26 11:01:00'),(213,'Confetti Kraft Brown Packets - Place Name Design 2','2024-04-26 10:25:38','2024-04-26 11:01:00'),(214,'Confetti Kraft Brown Packets - Place Name Design 3','2024-04-26 10:25:38','2024-04-26 11:01:00'),(215,'Confetti Kraft Brown Packets - Place Name Design 4','2024-04-26 10:25:38','2024-04-26 11:01:00'),(216,'Confetti Kraft Brown Packets - Place Name Design 5','2024-04-26 10:25:38','2024-04-26 11:01:00'),(217,'Confetti Kraft Brown Packets - Welcome Design 1','2024-04-26 10:25:38','2024-04-26 11:01:00'),(218,'Confetti Kraft Brown Packets - Welcome Design 2','2024-04-26 10:25:38','2024-04-26 11:01:00'),(219,'Confetti Kraft Brown Packets - Welcome Design 3','2024-04-26 10:25:38','2024-04-26 11:01:00'),(220,'Confetti Kraft Brown Packets - Welcome Design 4','2024-04-26 10:25:38','2024-04-26 11:01:00'),(221,'Confetti Kraft Brown Packets - Welcome Design 5','2024-04-26 10:25:38','2024-04-26 11:01:00'),(222,'Confetti Packets - Autumn Design 1','2024-04-26 10:36:08','2024-04-26 11:01:00'),(223,'Confetti Packets - Autumn Design 2','2024-04-26 10:36:08','2024-04-26 11:01:00'),(224,'Confetti Packets - Autumn Design 3','2024-04-26 10:36:08','2024-04-26 11:01:00'),(225,'Confetti Packets - Autumn Design 4','2024-04-26 10:36:08','2024-04-26 11:01:00'),(226,'Confetti Packets - Autumn Design 5','2024-04-26 10:36:08','2024-04-26 11:01:00'),(227,'Confetti Packets - Autumn Design 6','2024-04-26 10:36:08','2024-04-26 11:01:00'),(228,'Confetti Packets - Buzzy Bee Design 1','2024-04-26 10:36:08','2024-04-26 11:01:00'),(229,'Confetti Packets - Buzzy Bee Design 2','2024-04-26 10:36:08','2024-04-26 11:01:00'),(230,'Confetti Packets - Buzzy Bee Design 3','2024-04-26 10:36:08','2024-04-26 11:01:00'),(231,'Confetti Packets - Buzzy Bee Design 4','2024-04-26 10:36:08','2024-04-26 11:01:00'),(232,'Confetti Packets - Buzzy Bee Design 5','2024-04-26 10:36:08','2024-04-26 11:01:00'),(233,'Confetti Packets - Elegant Design 1','2024-04-26 10:36:08','2024-04-26 11:01:00'),(234,'Confetti Packets - Elegant Design 2','2024-04-26 10:36:08','2024-04-26 11:01:00'),(235,'Confetti Packets - Elegant Design 3','2024-04-26 10:36:08','2024-04-26 11:01:00'),(236,'Confetti Packets - Elegant Design 4','2024-04-26 10:36:08','2024-04-26 11:01:00'),(237,'Confetti Packets - Elegant Design 5','2024-04-26 10:36:08','2024-04-26 11:01:00'),(238,'Confetti Packets - Elegant Design 6','2024-04-26 10:36:08','2024-04-26 11:01:00'),(239,'Confetti Packets - Elegant Design 7','2024-04-26 10:36:08','2024-04-26 11:01:00'),(240,'Confetti Packets - Elegant Design 8','2024-04-26 10:36:08','2024-04-26 11:01:00'),(241,'Confetti Packets - Elegant Design 9','2024-04-26 10:36:08','2024-04-26 11:01:00'),(242,'Confetti Packets - Elegant Design 10','2024-04-26 10:36:08','2024-04-26 11:01:00'),(243,'Confetti Packets - Eucalyptus Blue Design 1','2024-04-26 10:36:08','2024-04-26 11:01:00'),(244,'Confetti Packets - Eucalyptus Blue Design 2','2024-04-26 10:36:08','2024-04-26 11:01:00'),(245,'Confetti Packets - Eucalyptus Blue Design 3','2024-04-26 10:36:08','2024-04-26 11:01:00'),(246,'Confetti Packets - Eucalyptus Blue Design 4','2024-04-26 10:36:08','2024-04-26 11:01:00'),(247,'Confetti Packets - Eucalyptus Blue Design 5','2024-04-26 10:36:08','2024-04-26 11:01:00'),(248,'Confetti Packets - Eucalyptus Green Design 1','2024-04-26 10:36:08','2024-04-26 11:01:00'),(249,'Confetti Packets - Eucalyptus Green Design 2','2024-04-26 10:36:08','2024-04-26 11:01:00'),(250,'Confetti Packets - Eucalyptus Green Design 3','2024-04-26 10:36:08','2024-04-26 11:01:00'),(251,'Confetti Packets - Eucalyptus Green Design 4','2024-04-26 10:36:08','2024-04-26 11:01:00'),(252,'Confetti Packets - Eucalyptus Green Design 5','2024-04-26 10:36:08','2024-04-26 11:01:00'),(253,'Confetti Packets - Eucalyptus Green Design 6','2024-04-26 10:36:08','2024-04-26 11:01:00'),(254,'Confetti Packets - Festive Design 1','2024-04-26 10:36:08','2024-04-26 11:01:00'),(255,'Confetti Packets - Festive Design 2','2024-04-26 10:36:08','2024-04-26 11:01:00'),(256,'Confetti Packets - Festive Design 3','2024-04-26 10:36:08','2024-04-26 11:01:00'),(257,'Confetti Packets - Festive Design 4','2024-04-26 10:36:08','2024-04-26 11:01:00'),(258,'Confetti Packets - Festive Design 5','2024-04-26 10:36:08','2024-04-26 11:01:00'),(259,'Confetti Packets - Festive Design 6','2024-04-26 10:36:08','2024-04-26 11:01:00'),(260,'Confetti Packets - Floral Design 1','2024-04-26 10:36:08','2024-04-26 11:01:00'),(261,'Confetti Packets - Floral Design 2','2024-04-26 10:36:08','2024-04-26 11:01:00'),(262,'Confetti Packets - Floral Design 3','2024-04-26 10:36:08','2024-04-26 11:01:00'),(263,'Confetti Packets - Floral Design 4','2024-04-26 10:36:08','2024-04-26 11:01:00'),(264,'Confetti Packets - Floral Design 5','2024-04-26 10:36:08','2024-04-26 11:01:00'),(265,'Confetti Packets - Floral Design 6','2024-04-26 10:48:09','2024-04-26 11:01:00'),(266,'Confetti Packets - Floral Design 7','2024-04-26 10:48:09','2024-04-26 11:01:00'),(267,'Confetti Packets - Floral Design 8','2024-04-26 10:48:09','2024-04-26 11:01:00'),(268,'Confetti Packets - Floral Design 9','2024-04-26 10:48:09','2024-04-26 11:01:00'),(269,'Confetti Packets - Floral Design 10','2024-04-26 10:48:09','2024-04-26 11:01:00'),(270,'Confetti Packets - Floral Design 11','2024-04-26 10:48:09','2024-04-26 11:01:00'),(271,'Confetti Packets - Floral Design 12','2024-04-26 10:48:09','2024-04-26 11:01:00'),(272,'Confetti Packets - Floral Design 13','2024-04-26 10:48:09','2024-04-26 11:01:00'),(273,'Confetti Packets - Floral Design 14','2024-04-26 10:48:09','2024-04-26 11:01:00'),(274,'Confetti Packets - Heart Design 1','2024-04-26 10:48:09','2024-04-26 11:01:00'),(275,'Confetti Packets - Heart Design 2','2024-04-26 10:48:09','2024-04-26 11:01:00'),(276,'Confetti Packets - Heart Design 3','2024-04-26 10:48:09','2024-04-26 11:01:00'),(277,'Confetti Packets - Heart Design 4','2024-04-26 10:48:09','2024-04-26 11:01:00'),(278,'Confetti Packets - Heart Design 5','2024-04-26 10:48:09','2024-04-26 11:01:00'),(279,'Confetti Packets - Heart Design 6','2024-04-26 10:48:09','2024-04-26 11:01:00'),(280,'Confetti Packets - Heart Design 7','2024-04-26 10:48:09','2024-04-26 11:01:00'),(281,'Confetti Packets - Heart Design 8','2024-04-26 10:48:09','2024-04-26 11:01:00'),(282,'Confetti Packets - Heart Design 9','2024-04-26 10:48:09','2024-04-26 11:01:00'),(283,'Confetti Packets - Heart Design 10','2024-04-26 10:48:09','2024-04-26 11:01:00'),(284,'Confetti Packets - Initials Design 1','2024-04-26 10:48:09','2024-04-26 11:01:00'),(285,'Confetti Packets - Initials Design 2','2024-04-26 10:48:09','2024-04-26 11:01:00'),(286,'Confetti Packets - Initials Design 3','2024-04-26 10:48:09','2024-04-26 11:01:00'),(287,'Confetti Packets - Initials Design 4','2024-04-26 10:48:09','2024-04-26 11:01:00'),(288,'Confetti Packets - Initials Design 5','2024-04-26 10:48:09','2024-04-26 11:01:00'),(289,'Confetti Packets - Love Birds Design 1','2024-04-26 10:48:09','2024-04-26 11:01:00'),(290,'Confetti Packets - Love Birds Design 2','2024-04-26 10:48:09','2024-04-26 11:01:00'),(291,'Confetti Packets - Love Birds Design 3','2024-04-26 10:48:09','2024-04-26 11:01:00'),(292,'Confetti Packets - Love Birds Design 4','2024-04-26 10:48:09','2024-04-26 11:01:00'),(293,'Confetti Packets - Love Birds Design 5','2024-04-26 10:48:09','2024-04-26 11:01:00'),(294,'Confetti Packets - Mr & Mrs Design 1','2024-04-26 10:48:09','2024-04-26 11:01:00'),(295,'Confetti Packets - Mr & Mrs Design 2','2024-04-26 10:48:09','2024-04-26 11:01:00'),(296,'Confetti Packets - Mr & Mrs Design 3','2024-04-26 10:48:09','2024-04-26 11:01:00'),(297,'Confetti Packets - Mr & Mrs Design 4','2024-04-26 10:48:09','2024-04-26 11:01:00'),(298,'Confetti Packets - Mr & Mrs Design 5','2024-04-26 10:48:09','2024-04-26 11:01:00'),(299,'Confetti Packets - Mr & Mrs Design 6','2024-04-26 10:48:09','2024-04-26 11:01:00'),(300,'Confetti Packets - Mr & Mrs Design 7','2024-04-26 10:48:09','2024-04-26 11:01:00'),(301,'Confetti Packets - Mr & Mrs Design 8','2024-04-26 10:48:09','2024-04-26 11:01:00'),(302,'Confetti Packets - Mr & Mrs Design 9','2024-04-26 10:48:09','2024-04-26 11:01:00'),(303,'Confetti Packets - Mr & Mrs Design 10','2024-04-26 10:48:09','2024-04-26 11:01:00'),(304,'Confetti Packets - Mr & Mrs Design 11','2024-04-26 10:48:09','2024-04-26 11:01:00'),(305,'Confetti Packets - Names Design 1','2024-04-26 10:48:09','2024-04-26 11:01:00'),(306,'Confetti Packets - Names Design 2','2024-04-26 10:48:09','2024-04-26 11:01:00'),(307,'Confetti Packets - Names Design 3','2024-04-26 10:48:09','2024-04-26 11:01:00'),(308,'Confetti Packets - Names Design 4','2024-04-26 10:48:09','2024-04-26 11:01:00'),(309,'Confetti Packets - Names Design 5','2024-04-26 10:48:09','2024-04-26 11:01:00'),(310,'Confetti Packets - Names Design 6','2024-04-26 10:48:09','2024-04-26 11:01:00'),(311,'Confetti Packets - Names Design 7','2024-04-26 10:48:09','2024-04-26 11:01:00'),(312,'Confetti Packets - Names Design 8','2024-04-26 10:48:09','2024-04-26 11:01:00'),(313,'Confetti Packets - Names Design 9','2024-04-26 10:48:09','2024-04-26 11:01:00'),(314,'Confetti Packets - Names Design 10','2024-04-26 10:48:09','2024-04-26 11:01:00'),(315,'Confetti Packets - Personalised Text Design 1','2024-04-26 10:48:09','2024-04-26 11:01:00'),(316,'Confetti Packets - Personalised Text Design 2','2024-04-26 10:48:09','2024-04-26 11:01:00'),(317,'Confetti Packets - Personalised Text Design 3','2024-04-26 10:48:09','2024-04-26 11:01:00'),(318,'Confetti Packets - Personalised Text Design 4','2024-04-26 10:48:09','2024-04-26 11:01:00'),(319,'Confetti Packets - Place Name Design 1','2024-04-26 10:48:09','2024-04-26 11:01:00'),(320,'Confetti Packets - Place Name Design 2','2024-04-26 10:48:09','2024-04-26 11:01:00'),(321,'Confetti Packets - Place Name Design 3','2024-04-26 10:48:09','2024-04-26 11:01:00'),(322,'Confetti Packets - Place Name Design 4','2024-04-26 10:48:09','2024-04-26 11:01:00'),(323,'Confetti Packets - Place Name Design 5','2024-04-26 10:48:09','2024-04-26 11:01:00'),(324,'Confetti Packets - Rainbow Design 1','2024-04-26 10:48:09','2024-04-26 11:01:00'),(325,'Confetti Packets - Rainbow Design 2','2024-04-26 10:48:09','2024-04-26 11:01:00'),(326,'Confetti Packets - Rainbow Design 3','2024-04-26 10:48:09','2024-04-26 11:01:00'),(327,'Confetti Packets - Rainbow Design 4','2024-04-26 10:48:09','2024-04-26 11:01:00'),(328,'Confetti Packets - Welcome Design 1','2024-04-26 10:48:09','2024-04-26 11:01:00'),(329,'Confetti Packets - Welcome Design 2','2024-04-26 10:48:09','2024-04-26 11:01:00'),(330,'Confetti Packets - Welcome Design 3','2024-04-26 10:48:09','2024-04-26 11:01:00'),(331,'Confetti Packets - Welcome Design 4','2024-04-26 10:48:09','2024-04-26 11:01:00'),(332,'Confetti Packets - Welcome Design 5','2024-04-26 10:48:09','2024-04-26 11:01:00'),(333,'Confetti Packets - Eucalyptus Say I Do Design 1','2024-04-26 10:48:09','2024-04-26 11:01:00'),(334,'Confetti Packets - Pink Heart Say I Do Design 2','2024-04-26 10:48:09','2024-04-26 11:01:00'),(335,'Confetti Packets - Pink Stripe Say I Do Design 3','2024-04-26 10:48:09','2024-04-26 11:01:00'),(336,'Confetti Packets - Confetti Design 1','2024-04-26 10:48:09','2024-04-26 11:01:00'),(337,'Confetti Packets - Confetti Design 2','2024-04-26 10:48:09','2024-04-26 11:01:00'),(338,'Confetti Packets - Confetti Design 3','2024-04-26 10:48:09','2024-04-26 11:01:00'),(339,'Confetti Packets - Confetti Design 4','2024-04-26 10:48:09','2024-04-26 11:01:00'),(340,'Confetti Packets - Confetti Design 5','2024-04-26 10:48:09','2024-04-26 11:01:00'),(341,'Confetti Packets - Confetti Design 6','2024-04-26 10:48:09','2024-04-26 11:01:00'),(342,'Confetti Packets - Confetti Design 7','2024-04-26 10:48:09','2024-04-26 11:01:00'),(343,'Confetti Packets - Confetti Design 8','2024-04-26 10:48:09','2024-04-26 11:01:00'),(344,'Confetti Packets - Confetti Design 9','2024-04-26 11:01:00','2024-04-26 11:01:00'),(345,'Confetti Packets - Confetti Design 10','2024-04-26 11:01:00','2024-04-26 11:01:00'),(346,'Confetti Packets - Confetti Design 11','2024-04-26 11:01:00','2024-04-26 11:01:00'),(347,'Confetti Packets - Confetti Design 12','2024-04-26 11:01:00','2024-04-26 11:01:00'),(348,'Confetti Packets - Newlyweds Design 1','2024-04-26 11:01:00','2024-04-26 11:01:00'),(349,'Confetti Packets - Newlyweds Design 2','2024-04-26 11:01:00','2024-04-26 11:01:00'),(350,'Confetti Packets - Newlyweds Design 3','2024-04-26 11:01:00','2024-04-26 11:01:00'),(351,'Confetti Packets - Newlyweds Design 4','2024-04-26 11:01:00','2024-04-26 11:01:00'),(352,'Confetti Packets - Newlyweds Design 5','2024-04-26 11:01:00','2024-04-26 11:01:00'),(353,'Confetti Packets - Newlyweds Design 6','2024-04-26 11:01:00','2024-04-26 11:01:00'),(354,'Confetti Packets - Newlyweds Design 7','2024-04-26 11:01:00','2024-04-26 11:01:00'),(355,'Confetti Packets - Newlyweds Design 8','2024-04-26 11:01:00','2024-04-26 11:01:00'),(356,'Confetti Packets - Newlyweds Design 9','2024-04-26 11:01:00','2024-04-26 11:01:00'),(357,'Confetti Packets - Newlyweds Design 10','2024-04-26 11:01:00','2024-04-26 11:01:00'),(358,'Confetti Packets - Newlyweds Design 11','2024-04-26 11:01:00','2024-04-26 11:01:00'),(359,'Confetti Packets - Newlyweds Design 12','2024-04-26 11:01:00','2024-04-26 11:01:00'),(360,'Confetti Packets - Party Design 1','2024-04-26 11:01:00','2024-04-26 11:01:00'),(361,'Confetti Packets - Party Design 2','2024-04-26 11:01:00','2024-04-26 11:01:00'),(362,'Confetti Packets - Party Design 3','2024-04-26 11:01:00','2024-04-26 11:01:00'),(363,'Confetti Packets - Party Design 4','2024-04-26 11:01:00','2024-04-26 11:01:00'),(364,'Confetti Packets - Party Design 5','2024-04-26 11:01:00','2024-04-26 11:01:00'),(365,'Confetti Packets - Party Design 6','2024-04-26 11:01:00','2024-04-26 11:01:00'),(366,'Confetti Packets - Party Design 7','2024-04-26 11:01:00','2024-04-26 11:01:00'),(367,'Confetti Packets - Party Design 8','2024-04-26 11:01:00','2024-04-26 11:01:00'),(368,'Confetti Packets - Party Design 9','2024-04-26 11:01:00','2024-04-26 11:01:00'),(369,'Confetti Packets - Party Design 10','2024-04-26 11:01:00','2024-04-26 11:01:00'),(370,'Confetti Packets - Party Design 11','2024-04-26 11:01:00','2024-04-26 11:01:00'),(371,'Confetti Packets - Party Design 12','2024-04-26 11:01:00','2024-04-26 11:01:00'),(372,'Confetti Packets - Photographer\'s Cue Design 1','2024-04-26 11:01:00','2024-04-26 11:01:00'),(373,'Confetti Packets - Photographer\'s Cue Design 2','2024-04-26 11:01:00','2024-04-26 11:01:00'),(374,'Confetti Packets - Photographer\'s Cue Design 3','2024-04-26 11:01:00','2024-04-26 11:01:00'),(375,'Confetti Packets - Photographer\'s Cue Design 4','2024-04-26 11:01:00','2024-04-26 11:01:00'),(376,'Confetti Packets - Photographer\'s Cue Design 5','2024-04-26 11:01:00','2024-04-26 11:01:00'),(377,'Confetti Packets - Photographer\'s Cue Design 6','2024-04-26 11:01:00','2024-04-26 11:01:00'),(378,'Confetti Packets - Photographer\'s Cue Design 7','2024-04-26 11:01:00','2024-04-26 11:01:00'),(379,'Confetti Packets - Photographer\'s Cue Design 8','2024-04-26 11:01:00','2024-04-26 11:01:00'),(380,'Confetti Packets - Photographer\'s Cue Design 9','2024-04-26 11:01:00','2024-04-26 11:01:00'),(381,'Confetti Packets - Photographer\'s Cue Design 10','2024-04-26 11:01:00','2024-04-26 11:01:00'),(382,'Confetti Packets - Photographer\'s Cue Design 11','2024-04-26 11:01:00','2024-04-26 11:01:00'),(383,'Confetti Packets - Photographer\'s Cue Design 12','2024-04-26 11:01:00','2024-04-26 11:01:00'),(384,'Confetti Packets - Photographer\'s Cue Design 12','2024-04-26 11:01:00','2024-04-26 11:01:00'),(385,'Confetti Packets - Say I Do Design 2','2024-04-26 11:01:00','2024-04-26 11:01:00'),(386,'Confetti Packets - Say I Do Design 3','2024-04-26 11:01:00','2024-04-26 11:01:00'),(387,'Confetti Packets - Say I Do Design 4','2024-04-26 11:01:00','2024-04-26 11:01:00'),(388,'Confetti Packets - Say I Do Design 5','2024-04-26 11:01:00','2024-04-26 11:01:00'),(389,'Confetti Packets - Say I Do Design 6','2024-04-26 11:01:00','2024-04-26 11:01:00'),(390,'Confetti Packets - Say I Do Design 7','2024-04-26 11:01:01','2024-04-26 11:01:01'),(391,'Confetti Packets - Say I Do Design 8','2024-04-26 11:01:01','2024-04-26 11:01:01'),(392,'Confetti Packets - Say I Do Design 9','2024-04-26 11:01:01','2024-04-26 11:01:01'),(393,'Confetti Packets - Say I Do Design 10','2024-04-26 11:01:01','2024-04-26 11:01:01'),(394,'Confetti Packets - Say I Do Design 11','2024-04-26 11:01:01','2024-04-26 11:01:01'),(395,'Confetti Packets - Say I Do Design 12','2024-04-26 11:01:01','2024-04-26 11:01:01'),(396,'Confetti Packets - Sprinkle Some Love Design 1','2024-04-26 11:01:01','2024-04-26 11:01:01'),(397,'Confetti Packets - Sprinkle Some Love Design 2','2024-04-26 11:01:01','2024-04-26 11:01:01'),(398,'Confetti Packets - Sprinkle Some Love Design 3','2024-04-26 11:01:01','2024-04-26 11:01:01'),(399,'Confetti Packets - Sprinkle Some Love Design 4','2024-04-26 11:01:01','2024-04-26 11:01:01'),(400,'Confetti Packets - Sprinkle Some Love Design 5','2024-04-26 11:01:01','2024-04-26 11:01:01'),(401,'Confetti Packets - Sprinkle Some Love Design 6','2024-04-26 11:01:01','2024-04-26 11:01:01'),(402,'Confetti Packets - Sprinkle Some Love Design 7','2024-04-26 11:01:01','2024-04-26 11:01:01'),(403,'Confetti Packets - Sprinkle Some Love Design 8','2024-04-26 11:01:01','2024-04-26 11:01:01'),(404,'Confetti Packets - Sprinkle Some Love Design 9','2024-04-26 11:01:01','2024-04-26 11:01:01'),(405,'Confetti Packets - Sprinkle Some Love Design 10','2024-04-26 11:01:01','2024-04-26 11:01:01'),(406,'Confetti Packets - Sprinkle Some Love Design 11','2024-04-26 11:01:01','2024-04-26 11:01:01'),(407,'Confetti Packets - Sprinkle Some Love Design 11','2024-04-26 11:01:01','2024-04-26 11:01:01'),(408,'Confetti Packets - Throw Me Design 1','2024-04-26 11:01:01','2024-04-26 11:01:01'),(409,'Confetti Packets - Throw Me Design 2','2024-04-26 11:01:01','2024-04-26 11:01:01'),(410,'Confetti Packets - Throw Me Design 3','2024-04-26 11:01:01','2024-04-26 11:01:01'),(411,'Confetti Packets - Throw Me Design 4','2024-04-26 11:01:01','2024-04-26 11:01:01'),(412,'Confetti Packets - Throw Me Design 5','2024-04-26 11:01:01','2024-04-26 11:01:01'),(413,'Confetti Packets - Throw Me Design 6','2024-04-26 11:01:01','2024-04-26 11:01:01'),(414,'Confetti Packets - Throw Me Design 7','2024-04-26 11:01:01','2024-04-26 11:01:01'),(415,'Confetti Packets - Throw Me Design 8','2024-04-26 11:01:01','2024-04-26 11:01:01'),(416,'Confetti Packets - Throw Me Design 9','2024-04-26 11:01:01','2024-04-26 11:01:01'),(417,'Confetti Packets - Throw Me Design 10','2024-04-26 11:01:01','2024-04-26 11:01:01'),(418,'Confetti Packets - Throw Me Design 11','2024-04-26 11:01:01','2024-04-26 11:01:01'),(419,'Confetti Packets - Throw Me Design 12','2024-04-26 11:01:01','2024-04-26 11:01:01');

--
-- Table structure for table `option_mini_products`
--

CREATE TABLE `option_mini_products` (
  `id` bigint unsigned NOT NULL AUTO_INCREMENT,
  `option_id` bigint unsigned NOT NULL,
  `mini_product_id` bigint unsigned NOT NULL,
  `created_at` timestamp NULL DEFAULT NULL,
  `updated_at` timestamp NULL DEFAULT NULL,
  PRIMARY KEY (`id`),
  KEY `option_mini_products_option_id_index` (`option_id`),
  KEY `option_mini_products_mini_product_id_index` (`mini_product_id`),
  CONSTRAINT `option_mini_products_mini_product_id_foreign` FOREIGN KEY (`mini_product_id`) REFERENCES `mini_products` (`id`) ON DELETE CASCADE,
  CONSTRAINT `option_mini_products_option_id_foreign` FOREIGN KEY (`option_id`) REFERENCES `options` (`id`) ON DELETE CASCADE
) ENGINE=InnoDB AUTO_INCREMENT=420 DEFAULT CHARSET=utf8mb4 COLLATE=utf8mb4_unicode_ci;

--
-- Dumping data for table `option_mini_products`
--

INSERT INTO `option_mini_products` VALUES (1,1,1,'2024-04-22 07:27:31','2024-04-22 07:27:31'),(2,1,2,'2024-04-22 07:36:16','2024-04-22 07:36:16'),(3,1,3,'2024-04-22 07:36:16','2024-04-22 07:36:16'),(4,1,4,'2024-04-22 07:36:16','2024-04-22 07:36:16'),(5,1,5,'2024-04-22 07:38:35','2024-04-22 07:38:35'),(6,1,6,'2024-04-22 07:38:35','2024-04-22 07:38:35'),(7,1,7,'2024-04-22 07:41:00','2024-04-22 07:41:00'),(8,1,8,'2024-04-22 07:41:00','2024-04-22 07:41:00'),(9,1,9,'2024-04-22 07:42:44','2024-04-22 07:42:44'),(10,1,10,'2024-04-22 07:42:44','2024-04-22 07:42:44'),(11,1,11,'2024-04-22 07:53:34','2024-04-22 07:53:34'),(12,1,12,'2024-04-22 07:53:34','2024-04-22 07:53:34'),(13,1,13,'2024-04-22 07:53:34','2024-04-22 07:53:34'),(14,1,14,'2024-04-22 07:53:34','2024-04-22 07:53:34'),(15,1,15,'2024-04-22 07:54:44','2024-04-22 07:54:44'),(16,1,16,'2024-04-22 08:16:52','2024-04-22 08:16:52'),(17,1,17,'2024-04-22 08:18:53','2024-04-22 08:18:53'),(18,1,18,'2024-04-22 08:18:53','2024-04-22 08:18:53'),(19,1,19,'2024-04-23 07:10:07','2024-04-23 07:10:07'),(20,1,20,'2024-04-23 07:10:07','2024-04-23 07:10:07'),(21,1,21,'2024-04-23 07:10:07','2024-04-23 07:10:07'),(22,1,22,'2024-04-23 07:12:40','2024-04-23 07:12:40'),(23,1,23,'2024-04-23 07:12:40','2024-04-23 07:12:40'),(24,1,24,'2024-04-23 07:12:40','2024-04-23 07:12:40'),(25,1,25,'2024-04-23 07:15:36','2024-04-23 07:15:36'),(26,1,26,'2024-04-23 07:15:36','2024-04-23 07:15:36'),(27,1,27,'2024-04-23 07:15:36','2024-04-23 07:15:36'),(28,1,28,'2024-04-23 07:15:36','2024-04-23 07:15:36'),(29,1,29,'2024-04-23 07:15:36','2024-04-23 07:15:36'),(30,1,30,'2024-04-23 07:15:36','2024-04-23 07:15:36'),(31,1,31,'2024-04-23 07:21:25','2024-04-23 07:21:25'),(32,1,32,'2024-04-23 07:21:25','2024-04-23 07:21:25'),(33,1,33,'2024-04-23 07:21:25','2024-04-23 07:21:25'),(34,1,34,'2024-04-23 07:21:25','2024-04-23 07:21:25'),(35,1,35,'2024-04-23 07:21:25','2024-04-23 07:21:25'),(36,1,36,'2024-04-23 07:21:25','2024-04-23 07:21:25'),(37,1,37,'2024-04-23 07:27:05','2024-04-23 07:27:05'),(38,1,38,'2024-04-23 07:27:05','2024-04-23 07:27:05'),(39,1,39,'2024-04-23 07:27:05','2024-04-23 07:27:05'),(40,1,40,'2024-04-23 07:27:05','2024-04-23 07:27:05'),(41,1,41,'2024-04-23 07:27:05','2024-04-23 07:27:05'),(42,1,42,'2024-04-23 07:27:05','2024-04-23 07:27:05'),(43,1,43,'2024-04-23 07:32:14','2024-04-23 07:32:14'),(44,1,44,'2024-04-23 07:32:14','2024-04-23 07:32:14'),(45,1,45,'2024-04-23 07:32:14','2024-04-23 07:32:14'),(46,1,46,'2024-04-23 07:32:14','2024-04-23 07:32:14'),(47,1,47,'2024-04-23 07:32:14','2024-04-23 07:32:14'),(48,1,48,'2024-04-23 07:32:14','2024-04-23 07:32:14'),(49,1,49,'2024-04-23 07:32:14','2024-04-23 07:32:14'),(50,1,50,'2024-04-23 07:32:14','2024-04-23 07:32:14'),(51,1,51,'2024-04-23 07:32:14','2024-04-23 07:32:14'),(52,1,52,'2024-04-23 07:38:38','2024-04-23 07:38:38'),(53,1,53,'2024-04-23 07:38:38','2024-04-23 07:38:38'),(54,1,54,'2024-04-23 07:38:38','2024-04-23 07:38:38'),(55,1,55,'2024-04-23 07:38:38','2024-04-23 07:38:38'),(56,1,56,'2024-04-23 07:38:38','2024-04-23 07:38:38'),(57,1,57,'2024-04-23 07:38:38','2024-04-23 07:38:38'),(58,1,58,'2024-04-23 07:38:38','2024-04-23 07:38:38'),(59,1,59,'2024-04-23 07:38:38','2024-04-23 07:38:38'),(60,1,60,'2024-04-23 07:38:38','2024-04-23 07:38:38'),(61,1,61,'2024-04-23 07:38:38','2024-04-23 07:38:38'),(62,1,62,'2024-04-23 07:44:32','2024-04-23 07:44:32'),(63,1,63,'2024-04-25 07:30:49','2024-04-25 07:30:49'),(64,1,64,'2024-04-25 07:30:49','2024-04-25 07:30:49'),(65,1,65,'2024-04-25 07:30:49','2024-04-25 07:30:49'),(66,1,66,'2024-04-25 07:30:49','2024-04-25 07:30:49'),(67,1,67,'2024-04-25 07:30:49','2024-04-25 07:30:49'),(68,1,68,'2024-04-25 07:30:49','2024-04-25 07:30:49'),(69,1,69,'2024-04-25 07:30:49','2024-04-25 07:30:49'),(70,1,70,'2024-04-25 07:30:49','2024-04-25 07:30:49'),(71,1,71,'2024-04-25 07:30:49','2024-04-25 07:30:49'),(72,1,72,'2024-04-25 07:44:01','2024-04-25 07:44:01'),(73,1,73,'2024-04-25 07:44:01','2024-04-25 07:44:01'),(74,1,74,'2024-04-25 07:44:01','2024-04-25 07:44:01'),(75,1,75,'2024-04-25 07:44:01','2024-04-25 07:44:01'),(76,1,76,'2024-04-25 07:44:01','2024-04-25 07:44:01'),(77,1,77,'2024-04-25 07:44:01','2024-04-25 07:44:01'),(78,1,78,'2024-04-25 07:44:01','2024-04-25 07:44:01'),(79,1,79,'2024-04-25 07:44:01','2024-04-25 07:44:01'),(80,1,80,'2024-04-25 07:44:01','2024-04-25 07:44:01'),(81,1,81,'2024-04-25 07:44:01','2024-04-25 07:44:01'),(82,1,82,'2024-04-25 07:44:02','2024-04-25 07:44:02'),(83,1,83,'2024-04-25 07:44:02','2024-04-25 07:44:02'),(84,1,84,'2024-04-25 07:51:06','2024-04-25 07:51:06'),(85,1,85,'2024-04-25 07:51:06','2024-04-25 07:51:06'),(86,1,86,'2024-04-25 07:51:06','2024-04-25 07:51:06'),(87,1,87,'2024-04-25 07:51:06','2024-04-25 07:51:06'),(88,1,88,'2024-04-25 07:51:06','2024-04-25 07:51:06'),(89,1,89,'2024-04-25 07:51:06','2024-04-25 07:51:06'),(90,1,90,'2024-04-25 10:27:40','2024-04-25 10:27:40'),(91,1,91,'2024-04-25 10:27:40','2024-04-25 10:27:40'),(92,1,92,'2024-04-25 10:27:40','2024-04-25 10:27:40'),(93,1,93,'2024-04-25 10:27:40','2024-04-25 10:27:40'),(94,1,94,'2024-04-25 10:27:40','2024-04-25 10:27:40'),(95,1,95,'2024-04-25 10:27:40','2024-04-25 10:27:40'),(96,1,96,'2024-04-25 10:27:40','2024-04-25 10:27:40'),(97,1,97,'2024-04-25 10:27:40','2024-04-25 10:27:40'),(98,1,98,'2024-04-25 10:27:40','2024-04-25 10:27:40'),(99,1,99,'2024-04-25 10:27:40','2024-04-25 10:27:40'),(100,1,100,'2024-04-25 10:27:40','2024-04-25 10:27:40'),(101,1,101,'2024-04-25 10:27:40','2024-04-25 10:27:40'),(102,1,102,'2024-04-25 10:27:40','2024-04-25 10:27:40'),(103,1,103,'2024-04-25 10:27:40','2024-04-25 10:27:40'),(104,1,104,'2024-04-25 10:27:40','2024-04-25 10:27:40'),(105,1,105,'2024-04-25 10:27:40','2024-04-25 10:27:40'),(106,1,106,'2024-04-25 10:27:40','2024-04-25 10:27:40'),(107,1,107,'2024-04-25 10:38:56','2024-04-25 10:38:56'),(108,1,108,'2024-04-25 10:38:56','2024-04-25 10:38:56'),(109,1,109,'2024-04-25 10:38:56','2024-04-25 10:38:56'),(110,1,110,'2024-04-25 10:38:56','2024-04-25 10:38:56'),(111,1,111,'2024-04-25 10:38:56','2024-04-25 10:38:56'),(112,1,112,'2024-04-25 10:38:56','2024-04-25 10:38:56'),(113,1,113,'2024-04-25 10:38:56','2024-04-25 10:38:56'),(114,1,114,'2024-04-25 10:38:56','2024-04-25 10:38:56'),(115,1,115,'2024-04-25 10:38:56','2024-04-25 10:38:56'),(116,1,116,'2024-04-25 10:38:56','2024-04-25 10:38:56'),(117,1,117,'2024-04-25 10:38:56','2024-04-25 10:38:56'),(118,1,118,'2024-04-25 10:38:56','2024-04-25 10:38:56'),(119,1,119,'2024-04-25 10:38:56','2024-04-25 10:38:56'),(120,2,120,'2024-04-25 10:53:03','2024-04-25 10:53:03'),(121,2,121,'2024-04-25 10:53:03','2024-04-25 10:53:03'),(122,2,122,'2024-04-25 10:53:03','2024-04-25 10:53:03'),(123,2,123,'2024-04-25 10:53:03','2024-04-25 10:53:03'),(124,2,124,'2024-04-25 10:53:03','2024-04-25 10:53:03'),(125,2,125,'2024-04-25 10:53:03','2024-04-25 10:53:03'),(126,2,126,'2024-04-25 10:53:03','2024-04-25 10:53:03'),(127,2,127,'2024-04-25 10:53:03','2024-04-25 10:53:03'),(128,3,128,'2024-04-25 10:54:39','2024-04-25 10:54:39'),(129,3,129,'2024-04-25 10:54:39','2024-04-25 10:54:39'),(130,3,130,'2024-04-25 10:54:39','2024-04-25 10:54:39'),(131,3,131,'2024-04-25 10:54:39','2024-04-25 10:54:39'),(132,4,132,'2024-04-25 10:56:01','2024-04-25 10:56:01'),(133,4,133,'2024-04-25 10:56:01','2024-04-25 10:56:01'),(134,4,134,'2024-04-25 10:56:01','2024-04-25 10:56:01'),(135,4,135,'2024-04-25 10:56:01','2024-04-25 10:56:01'),(136,2,136,'2024-04-25 11:31:46','2024-04-25 11:31:46'),(137,2,137,'2024-04-25 11:31:46','2024-04-25 11:31:46'),(138,2,138,'2024-04-25 11:31:46','2024-04-25 11:31:46'),(139,2,139,'2024-04-25 11:31:46','2024-04-25 11:31:46'),(140,2,140,'2024-04-25 11:31:46','2024-04-25 11:31:46'),(141,2,141,'2024-04-25 11:31:46','2024-04-25 11:31:46'),(147,5,147,'2024-04-26 10:12:02','2024-04-26 10:12:02'),(148,5,148,'2024-04-26 10:13:18','2024-04-26 10:13:18'),(149,5,149,'2024-04-26 10:13:18','2024-04-26 10:13:18'),(150,5,150,'2024-04-26 10:13:18','2024-04-26 10:13:18'),(151,5,151,'2024-04-26 10:13:18','2024-04-26 10:13:18'),(152,5,152,'2024-04-26 10:13:18','2024-04-26 10:13:18'),(153,5,153,'2024-04-26 10:13:18','2024-04-26 10:13:18'),(154,5,154,'2024-04-26 10:13:18','2024-04-26 10:13:18'),(155,5,155,'2024-04-26 10:13:18','2024-04-26 10:13:18'),(156,5,156,'2024-04-26 10:13:18','2024-04-26 10:13:18'),(157,5,157,'2024-04-26 10:20:25','2024-04-26 10:20:25'),(158,5,158,'2024-04-26 10:20:25','2024-04-26 10:20:25'),(159,5,159,'2024-04-26 10:20:25','2024-04-26 10:20:25'),(160,5,160,'2024-04-26 10:20:25','2024-04-26 10:20:25'),(161,5,161,'2024-04-26 10:20:25','2024-04-26 10:20:25'),(162,5,162,'2024-04-26 10:20:25','2024-04-26 10:20:25'),(163,5,163,'2024-04-26 10:20:25','2024-04-26 10:20:25'),(164,5,164,'2024-04-26 10:20:25','2024-04-26 10:20:25'),(165,5,165,'2024-04-26 10:20:25','2024-04-26 10:20:25'),(166,5,166,'2024-04-26 10:20:25','2024-04-26 10:20:25'),(167,5,167,'2024-04-26 10:20:25','2024-04-26 10:20:25'),(168,5,168,'2024-04-26 10:20:25','2024-04-26 10:20:25'),(169,5,169,'2024-04-26 10:20:25','2024-04-26 10:20:25'),(170,5,170,'2024-04-26 10:20:25','2024-04-26 10:20:25'),(171,5,171,'2024-04-26 10:20:25','2024-04-26 10:20:25'),(172,5,172,'2024-04-26 10:20:25','2024-04-26 10:20:25'),(173,5,173,'2024-04-26 10:20:25','2024-04-26 10:20:25'),(174,5,174,'2024-04-26 10:20:25','2024-04-26 10:20:25'),(175,5,175,'2024-04-26 10:20:25','2024-04-26 10:20:25'),(176,5,176,'2024-04-26 10:20:25','2024-04-26 10:20:25'),(177,5,177,'2024-04-26 10:20:25','2024-04-26 10:20:25'),(178,5,178,'2024-04-26 10:20:25','2024-04-26 10:20:25'),(179,5,179,'2024-04-26 10:20:25','2024-04-26 10:20:25'),(180,5,180,'2024-04-26 10:20:25','2024-04-26 10:20:25'),(181,5,181,'2024-04-26 10:20:25','2024-04-26 10:20:25'),(182,5,182,'2024-04-26 10:20:25','2024-04-26 10:20:25'),(183,5,183,'2024-04-26 10:20:25','2024-04-26 10:20:25'),(184,5,184,'2024-04-26 10:20:25','2024-04-26 10:20:25'),(185,5,185,'2024-04-26 10:20:25','2024-04-26 10:20:25'),(186,5,186,'2024-04-26 10:20:25','2024-04-26 10:20:25'),(187,5,187,'2024-04-26 10:20:25','2024-04-26 10:20:25'),(188,5,188,'2024-04-26 10:20:25','2024-04-26 10:20:25'),(189,5,189,'2024-04-26 10:20:25','2024-04-26 10:20:25'),(190,5,190,'2024-04-26 10:20:25','2024-04-26 10:20:25'),(191,5,191,'2024-04-26 10:20:25','2024-04-26 10:20:25'),(192,5,192,'2024-04-26 10:23:29','2024-04-26 10:23:29'),(193,5,193,'2024-04-26 10:23:29','2024-04-26 10:23:29'),(194,5,194,'2024-04-26 10:23:29','2024-04-26 10:23:29'),(195,5,195,'2024-04-26 10:23:29','2024-04-26 10:23:29'),(196,5,196,'2024-04-26 10:23:29','2024-04-26 10:23:29'),(197,5,197,'2024-04-26 10:23:29','2024-04-26 10:23:29'),(198,5,198,'2024-04-26 10:23:29','2024-04-26 10:23:29'),(199,5,199,'2024-04-26 10:23:29','2024-04-26 10:23:29'),(200,5,200,'2024-04-26 10:23:29','2024-04-26 10:23:29'),(201,5,201,'2024-04-26 10:23:29','2024-04-26 10:23:29'),(202,5,202,'2024-04-26 10:23:29','2024-04-26 10:23:29'),(203,5,203,'2024-04-26 10:23:29','2024-04-26 10:23:29'),(204,5,204,'2024-04-26 10:23:29','2024-04-26 10:23:29'),(205,5,205,'2024-04-26 10:23:29','2024-04-26 10:23:29'),(206,5,206,'2024-04-26 10:25:38','2024-04-26 10:25:38'),(207,5,207,'2024-04-26 10:25:38','2024-04-26 10:25:38'),(208,5,208,'2024-04-26 10:25:38','2024-04-26 10:25:38'),(209,5,209,'2024-04-26 10:25:38','2024-04-26 10:25:38'),(210,5,210,'2024-04-26 10:25:38','2024-04-26 10:25:38'),(211,5,211,'2024-04-26 10:25:38','2024-04-26 10:25:38'),(212,5,212,'2024-04-26 10:25:38','2024-04-26 10:25:38'),(213,5,213,'2024-04-26 10:25:38','2024-04-26 10:25:38'),(214,5,214,'2024-04-26 10:25:38','2024-04-26 10:25:38'),(215,5,215,'2024-04-26 10:25:38','2024-04-26 10:25:38'),(216,5,216,'2024-04-26 10:25:38','2024-04-26 10:25:38'),(217,5,217,'2024-04-26 10:25:38','2024-04-26 10:25:38'),(218,5,218,'2024-04-26 10:25:38','2024-04-26 10:25:38'),(219,5,219,'2024-04-26 10:25:38','2024-04-26 10:25:38'),(220,5,220,'2024-04-26 10:25:38','2024-04-26 10:25:38'),(221,5,221,'2024-04-26 10:25:38','2024-04-26 10:25:38'),(222,5,222,'2024-04-26 10:36:08','2024-04-26 10:36:08'),(223,5,223,'2024-04-26 10:36:08','2024-04-26 10:36:08'),(224,5,224,'2024-04-26 10:36:08','2024-04-26 10:36:08'),(225,5,225,'2024-04-26 10:36:08','2024-04-26 10:36:08'),(226,5,226,'2024-04-26 10:36:08','2024-04-26 10:36:08'),(227,5,227,'2024-04-26 10:36:08','2024-04-26 10:36:08'),(228,5,228,'2024-04-26 10:36:08','2024-04-26 10:36:08'),(229,5,229,'2024-04-26 10:36:08','2024-04-26 10:36:08'),(230,5,230,'2024-04-26 10:36:08','2024-04-26 10:36:08'),(231,5,231,'2024-04-26 10:36:08','2024-04-26 10:36:08'),(232,5,232,'2024-04-26 10:36:08','2024-04-26 10:36:08'),(233,5,233,'2024-04-26 10:36:08','2024-04-26 10:36:08'),(234,5,234,'2024-04-26 10:36:08','2024-04-26 10:36:08'),(235,5,235,'2024-04-26 10:36:08','2024-04-26 10:36:08'),(236,5,236,'2024-04-26 10:36:08','2024-04-26 10:36:08'),(237,5,237,'2024-04-26 10:36:08','2024-04-26 10:36:08'),(238,5,238,'2024-04-26 10:36:08','2024-04-26 10:36:08'),(239,5,239,'2024-04-26 10:36:08','2024-04-26 10:36:08'),(240,5,240,'2024-04-26 10:36:08','2024-04-26 10:36:08'),(241,5,241,'2024-04-26 10:36:08','2024-04-26 10:36:08'),(242,5,242,'2024-04-26 10:36:08','2024-04-26 10:36:08'),(243,5,243,'2024-04-26 10:36:08','2024-04-26 10:36:08'),(244,5,244,'2024-04-26 10:36:08','2024-04-26 10:36:08'),(245,5,245,'2024-04-26 10:36:08','2024-04-26 10:36:08'),(246,5,246,'2024-04-26 10:36:08','2024-04-26 10:36:08'),(247,5,247,'2024-04-26 10:36:08','2024-04-26 10:36:08'),(248,5,248,'2024-04-26 10:36:08','2024-04-26 10:36:08'),(249,5,249,'2024-04-26 10:36:08','2024-04-26 10:36:08'),(250,5,250,'2024-04-26 10:36:08','2024-04-26 10:36:08'),(251,5,251,'2024-04-26 10:36:08','2024-04-26 10:36:08'),(252,5,252,'2024-04-26 10:36:08','2024-04-26 10:36:08'),(253,5,253,'2024-04-26 10:36:08','2024-04-26 10:36:08'),(254,5,254,'2024-04-26 10:36:08','2024-04-26 10:36:08'),(255,5,255,'2024-04-26 10:36:08','2024-04-26 10:36:08'),(256,5,256,'2024-04-26 10:36:08','2024-04-26 10:36:08'),(257,5,257,'2024-04-26 10:36:08','2024-04-26 10:36:08'),(258,5,258,'2024-04-26 10:36:08','2024-04-26 10:36:08'),(259,5,259,'2024-04-26 10:36:08','2024-04-26 10:36:08'),(260,5,260,'2024-04-26 10:36:08','2024-04-26 10:36:08'),(261,5,261,'2024-04-26 10:36:08','2024-04-26 10:36:08'),(262,5,262,'2024-04-26 10:36:08','2024-04-26 10:36:08'),(263,5,263,'2024-04-26 10:36:08','2024-04-26 10:36:08'),(264,5,264,'2024-04-26 10:36:08','2024-04-26 10:36:08'),(265,5,265,'2024-04-26 10:48:09','2024-04-26 10:48:09'),(266,5,266,'2024-04-26 10:48:09','2024-04-26 10:48:09'),(267,5,267,'2024-04-26 10:48:09','2024-04-26 10:48:09'),(268,5,268,'2024-04-26 10:48:09','2024-04-26 10:48:09'),(269,5,269,'2024-04-26 10:48:09','2024-04-26 10:48:09'),(270,5,270,'2024-04-26 10:48:09','2024-04-26 10:48:09'),(271,5,271,'2024-04-26 10:48:09','2024-04-26 10:48:09'),(272,5,272,'2024-04-26 10:48:09','2024-04-26 10:48:09'),(273,5,273,'2024-04-26 10:48:09','2024-04-26 10:48:09'),(274,5,274,'2024-04-26 10:48:09','2024-04-26 10:48:09'),(275,5,275,'2024-04-26 10:48:09','2024-04-26 10:48:09'),(276,5,276,'2024-04-26 10:48:09','2024-04-26 10:48:09'),(277,5,277,'2024-04-26 10:48:09','2024-04-26 10:48:09'),(278,5,278,'2024-04-26 10:48:09','2024-04-26 10:48:09'),(279,5,279,'2024-04-26 10:48:09','2024-04-26 10:48:09'),(280,5,280,'2024-04-26 10:48:09','2024-04-26 10:48:09'),(281,5,281,'2024-04-26 10:48:09','2024-04-26 10:48:09'),(282,5,282,'2024-04-26 10:48:09','2024-04-26 10:48:09'),(283,5,283,'2024-04-26 10:48:09','2024-04-26 10:48:09'),(284,5,284,'2024-04-26 10:48:09','2024-04-26 10:48:09'),(285,5,285,'2024-04-26 10:48:09','2024-04-26 10:48:09'),(286,5,286,'2024-04-26 10:48:09','2024-04-26 10:48:09'),(287,5,287,'2024-04-26 10:48:09','2024-04-26 10:48:09'),(288,5,288,'2024-04-26 10:48:09','2024-04-26 10:48:09'),(289,5,289,'2024-04-26 10:48:09','2024-04-26 10:48:09'),(290,5,290,'2024-04-26 10:48:09','2024-04-26 10:48:09'),(291,5,291,'2024-04-26 10:48:09','2024-04-26 10:48:09'),(292,5,292,'2024-04-26 10:48:09','2024-04-26 10:48:09'),(293,5,293,'2024-04-26 10:48:09','2024-04-26 10:48:09'),(294,5,294,'2024-04-26 10:48:09','2024-04-26 10:48:09'),(295,5,295,'2024-04-26 10:48:09','2024-04-26 10:48:09'),(296,5,296,'2024-04-26 10:48:09','2024-04-26 10:48:09'),(297,5,297,'2024-04-26 10:48:09','2024-04-26 10:48:09'),(298,5,298,'2024-04-26 10:48:09','2024-04-26 10:48:09'),(299,5,299,'2024-04-26 10:48:09','2024-04-26 10:48:09'),(300,5,300,'2024-04-26 10:48:09','2024-04-26 10:48:09'),(301,5,301,'2024-04-26 10:48:09','2024-04-26 10:48:09'),(302,5,302,'2024-04-26 10:48:09','2024-04-26 10:48:09'),(303,5,303,'2024-04-26 10:48:09','2024-04-26 10:48:09'),(304,5,304,'2024-04-26 10:48:09','2024-04-26 10:48:09'),(305,5,305,'2024-04-26 10:48:09','2024-04-26 10:48:09'),(306,5,306,'2024-04-26 10:48:09','2024-04-26 10:48:09'),(307,5,307,'2024-04-26 10:48:09','2024-04-26 10:48:09'),(308,5,308,'2024-04-26 10:48:09','2024-04-26 10:48:09'),(309,5,309,'2024-04-26 10:48:09','2024-04-26 10:48:09'),(310,5,310,'2024-04-26 10:48:09','2024-04-26 10:48:09'),(311,5,311,'2024-04-26 10:48:09','2024-04-26 10:48:09'),(312,5,312,'2024-04-26 10:48:09','2024-04-26 10:48:09'),(313,5,313,'2024-04-26 10:48:09','2024-04-26 10:48:09'),(314,5,314,'2024-04-26 10:48:09','2024-04-26 10:48:09'),(315,5,315,'2024-04-26 10:48:09','2024-04-26 10:48:09'),(316,5,316,'2024-04-26 10:48:09','2024-04-26 10:48:09'),(317,5,317,'2024-04-26 10:48:09','2024-04-26 10:48:09'),(318,5,318,'2024-04-26 10:48:09','2024-04-26 10:48:09'),(319,5,319,'2024-04-26 10:48:09','2024-04-26 10:48:09'),(320,5,320,'2024-04-26 10:48:09','2024-04-26 10:48:09'),(321,5,321,'2024-04-26 10:48:09','2024-04-26 10:48:09'),(322,5,322,'2024-04-26 10:48:09','2024-04-26 10:48:09'),(323,5,323,'2024-04-26 10:48:09','2024-04-26 10:48:09'),(324,5,324,'2024-04-26 10:48:09','2024-04-26 10:48:09'),(325,5,325,'2024-04-26 10:48:09','2024-04-26 10:48:09'),(326,5,326,'2024-04-26 10:48:09','2024-04-26 10:48:09'),(327,5,327,'2024-04-26 10:48:09','2024-04-26 10:48:09'),(328,5,328,'2024-04-26 10:48:09','2024-04-26 10:48:09'),(329,5,329,'2024-04-26 10:48:09','2024-04-26 10:48:09'),(330,5,330,'2024-04-26 10:48:09','2024-04-26 10:48:09'),(331,5,331,'2024-04-26 10:48:09','2024-04-26 10:48:09'),(332,5,332,'2024-04-26 10:48:09','2024-04-26 10:48:09'),(333,5,333,'2024-04-26 10:48:09','2024-04-26 10:48:09'),(334,5,334,'2024-04-26 10:48:09','2024-04-26 10:48:09'),(335,5,335,'2024-04-26 10:48:09','2024-04-26 10:48:09'),(336,5,336,'2024-04-26 10:48:09','2024-04-26 10:48:09'),(337,5,337,'2024-04-26 10:48:09','2024-04-26 10:48:09'),(338,5,338,'2024-04-26 10:48:09','2024-04-26 10:48:09'),(339,5,339,'2024-04-26 10:48:09','2024-04-26 10:48:09'),(340,5,340,'2024-04-26 10:48:09','2024-04-26 10:48:09'),(341,5,341,'2024-04-26 10:48:09','2024-04-26 10:48:09'),(342,5,342,'2024-04-26 10:48:09','2024-04-26 10:48:09'),(343,5,343,'2024-04-26 10:48:09','2024-04-26 10:48:09'),(344,5,344,'2024-04-26 11:01:00','2024-04-26 11:01:00'),(345,5,345,'2024-04-26 11:01:00','2024-04-26 11:01:00'),(346,5,346,'2024-04-26 11:01:00','2024-04-26 11:01:00'),(347,5,347,'2024-04-26 11:01:00','2024-04-26 11:01:00'),(348,5,348,'2024-04-26 11:01:00','2024-04-26 11:01:00'),(349,5,349,'2024-04-26 11:01:00','2024-04-26 11:01:00'),(350,5,350,'2024-04-26 11:01:00','2024-04-26 11:01:00'),(351,5,351,'2024-04-26 11:01:00','2024-04-26 11:01:00'),(352,5,352,'2024-04-26 11:01:00','2024-04-26 11:01:00'),(353,5,353,'2024-04-26 11:01:00','2024-04-26 11:01:00'),(354,5,354,'2024-04-26 11:01:00','2024-04-26 11:01:00'),(355,5,355,'2024-04-26 11:01:00','2024-04-26 11:01:00'),(356,5,356,'2024-04-26 11:01:00','2024-04-26 11:01:00'),(357,5,357,'2024-04-26 11:01:00','2024-04-26 11:01:00'),(358,5,358,'2024-04-26 11:01:00','2024-04-26 11:01:00'),(359,5,359,'2024-04-26 11:01:00','2024-04-26 11:01:00'),(360,5,360,'2024-04-26 11:01:00','2024-04-26 11:01:00'),(361,5,361,'2024-04-26 11:01:00','2024-04-26 11:01:00'),(362,5,362,'2024-04-26 11:01:00','2024-04-26 11:01:00'),(363,5,363,'2024-04-26 11:01:00','2024-04-26 11:01:00'),(364,5,364,'2024-04-26 11:01:00','2024-04-26 11:01:00'),(365,5,365,'2024-04-26 11:01:00','2024-04-26 11:01:00'),(366,5,366,'2024-04-26 11:01:00','2024-04-26 11:01:00'),(367,5,367,'2024-04-26 11:01:00','2024-04-26 11:01:00'),(368,5,368,'2024-04-26 11:01:00','2024-04-26 11:01:00'),(369,5,369,'2024-04-26 11:01:00','2024-04-26 11:01:00'),(370,5,370,'2024-04-26 11:01:00','2024-04-26 11:01:00'),(371,5,371,'2024-04-26 11:01:00','2024-04-26 11:01:00'),(372,5,372,'2024-04-26 11:01:00','2024-04-26 11:01:00'),(373,5,373,'2024-04-26 11:01:00','2024-04-26 11:01:00'),(374,5,374,'2024-04-26 11:01:00','2024-04-26 11:01:00'),(375,5,375,'2024-04-26 11:01:00','2024-04-26 11:01:00'),(376,5,376,'2024-04-26 11:01:00','2024-04-26 11:01:00'),(377,5,377,'2024-04-26 11:01:00','2024-04-26 11:01:00'),(378,5,378,'2024-04-26 11:01:00','2024-04-26 11:01:00'),(379,5,379,'2024-04-26 11:01:00','2024-04-26 11:01:00'),(380,5,380,'2024-04-26 11:01:00','2024-04-26 11:01:00'),(381,5,381,'2024-04-26 11:01:00','2024-04-26 11:01:00'),(382,5,382,'2024-04-26 11:01:00','2024-04-26 11:01:00'),(383,5,383,'2024-04-26 11:01:00','2024-04-26 11:01:00'),(384,5,384,'2024-04-26 11:01:00','2024-04-26 11:01:00'),(385,5,385,'2024-04-26 11:01:00','2024-04-26 11:01:00'),(386,5,386,'2024-04-26 11:01:00','2024-04-26 11:01:00'),(387,5,387,'2024-04-26 11:01:00','2024-04-26 11:01:00'),(388,5,388,'2024-04-26 11:01:00','2024-04-26 11:01:00'),(389,5,389,'2024-04-26 11:01:01','2024-04-26 11:01:01'),(390,5,390,'2024-04-26 11:01:01','2024-04-26 11:01:01'),(391,5,391,'2024-04-26 11:01:01','2024-04-26 11:01:01'),(392,5,392,'2024-04-26 11:01:01','2024-04-26 11:01:01'),(393,5,393,'2024-04-26 11:01:01','2024-04-26 11:01:01'),(394,5,394,'2024-04-26 11:01:01','2024-04-26 11:01:01'),(395,5,395,'2024-04-26 11:01:01','2024-04-26 11:01:01'),(396,5,396,'2024-04-26 11:01:01','2024-04-26 11:01:01'),(397,5,397,'2024-04-26 11:01:01','2024-04-26 11:01:01'),(398,5,398,'2024-04-26 11:01:01','2024-04-26 11:01:01'),(399,5,399,'2024-04-26 11:01:01','2024-04-26 11:01:01'),(400,5,400,'2024-04-26 11:01:01','2024-04-26 11:01:01'),(401,5,401,'2024-04-26 11:01:01','2024-04-26 11:01:01'),(402,5,402,'2024-04-26 11:01:01','2024-04-26 11:01:01'),(403,5,403,'2024-04-26 11:01:01','2024-04-26 11:01:01'),(404,5,404,'2024-04-26 11:01:01','2024-04-26 11:01:01'),(405,5,405,'2024-04-26 11:01:01','2024-04-26 11:01:01'),(406,5,406,'2024-04-26 11:01:01','2024-04-26 11:01:01'),(407,5,407,'2024-04-26 11:01:01','2024-04-26 11:01:01'),(408,5,408,'2024-04-26 11:01:01','2024-04-26 11:01:01'),(409,5,409,'2024-04-26 11:01:01','2024-04-26 11:01:01'),(410,5,410,'2024-04-26 11:01:01','2024-04-26 11:01:01'),(411,5,411,'2024-04-26 11:01:01','2024-04-26 11:01:01'),(412,5,412,'2024-04-26 11:01:01','2024-04-26 11:01:01'),(413,5,413,'2024-04-26 11:01:01','2024-04-26 11:01:01'),(414,5,414,'2024-04-26 11:01:01','2024-04-26 11:01:01'),(415,5,415,'2024-04-26 11:01:01','2024-04-26 11:01:01'),(416,5,416,'2024-04-26 11:01:01','2024-04-26 11:01:01'),(417,5,417,'2024-04-26 11:01:01','2024-04-26 11:01:01'),(418,5,418,'2024-04-26 11:01:01','2024-04-26 11:01:01'),(419,5,419,'2024-04-26 11:01:01','2024-04-26 11:01:01');

--
-- Table structure for table `option_products`
--

CREATE TABLE `option_products` (
  `id` bigint unsigned NOT NULL AUTO_INCREMENT,
  `product_id` bigint unsigned NOT NULL,
  `option_id` bigint unsigned NOT NULL,
  `created_at` timestamp NULL DEFAULT NULL,
  `updated_at` timestamp NULL DEFAULT NULL,
  PRIMARY KEY (`id`),
  KEY `option_products_product_id_index` (`product_id`),
  KEY `option_products_option_id_index` (`option_id`),
  CONSTRAINT `option_products_option_id_foreign` FOREIGN KEY (`option_id`) REFERENCES `options` (`id`) ON DELETE CASCADE,
  CONSTRAINT `option_products_product_id_foreign` FOREIGN KEY (`product_id`) REFERENCES `products` (`product_id`)
) ENGINE=InnoDB DEFAULT CHARSET=utf8mb4 COLLATE=utf8mb4_unicode_ci;

--
-- Dumping data for table `option_products`
--


--
-- Table structure for table `options`
--

CREATE TABLE `options` (
  `id` bigint unsigned NOT NULL AUTO_INCREMENT,
  `shop_name` varchar(255) COLLATE utf8mb4_unicode_ci NOT NULL,
  `option_name` longtext COLLATE utf8mb4_unicode_ci NOT NULL,
  `created_at` timestamp NULL DEFAULT NULL,
  `updated_at` timestamp NULL DEFAULT NULL,
  PRIMARY KEY (`id`)
) ENGINE=InnoDB AUTO_INCREMENT=8 DEFAULT CHARSET=utf8mb4 COLLATE=utf8mb4_unicode_ci;

--
-- Dumping data for table `options`
--

INSERT INTO `options` VALUES (1,'confettibee-co-uk.myshopify.com','Select your required Confetti','2024-04-22 07:19:16','2024-04-25 10:38:56'),(2,'confettibee-co-uk.myshopify.com','Select your required sticker colour','2024-04-25 10:50:01','2024-04-25 10:50:01'),(3,'confettibee-co-uk.myshopify.com','Select your required hessian bag','2024-04-25 10:53:35','2024-04-25 10:53:35'),(4,'confettibee-co-uk.myshopify.com','Select your require Pillow Box','2024-04-25 10:55:02','2024-04-25 10:55:02'),(5,'confettibee-co-uk.myshopify.com','Select confetti packet design','2024-04-25 10:56:16','2024-04-26 11:01:00');

--
-- Table structure for table `products`
--

CREATE TABLE `products` (
  `id` bigint unsigned NOT NULL AUTO_INCREMENT,
  `shop_name` longtext COLLATE utf8mb4_unicode_ci NOT NULL,
  `product_id` bigint unsigned NOT NULL,
  `product_name` mediumtext COLLATE utf8mb4_unicode_ci,
  `body_html` longtext COLLATE utf8mb4_unicode_ci,
  `vendor` varchar(255) COLLATE utf8mb4_unicode_ci DEFAULT NULL,
  `created_at` timestamp NULL DEFAULT NULL,
  `updated_at` timestamp NULL DEFAULT NULL,
  PRIMARY KEY (`id`),
  UNIQUE KEY `products_product_id_unique` (`product_id`)
) ENGINE=InnoDB AUTO_INCREMENT=967 DEFAULT CHARSET=utf8mb4 COLLATE=utf8mb4_unicode_ci;

--
-- Dumping data for table `products`
--

INSERT INTO `products` VALUES (1,'confettibee-co-uk.myshopify.com',7837153853698,'A Hint Of Blush Buds Confetti','<p>Looking for something a little different for your wedding confetti? Our hint of blush buds confetti collection might be just what you\'re after!</p>\n<p>Made up of our delicate Jasmine Petals, beautiful Jasmine Buds and fragrant Pink Rose Buds, it\'s the perfect way to add a touch of romance to your big day.</p>\n<p>And because all of our confetti is natural and eco-friendly, you can be sure that you\'re doing your bit for the environment too. So why not give it a try? We think you\'ll love it!</p>','Confetti Bee','2024-04-18 09:49:06','2024-04-18 09:49:06'),(2,'confettibee-co-uk.myshopify.com',8354542289154,'Agua Fresca Confetti','<p data-mce-fragment=\"1\"><span data-mce-fragment=\"1\">Hydrangea-based confetti makes for beautiful decorations </span><span data-mce-fragment=\"1\">on</span><span data-mce-fragment=\"1\"> your wedding day. Whether as scattering petals for flower girls to sprinkle down the aisle, to adorning wedding breakfast tables or just for good old-fashioned confetti throwing, these petals will certainly add a special touch to your celebration. </span><br data-mce-fragment=\"1\"></p>\n<p data-mce-fragment=\"1\"><span>Take a look at our Agua Fresca Confetti</span><span data-mce-fragment=\"1\">!</span> This <span data-mce-fragment=\"1\">mix of crisp White and bold Burnt Orange and Lime Green Hydrangea </span><span data-mce-fragment=\"1\">Petals really pops with its striking blend of tones. </span>The <span data-mce-fragment=\"1\">hydrangea petals</span> <span data-mce-fragment=\"1\">are freeze-dried to ensure longevity and to help preserve the vibrant colour, alongside being 100% natural and biodegradable</span><span data-mce-fragment=\"1\">. </span><br data-mce-fragment=\"1\"><br data-mce-fragment=\"1\">Clusters, some stalks and loose petals all combine to make this a delightful product - The playful colour blend makes for a truly memorable confetti shot!</p>','Confetti Bee','2024-04-18 09:49:06','2024-04-18 09:49:06'),(3,'confettibee-co-uk.myshopify.com',7944951005442,'Amethyst Amour Confetti','<p>If you\'re looking for a natural and eco-friendly alternative to traditional wedding confetti, look no further than our beautiful Amethyst Amour confetti collection.</p>\n<p>Made up of delicate jasmine petals and stunning purple blossom confetti, our confetti is the perfect way to add a touch of magic to your big day.</p>\n<p>Plus, our natural confetti is 100% biodegradable and safe for both you and the environment. Why not make your wedding day even more special with our beautiful petal confetti.</p>','Confetti Bee','2024-04-18 09:49:06','2024-04-18 09:49:06'),(4,'confettibee-co-uk.myshopify.com',7990496723202,'Apple Blossom Confetti','<p data-mce-fragment=\"1\"><span data-mce-fragment=\"1\">Hydrangea-based confetti makes for beautiful decorations </span><span data-mce-fragment=\"1\">on</span><span data-mce-fragment=\"1\"> your wedding day. Whether as scattering petals for flower girls to sprinkle down the aisle, to adorning wedding breakfast tables or just for good old-fashioned confetti throwing, these petals will certainly add a special touch to your celebration. Make your wedding day picture perfect with Apple Blossom Confetti.</span><br data-mce-fragment=\"1\"></p>\n<p data-mce-fragment=\"1\">We just love this elegant mix of our classic Snow White and<span> Green Hydrangea </span><span data-mce-fragment=\"1\">Confetti!</span> The <span data-mce-fragment=\"1\">hydrangea petals</span> are 100% natural<span> </span><span data-mce-fragment=\"1\">&amp; biodegradable </span>and the white petals have been treated to achieve (and retain) our famous snow white finish. Just don\'t ask us to reveal our secret formula for ensuring their unique, gorgeously-pure tone - We\'ll never tell! The green petals then add a lovely colour splash that blends <span data-mce-fragment=\"1\">beautifully. </span><br data-mce-fragment=\"1\"><br data-mce-fragment=\"1\">Clusters, some stalks and loose petals all combine to make this product really stand out - The elegant shade of the white mixed with the vivid green petals make for a wonderful confetti shot and will complement a whole range of wedding themes!</p>','Confetti Bee','2024-04-18 09:49:06','2024-04-18 09:49:06'),(5,'confettibee-co-uk.myshopify.com',8198971621634,'Apple Mint Confetti','<p>Looking for something a little different for your wedding confetti? Our Apple Mint Confetti collection might be just what you\'re after!</p>\n<p>Made up of our delicate Hydrangea Petals in snow white and light green, complemented by bold Eucalyptus, it\'s the perfect way to add a touch of romance to your big day.</p>\n<p>And because all of our confetti is natural and eco-friendly, you can be sure that you\'re doing your bit for the environment too. So why not give it a try? We think you\'ll love it!</p>','Confetti Bee','2024-04-18 09:49:06','2024-04-18 09:49:06'),(6,'confettibee-co-uk.myshopify.com',8340305707266,'Apple Rose','<p>Looking for something a little different for your wedding confetti? Our Apple Rose Confetti collection might be just what you\'re after!</p>\n<p>Made up of our delicate Hydrangea Petals in snow white and light green, complemented by delicate pink, it\'s the perfect way to add a touch of romance to your big day.</p>\n<p>And because all of our confetti is natural and eco-friendly, you can be sure that you\'re doing your bit for the environment too. So why not give it a try? We think you\'ll love it!</p>','Confetti Bee','2024-04-18 09:49:06','2024-04-18 09:49:06'),(7,'confettibee-co-uk.myshopify.com',8357804409090,'Aurora Confetti','<p data-mce-fragment=\"1\"><span data-mce-fragment=\"1\">Hydrangea-based confetti makes for beautiful decorations </span><span data-mce-fragment=\"1\">on</span><span data-mce-fragment=\"1\"> your wedding day. Whether as scattering petals for flower girls to sprinkle down the aisle, to adorning wedding breakfast tables or just for good old-fashioned confetti throwing, these petals will certainly add a special touch to your celebration. </span><br data-mce-fragment=\"1\"></p>\n<p data-mce-fragment=\"1\"><span>Take a look at our Aurora Confetti</span><span data-mce-fragment=\"1\">!</span> This <span data-mce-fragment=\"1\">mix of dreamy Blue and Dark Pink with bold Lime Green Hydrangea </span><span data-mce-fragment=\"1\">Petals really pops with its striking blend of tones. </span>The <span data-mce-fragment=\"1\">hydrangea petals</span> <span data-mce-fragment=\"1\">are freeze-dried to ensure longevity and to help preserve the vibrant colour, alongside being 100% natural and biodegradable</span><span data-mce-fragment=\"1\">. </span><br data-mce-fragment=\"1\"><br data-mce-fragment=\"1\">Clusters, some stalks and loose petals all combine to make this a delightful product - The playful colour blend makes for a truly memorable confetti shot!</p>','Confetti Bee','2024-04-18 09:49:06','2024-04-18 09:49:06'),(8,'confettibee-co-uk.myshopify.com',7959477911810,'Autumn Flame Confetti','<p>Looking for something a little different for your wedding confetti? Our Autumn Flame Confetti collection might be just what you\'re after!</p>\n<p>Made up of our delicate Sunkissed Rose Petals, beautiful Small Rose Petals and fragrant Orange Marigold Petals, it\'s the perfect way to add a touch of romance to your big day.</p>\n<p>And because all of our confetti is natural and eco-friendly, you can be sure that you\'re doing your bit for the environment too. So why not give it a try? We think you\'ll love it!</p>','Confetti Bee','2024-04-18 09:49:06','2024-04-18 09:49:06'),(9,'confettibee-co-uk.myshopify.com',7959502749954,'Autumn Merlot Confetti','<p>Looking for something a little different for your wedding confetti? Our Autumn Merlot Confetti collection might be just what you\'re after!</p>\n<p>Made up of our delicate Sunkissed Rose Petals, beautiful Merlot Rose Petals and fragrant Orange Marigold Petals, it\'s the perfect way to add a touch of romance to your big day.</p>\n<p>And because all of our confetti is natural and eco-friendly, you can be sure that you\'re doing your bit for the environment too. So why not give it a try? We think you\'ll love it!</p>','Confetti Bee','2024-04-18 09:49:06','2024-04-18 09:49:06'),(10,'confettibee-co-uk.myshopify.com',7959494033666,'Autumn Sunset Confetti','<p>Looking for something a little different for your wedding confetti? Our Autumn Sunset Confetti collection might be just what you\'re after!</p>\n<p>Made up of our delicate Peach Rose Petals, beautiful Small Rose Petals and fragrant Orange Marigold Petals, it\'s the perfect way to add a touch of romance to your big day.</p>\n<p>And because all of our confetti is natural and eco-friendly, you can be sure that you\'re doing your bit for the environment too. So why not give it a try? We think you\'ll love it!</p>','Confetti Bee','2024-04-18 09:49:06','2024-04-18 09:49:06'),(11,'confettibee-co-uk.myshopify.com',8070378979586,'Baby Pink & Pale Blue Tiny Feet Confetti','<p>Want to add a little something extra cute to help mark a birth, christening, baby shower or wedding? Our delightful Tiny Feet confetti mix is the perfect solution!</p>\n<p>This m<span data-mce-fragment=\"1\">ixed Baby Pink &amp; Pale Blue card </span>confetti is perfect for any event where you want to add a real touch of cuteness. It also can be used to provide an extra special addition <span data-mce-fragment=\"1\">for congratulation cards, gift bags or packaging!</span></p>\n<p><span style=\"font-weight: 400;\">Our Tiny Feet confetti is sold in 20 gram bags, giving you enough for 15 handfuls approximately.</span></p>\n<p><span style=\"font-weight: 400;\">Each piece of feet card confetti is 4cm long.</span></p>\n<ul>\n<li>Mixed Baby Pink &amp; Pale Blue foot-shaped confetti</li>\n<li>20g bags</li>\n<li>Ideal for baby showers, weddings, christenings &amp; card/gift inserts</li>\n</ul>','Confetti Bee','2024-04-18 09:49:06','2024-04-18 09:49:06'),(12,'confettibee-co-uk.myshopify.com',8070353223938,'Baby Pink Tiny Feet','<p>Want to add a little something extra cute to help mark a birth, christening, baby shower or wedding? Our delightful Baby Pink Tiny Feet confetti is the perfect solution!</p>\n<p>This card confetti is perfect for any event where you want to add a real touch of cuteness. It also can be used to provide an extra special addition <span data-mce-fragment=\"1\">for congratulation cards, gift bags or packaging!</span></p>\n<p><span style=\"font-weight: 400;\">Our Tiny Feet confetti is sold in 50 gram bags, giving you enough for 25 handfuls approximately.</span></p>\n<p><span style=\"font-weight: 400;\">Each piece of feet card confetti is 4cm long.</span></p>\n<ul>\n<li>Pale pink baby feet shaped card confetti</li>\n<li>50g bags</li>\n<li>Ideal for baby showers, weddings, christenings, decoration &amp; card/gift inserts</li>\n</ul>','Confetti Bee','2024-04-18 09:49:06','2024-04-18 09:49:06'),(13,'confettibee-co-uk.myshopify.com',7955756286210,'Bad Romance Confetti','<p>Looking for something a little different for your wedding confetti? Our Bad Romance Confetti confetti collection might be just what you\'re after!</p>\n<p>Made up of our Merlot Rose Petals and Black Cornflower<span data-mce-fragment=\"1\"> </span><span data-mce-fragment=\"1\">Petals</span>, it\'s the perfect way to add a touch of romance to your big day.</p>\n<p>And because all of our confetti is natural and eco-friendly, you can be sure that you\'re doing your bit for the environment too. So why not give it a try? We think you\'ll love it!</p>','Confetti Bee','2024-04-18 09:49:06','2024-04-18 09:49:06'),(14,'confettibee-co-uk.myshopify.com',7944945631490,'Ballerina Confetti','<p>If you\'re looking for a natural and eco-friendly alternative to traditional wedding confetti, look no further than our beautiful Ballerina Confetti collection.</p>\n<p><span>We just love this creative </span><span data-mce-fragment=\"1\">mix of delicate Ivory Jasmine petals and stunning pink blossom confetti!</span><span> Then small white hydrangea petals add a lovely soft twist that blends it all together </span><span data-mce-fragment=\"1\">beautifully. All the petals are 100% natural &amp; fully biodegradable.</span><br data-mce-fragment=\"1\"><br data-mce-fragment=\"1\"><span>This stunning mix can really help to achieve an amazing confetti shot and will suit many different wedding themes! Why not make your wedding day even more special by adding a touch of Ballerina Confetti magic?.</span></p>','Confetti Bee','2024-04-18 09:49:06','2024-04-18 09:49:06'),(15,'confettibee-co-uk.myshopify.com',7911860437250,'Berries & Cherries Confetti','<p>Here at Confetti Bee, we know that your wedding day is one of the most important days of your life. That\'s why we offer only the finest real dried petal confetti to help make your big day even more special. Our confetti is naturally biodegradable and comes in a variety of colors to match any wedding theme. Plus, it\'s sold by the litre so you can have as much or as little as you need. Make your wedding day perfect with Berries &amp; Cherries Confetti!</p>','Confetti Bee','2024-04-18 09:49:06','2024-04-18 09:49:06'),(16,'confettibee-co-uk.myshopify.com',7992408867074,'Black & White Paper Confetti','<p>If you\'re looking for a way to add a little extra excitement and color to your next confetti shot, then our Black &amp; White paper confetti is definitely the way to go!</p>\n<p>This beautiful mix of black and white paper confetti is perfect for baby showers, weddings, or any other event where you want to add a touch of luxury.</p>\n<p>Plus, our paper confetti is completely biodegradable, so you can be sure that it\'s eco-friendly.</p>\n<p><span style=\"font-weight: 400;\">Our paper confetti is sold in 20 gram bags, giving you enough for 10 handfuls or 10 packets confetti.</span></p>\n<p><span style=\"font-weight: 400;\">Each piece of paper confetti is 2.5cm.</span></p>','Confetti Bee','2024-04-18 09:49:06','2024-04-18 09:49:06'),(17,'confettibee-co-uk.myshopify.com',7955011600642,'Blue & White Paper Confetti','<p data-mce-fragment=\"1\"><span style=\"font-weight: 400;\" data-mce-fragment=\"1\" data-mce-style=\"font-weight: 400;\">Our blue and white paper confetti is a gorgeous mix of sky blue, azure and white colours that will add a real pop of colour to your confetti shot. </span></p>\n<p data-mce-fragment=\"1\"><span style=\"font-weight: 400;\" data-mce-fragment=\"1\" data-mce-style=\"font-weight: 400;\">Perfect also for baby showers or other events! </span></p>\n<p data-mce-fragment=\"1\"><span style=\"font-weight: 400;\" data-mce-fragment=\"1\" data-mce-style=\"font-weight: 400;\">Our paper confetti is biodegradable, so you can feel good about using it knowing that it won\'t harm the environment. We know how important this is as we are aware that many venues stipulate that only biodegradable confetti may be used. </span></p>\n<p data-mce-fragment=\"1\"><span style=\"font-weight: 400;\" data-mce-fragment=\"1\" data-mce-style=\"font-weight: 400;\">So rest assured knowing that our eco friendly confetti will make your event even more special!</span></p>\n<p data-mce-fragment=\"1\"><span style=\"font-weight: 400;\" data-mce-fragment=\"1\" data-mce-style=\"font-weight: 400;\"></span><span style=\"font-weight: 400;\" data-mce-fragment=\"1\" data-mce-style=\"font-weight: 400;\"><span data-mce-fragment=\"1\">Our paper confetti is sold in 20 gram bags, giving you enough for 10 handfuls or 10 packets confetti.</span></span></p>\n<p data-mce-fragment=\"1\"><span style=\"font-weight: 400;\" data-mce-fragment=\"1\" data-mce-style=\"font-weight: 400;\">Each piece of paper confetti is 2.5cm.</span></p>','Confetti Bee','2024-04-18 09:49:06','2024-04-18 09:49:06'),(18,'confettibee-co-uk.myshopify.com',8057557025026,'Blue Hessian Confetti Bag','<p><span>These blue hessian drawstring bags</span><span data-mce-fragment=\"1\"> have an organza band to allow your guests a sneak peek at what\'s inside!</span><span data-mce-fragment=\"1\"> </span><span>These will hold a handful of confetti and make a lovely keepsake for your guests.</span><br></p>\n<p>Also available in Cream, Natural and Pink.</p>\n<p>Size - 110mm x 85mm</p>','Confetti Bee','2024-04-18 09:49:06','2024-04-18 09:49:06'),(19,'confettibee-co-uk.myshopify.com',7889108074754,'Blue Hydrangea Petals','<p data-mce-fragment=\"1\"><span data-mce-fragment=\"1\">Hydrangea-based confetti makes for beautiful decorations </span><span data-mce-fragment=\"1\">on</span><span data-mce-fragment=\"1\"> your wedding day. Whether as scattering petals for flower girls to sprinkle down the aisle, to adorning wedding breakfast tables or just for good old-fashioned confetti throwing, these petals will certainly add a special touch to your celebration. </span><br data-mce-fragment=\"1\"></p>\n<p data-mce-fragment=\"1\">Introducing the elegant Blue Hydrangea<span> </span><span data-mce-fragment=\"1\">Petals!</span> The <span data-mce-fragment=\"1\">hydrangea petals</span> <span data-mce-fragment=\"1\">are freeze-dried to ensure longevity and to help preserve the striking colour, alongside being 100% natural and biodegradable</span><span data-mce-fragment=\"1\">. </span><br data-mce-fragment=\"1\"><br data-mce-fragment=\"1\">Clusters, some stalks and loose petals all combine to make this a delightful product - The subtle, pale blue shade makes for a truly special confetti shot!</p>','Confetti Bee','2024-04-18 09:49:06','2024-04-18 09:49:06'),(20,'confettibee-co-uk.myshopify.com',8350261084418,'Blue Moon Confetti','<p data-mce-fragment=\"1\"><span data-mce-fragment=\"1\">Hydrangea-based confetti makes for beautiful decorations </span><span data-mce-fragment=\"1\">on</span><span data-mce-fragment=\"1\"> your wedding day. Whether as scattering petals for flower girls to sprinkle down the aisle, to adorning wedding breakfast tables or just for good old-fashioned confetti throwing, these petals will certainly add a special touch to your celebration. </span><br data-mce-fragment=\"1\"></p>\n<p data-mce-fragment=\"1\"><span>Evoking the dreamy tones of a starry night sky, our Blue Moon Confetti is an effective </span><span data-mce-fragment=\"1\">mix of delicate Snow White and Blue Hydrangea </span><span data-mce-fragment=\"1\">Petals, complemented by a sprinkling of bold Dark Blue Hydrangea petals. </span>The <span data-mce-fragment=\"1\">hydrangea petals</span> <span data-mce-fragment=\"1\">are treated to ensure longevity and to help preserve the colour, and are 100% natural and biodegradable</span><span data-mce-fragment=\"1\">. </span><br data-mce-fragment=\"1\"><br data-mce-fragment=\"1\">Clusters, some stalks and loose petals all combine to make this a delightful product - The powerful colour blend makes for a truly shimmering confetti shot!</p>\n<p data-mce-fragment=\"1\"><strong>Please note</strong> that the Blue Hydrangea Petals have been treated to achieve their vivid colour, this leaves some natural oils within the petals which make them unsuitable for use with Glassine Confetti Packets, which are made from wood pulp and are naturally very absorbent. They are however suitable for use with the rest of our wide range of Confetti Packaging.</p>','Confetti Bee','2024-04-18 09:49:06','2024-04-18 09:49:06'),(21,'confettibee-co-uk.myshopify.com',7862335308034,'Blue Personalised Stickers - Initials Design 1','<p>Personalise with your intials and wedding date and attach to your chosen confetti packaging to coordinate with the colour and theme of your Wedding Day.</p>\n<p>Each sticker is 37mm and there are 35 stickers to a sheet.</p>\n<p>Stickers can only be sold by the sheet.</p>\n','Confetti Bee','2024-04-18 09:49:06','2024-04-18 09:49:06'),(22,'confettibee-co-uk.myshopify.com',7862336094466,'Blue Personalised Stickers - Initials Design 2','<p>Personalise with your intials and wedding date and attach to your chosen confetti packaging to coordinate with the colour and theme of your Wedding Day.</p>\n<p>Each sticker is 37mm and there are 35 stickers to a sheet.</p>\n<p>Stickers can only be sold by the sheet.</p>\n','Confetti Bee','2024-04-18 09:49:06','2024-04-18 09:49:06'),(23,'confettibee-co-uk.myshopify.com',7862336585986,'Blue Personalised Stickers - Initials Design 3','<p>Personalise with your intials and wedding date and attach to your chosen confetti packaging to coordinate with the colour and theme of your Wedding Day.</p>\n<p>Each sticker is 37mm and there are 35 stickers to a sheet.</p>\n<p>Stickers can only be sold by the sheet.</p>\n','Confetti Bee','2024-04-18 09:49:06','2024-04-18 09:49:06'),(24,'confettibee-co-uk.myshopify.com',7862336684290,'Blue Personalised Stickers - Initials Design 4','<p>Personalise with your intials and wedding date and attach to your chosen confetti packaging to coordinate with the colour and theme of your Wedding Day.</p>\n<p>Each sticker is 37mm and there are 35 stickers to a sheet.</p>\n<p>Stickers can only be sold by the sheet.</p>\n','Confetti Bee','2024-04-18 09:49:06','2024-04-18 09:49:06'),(25,'confettibee-co-uk.myshopify.com',7862336782594,'Blue Personalised Stickers - Initials Design 5','<p>Personalise with your intials and wedding date and attach to your chosen confetti packaging to coordinate with the colour and theme of your Wedding Day.</p>\n<p>Each sticker is 37mm and there are 35 stickers to a sheet.</p>\n<p>Stickers can only be sold by the sheet.</p>\n','Confetti Bee','2024-04-18 09:49:06','2024-04-18 09:49:06'),(26,'confettibee-co-uk.myshopify.com',7862337503490,'Blue Personalised Stickers - Mr & Mrs Design 1','<p>Personalise with your <span>surname </span>and wedding date and attach to your chosen confetti packaging to coordinate with the colour and theme of your Wedding Day.<br></p>\n<p>Each sticker is 37mm and there are 35 stickers to a sheet.</p>\n<p>Stickers can only be sold by the sheet.</p>\n','Confetti Bee','2024-04-18 09:49:06','2024-04-18 09:49:06'),(27,'confettibee-co-uk.myshopify.com',7862337765634,'Blue Personalised Stickers - Mr & Mrs Design 2','<p>Personalise with your <span>surname </span>and wedding date and attach to your chosen confetti packaging to coordinate with the colour and theme of your Wedding Day.<br></p>\n<p>Each sticker is 37mm and there are 35 stickers to a sheet.</p>\n<p>Stickers can only be sold by the sheet.</p>\n','Confetti Bee','2024-04-18 09:49:06','2024-04-18 09:49:06'),(28,'confettibee-co-uk.myshopify.com',7862337831170,'Blue Personalised Stickers - Mr & Mrs Design 3','<p>Personalise with your <span>surname </span>and wedding date and attach to your chosen confetti packaging to coordinate with the colour and theme of your Wedding Day.<br></p>\n<p>Each sticker is 37mm and there are 35 stickers to a sheet.</p>\n<p>Stickers can only be sold by the sheet.</p>\n','Confetti Bee','2024-04-18 09:49:06','2024-04-18 09:49:06'),(29,'confettibee-co-uk.myshopify.com',7862337929474,'Blue Personalised Stickers - Mr & Mrs Design 4','<p>Personalise with your <span>surname </span>and wedding date and attach to your chosen confetti packaging to coordinate with the colour and theme of your Wedding Day.<br></p>\n<p>Each sticker is 37mm and there are 35 stickers to a sheet.</p>\n<p>Stickers can only be sold by the sheet.</p>\n','Confetti Bee','2024-04-18 09:49:06','2024-04-18 09:49:06'),(30,'confettibee-co-uk.myshopify.com',7862338683138,'Blue Personalised Stickers - Mr & Mrs Design 5','<p>Personalise with your <span>surname </span>and wedding date and attach to your chosen confetti packaging to coordinate with the colour and theme of your Wedding Day.<br></p>\n<p>Each sticker is 37mm and there are 35 stickers to a sheet.</p>\n<p>Stickers can only be sold by the sheet.</p>\n','Confetti Bee','2024-04-18 09:49:06','2024-04-18 09:49:06'),(31,'confettibee-co-uk.myshopify.com',7862339633410,'Blue Personalised Stickers - Names Design 1','<p>Personalise with your names and wedding date and attach to your chosen confetti packaging to coordinate with the colour and theme of your Wedding Day.<br></p>\n<p>Each sticker is 37mm and there are 35 stickers to a sheet.</p>\n<p>Stickers can only be sold by the sheet.</p>\n','Confetti Bee','2024-04-18 09:49:06','2024-04-18 09:49:06'),(32,'confettibee-co-uk.myshopify.com',7862339764482,'Blue Personalised Stickers - Names Design 2','<p>Personalise with your names and wedding date and attach to your chosen confetti packaging to coordinate with the colour and theme of your Wedding Day.<br></p>\n<p>Each sticker is 37mm and there are 35 stickers to a sheet.</p>\n<p>Stickers can only be sold by the sheet.</p>\n','Confetti Bee','2024-04-18 09:49:06','2024-04-18 09:49:06'),(33,'confettibee-co-uk.myshopify.com',7862339797250,'Blue Personalised Stickers - Names Design 3','<p>Personalise with your names and wedding date and attach to your chosen confetti packaging to coordinate with the colour and theme of your Wedding Day.<br></p>\n<p>Each sticker is 37mm and there are 35 stickers to a sheet.</p>\n<p>Stickers can only be sold by the sheet.</p>\n','Confetti Bee','2024-04-18 09:49:06','2024-04-18 09:49:06'),(34,'confettibee-co-uk.myshopify.com',7862339895554,'Blue Personalised Stickers - Names Design 4','<p>Personalise with your names and wedding date and attach to your chosen confetti packaging to coordinate with the colour and theme of your Wedding Day.<br></p>\n<p>Each sticker is 37mm and there are 35 stickers to a sheet.</p>\n<p>Stickers can only be sold by the sheet.</p>\n','Confetti Bee','2024-04-18 09:49:06','2024-04-18 09:49:06'),(35,'confettibee-co-uk.myshopify.com',7862339961090,'Blue Personalised Stickers - Names Design 5','<p>Personalise with your names and wedding date and attach to your chosen confetti packaging to coordinate with the colour and theme of your Wedding Day.<br></p>\n<p>Each sticker is 37mm and there are 35 stickers to a sheet.</p>\n<p>Stickers can only be sold by the sheet.</p>\n','Confetti Bee','2024-04-18 09:49:06','2024-04-18 09:49:06'),(36,'confettibee-co-uk.myshopify.com',7875020161282,'Blue Stickers - Confetti Design 1','<p>Attach these \'Confetti\' stickers to your chosen confetti packaging to coordinate with the colour and theme of your Wedding Day.</p>\n<p>Each sticker is 37mm and there are 35 stickers to a sheet.</p>\n<p>Stickers can only be sold by the sheet.</p>','Confetti Bee','2024-04-18 09:49:06','2024-04-18 09:49:06'),(37,'confettibee-co-uk.myshopify.com',7875020226818,'Blue Stickers - Confetti Design 2','<p>Attach these \'Confetti\' stickers to your chosen confetti packaging to coordinate with the colour and theme of your Wedding Day.</p>\n<p>Each sticker is 37mm and there are 35 stickers to a sheet.</p>\n<p>Stickers can only be sold by the sheet.</p>','Confetti Bee','2024-04-18 09:49:06','2024-04-18 09:49:06'),(38,'confettibee-co-uk.myshopify.com',7875020259586,'Blue Stickers - Confetti Design 3','<p>Attach these \'Confetti\' stickers to your chosen confetti packaging to coordinate with the colour and theme of your Wedding Day.</p>\n<p>Each sticker is 37mm and there are 35 stickers to a sheet.</p>\n<p>Stickers can only be sold by the sheet.</p>','Confetti Bee','2024-04-18 09:49:06','2024-04-18 09:49:06'),(39,'confettibee-co-uk.myshopify.com',7875020292354,'Blue Stickers - Confetti Design 4','<p>Attach these \'Confetti\' stickers to your chosen confetti packaging to coordinate with the colour and theme of your Wedding Day.</p>\n<p>Each sticker is 37mm and there are 35 stickers to a sheet.</p>\n<p>Stickers can only be sold by the sheet.</p>','Confetti Bee','2024-04-18 09:49:06','2024-04-18 09:49:06'),(40,'confettibee-co-uk.myshopify.com',7875020325122,'Blue Stickers - Confetti Design 5','<p>Attach these \'Confetti\' stickers to your chosen confetti packaging to coordinate with the colour and theme of your Wedding Day.</p>\n<p>Each sticker is 37mm and there are 35 stickers to a sheet.</p>\n<p>Stickers can only be sold by the sheet.</p>','Confetti Bee','2024-04-18 09:49:06','2024-04-18 09:49:06'),(41,'confettibee-co-uk.myshopify.com',7875020357890,'Blue Stickers - Sprinkle The Love Design 1','<p>Attach these \'Sprinkle the Love\' stickers to your chosen confetti packaging to coordinate with the colour and theme of your Wedding Day.</p>\n<p>Each sticker is 37mm and there are 35 stickers to a sheet.</p>\n<p>Stickers can only be sold by the sheet.</p>','Confetti Bee','2024-04-18 09:49:06','2024-04-18 09:49:06'),(42,'confettibee-co-uk.myshopify.com',7875020423426,'Blue Stickers - Sprinkle The Love Design 2','<p>Attach these \'Sprinkle the Love\' stickers to your chosen confetti packaging to coordinate with the colour and theme of your Wedding Day.</p>\n<p>Each sticker is 37mm and there are 35 stickers to a sheet.</p>\n<p>Stickers can only be sold by the sheet.</p>','Confetti Bee','2024-04-18 09:49:06','2024-04-18 09:49:06'),(43,'confettibee-co-uk.myshopify.com',7875020456194,'Blue Stickers - Sprinkle The Love Design 3','<p>Attach these \'Sprinkle the Love\' stickers to your chosen confetti packaging to coordinate with the colour and theme of your Wedding Day.</p>\n<p>Each sticker is 37mm and there are 35 stickers to a sheet.</p>\n<p>Stickers can only be sold by the sheet.</p>','Confetti Bee','2024-04-18 09:49:06','2024-04-18 09:49:06'),(44,'confettibee-co-uk.myshopify.com',7875020488962,'Blue Stickers - Sprinkle The Love Design 4','<p>Attach these \'Sprinkle the Love\' stickers to your chosen confetti packaging to coordinate with the colour and theme of your Wedding Day.</p>\n<p>Each sticker is 37mm and there are 35 stickers to a sheet.</p>\n<p>Stickers can only be sold by the sheet.</p>','Confetti Bee','2024-04-18 09:49:06','2024-04-18 09:49:06'),(45,'confettibee-co-uk.myshopify.com',7875020521730,'Blue Stickers - Sprinkle The Love Design 5','<p>Attach these \'Sprinkle the Love\' stickers to your chosen confetti packaging to coordinate with the colour and theme of your Wedding Day.</p>\n<p>Each sticker is 37mm and there are 35 stickers to a sheet.</p>\n<p>Stickers can only be sold by the sheet.</p>','Confetti Bee','2024-04-18 09:49:06','2024-04-18 09:49:06'),(46,'confettibee-co-uk.myshopify.com',7875019997442,'Blue Stickers - Throw Me Design 1','<p>Attach these \'Throw Me\' stickers to your chosen confetti packaging to coordinate with the colour and theme of your Wedding Day.</p>\n<p>Each sticker is 37mm and there are 35 stickers to a sheet.</p>\n<p>Stickers can only be sold by the sheet.</p>','Confetti Bee','2024-04-18 09:49:06','2024-04-18 09:49:06'),(47,'confettibee-co-uk.myshopify.com',7875020030210,'Blue Stickers - Throw Me Design 2','<p>Attach these \'Throw Me\' stickers to your chosen confetti packaging to coordinate with the colour and theme of your Wedding Day.</p>\n<p>Each sticker is 37mm and there are 35 stickers to a sheet.</p>\n<p>Stickers can only be sold by the sheet.</p>','Confetti Bee','2024-04-18 09:49:06','2024-04-18 09:49:06'),(48,'confettibee-co-uk.myshopify.com',7875020062978,'Blue Stickers - Throw Me Design 3','<p>Attach these \'Throw Me\' stickers to your chosen confetti packaging to coordinate with the colour and theme of your Wedding Day.</p>\n<p>Each sticker is 37mm and there are 35 stickers to a sheet.</p>\n<p>Stickers can only be sold by the sheet.</p>','Confetti Bee','2024-04-18 09:49:06','2024-04-18 09:49:06'),(49,'confettibee-co-uk.myshopify.com',7875020095746,'Blue Stickers - Throw Me Design 4','<p>Attach these \'Throw Me\' stickers to your chosen confetti packaging to coordinate with the colour and theme of your Wedding Day.</p>\n<p>Each sticker is 37mm and there are 35 stickers to a sheet.</p>\n<p>Stickers can only be sold by the sheet.</p>','Confetti Bee','2024-04-18 09:49:06','2024-04-18 09:49:06'),(50,'confettibee-co-uk.myshopify.com',7875020128514,'Blue Stickers - Throw Me Design 5','<p>Attach these \'Throw Me\' stickers to your chosen confetti packaging to coordinate with the colour and theme of your Wedding Day.</p>\n<p>Each sticker is 37mm and there are 35 stickers to a sheet.</p>\n<p>Stickers can only be sold by the sheet.</p>','Confetti Bee','2024-04-18 09:49:06','2024-04-18 09:49:06'),(51,'confettibee-co-uk.myshopify.com',7875020554498,'Blue Stickers - Throw Me Over The Newlyweds Design 1','<p>Attach these \'Throw me over the Newlyweds\' stickers to your chosen confetti packaging to coordinate with the colour and theme of your Wedding Day.</p>\n<p>Each sticker is 37mm and there are 35 stickers to a sheet.</p>\n<p>Stickers can only be sold by the sheet.</p>','Confetti Bee','2024-04-18 09:49:06','2024-04-18 09:49:06'),(52,'confettibee-co-uk.myshopify.com',7875020587266,'Blue Stickers - Throw Me Over The Newlyweds Design 2','<p>Attach these \'Throw me over the Newlyweds\' stickers to your chosen confetti packaging to coordinate with the colour and theme of your Wedding Day.</p>\n<p>Each sticker is 37mm and there are 35 stickers to a sheet.</p>\n<p>Stickers can only be sold by the sheet.</p>','Confetti Bee','2024-04-18 09:49:06','2024-04-18 09:49:06'),(53,'confettibee-co-uk.myshopify.com',7875020620034,'Blue Stickers - Throw Me Over The Newlyweds Design 3','<p>Attach these \'Throw me over the Newlyweds\' stickers to your chosen confetti packaging to coordinate with the colour and theme of your Wedding Day.</p>\n<p>Each sticker is 37mm and there are 35 stickers to a sheet.</p>\n<p>Stickers can only be sold by the sheet.</p>','Confetti Bee','2024-04-18 09:49:06','2024-04-18 09:49:06'),(54,'confettibee-co-uk.myshopify.com',7875020652802,'Blue Stickers - Throw Me Over The Newlyweds Design 4','<p>Attach these \'Throw me over the Newlyweds\' stickers to your chosen confetti packaging to coordinate with the colour and theme of your Wedding Day.</p>\n<p>Each sticker is 37mm and there are 35 stickers to a sheet.</p>\n<p>Stickers can only be sold by the sheet.</p>','Confetti Bee','2024-04-18 09:49:06','2024-04-18 09:49:06'),(55,'confettibee-co-uk.myshopify.com',7875020718338,'Blue Stickers - Throw Me Over The Newlyweds Design 5','<p>Attach these \'Throw me over the Newlyweds\' stickers to your chosen confetti packaging to coordinate with the colour and theme of your Wedding Day.</p>\n<p>Each sticker is 37mm and there are 35 stickers to a sheet.</p>\n<p>Stickers can only be sold by the sheet.</p>','Confetti Bee','2024-04-18 09:49:06','2024-04-18 09:49:06'),(56,'confettibee-co-uk.myshopify.com',8070377439490,'Blue Tiny Feet Confetti','<p>Want to add a little something extra cute to help mark a birth, christening, baby shower or wedding? Our delightful Pale Blue Tiny Feet confetti is the perfect solution!</p>\n<p>This card confetti is perfect for any event where you want to add a real touch of cuteness. It also can be used to provide an extra special addition <span data-mce-fragment=\"1\">for congratulation cards, gift bags or packaging!</span></p>\n<p><span style=\"font-weight: 400;\">Our Tiny Feet confetti is sold in 50 gram bags, giving you enough for 25 handfuls approximately.</span></p>\n<p><span style=\"font-weight: 400;\">Each piece of feet card confetti is 4cm long.</span></p>\n<ul>\n<li>Pale blue baby feet shaped card confetti</li>\n<li>50g bags</li>\n<li>Ideal for baby showers, weddings, christenings, decoration &amp; card/gift inserts</li>\n</ul>','Confetti Bee','2024-04-18 09:49:06','2024-04-18 09:49:06'),(57,'confettibee-co-uk.myshopify.com',7907317776642,'Blush Fairytale Confetti','<p>If you\'re looking for a natural and eco-friendly alternative to traditional wedding confetti, look no further than our beautiful Blush Fairytale Confetti collection!</p>\n<p>Consisting of a creative and elegant mix of delicate jasmine petals, stunning small rose petals and pretty pink delphinium petals, this  confetti is the perfect way to add a touch of floral magic to your big day.</p>\n<p>Plus, our natural confetti is 100% biodegradable and safe for both you and the environment. Why not make your wedding day even more special with our beautiful <span data-mce-fragment=\"1\">Blush Fairytale </span>confetti?</p>','Confetti Bee','2024-04-18 09:49:06','2024-04-18 09:49:06'),(58,'confettibee-co-uk.myshopify.com',8094287528194,'Blush Grey Rose Petals','<p>Introducing our newest natural confetti arrival, Blush Grey Rose!</p>\n<p><span>Perfectly named, this festival of scented colour perfectly complements any vibrant wedding theme! </span>Deep-coloured, large rose petals will add a real wow factor to your confetti shot, or when used independently as part of your aisle, table or room decorations.</p>\n<p>These delicious dried petals are <span data-mce-fragment=\"1\">100% natural and biodegradable,</span> naturally fragrant and will be a wonderful addition to your wedding.</p>','Confetti Bee','2024-04-18 09:49:06','2024-04-18 09:49:06'),(59,'confettibee-co-uk.myshopify.com',7830207496450,'Blush Rose Petals','<p>Stunning, blush pink-coloured dried rose petals with hints of green leaves that can be used on their own or mixed with any of our original confetti products as part of our pick \'n\' mix options.</p>\n<p>These natural Blush Rose Petals are used in our Jasmine Rose, Tropical Rose and Rose Bud Punch Confetti Collections.</p>\n<p><span>These striking dried petals are </span><span data-mce-fragment=\"1\">are 100% natural and biodegradable and boast a gorgeous scent to add a rich, sensual aroma</span><span> to your wedding!</span></p>','Confetti Bee','2024-04-18 09:49:06','2024-04-18 09:49:06'),(60,'confettibee-co-uk.myshopify.com',7907336749314,'Blush Whisper Confetti','<p>If you\'re looking for the perfect confetti to add a touch of luxury to your wedding, look no further than our Blush Whisper confetti collection.</p>\n<p>This luxurious mix is made up of our Pink Peony Petals and Ivory Rose Petals, and it\'s perfect for using as wedding confetti to create an amazing confetti shot or for scattering down the aisle or on tables.</p>\n<p>Plus, our confetti is all natural and eco-friendly, so you can feel good about using it on your special day.</p>','Confetti Bee','2024-04-18 09:49:06','2024-04-18 09:49:06'),(61,'confettibee-co-uk.myshopify.com',7944949727490,'Blushing Bride Confetti','<p>If you\'re looking for a natural and eco-friendly alternative to traditional wedding confetti, look no further than our beautiful Blushing Bride confetti collection.</p>\n<p>Made up of delicate jasmine petals and stunning pink blossom confetti, our confetti is the perfect way to add a touch of magic to your big day.</p>\n<p>Plus, our natural confetti is 100% biodegradable and safe for both you and the environment. Why not make your wedding day even more special with our beautiful petal confetti.</p>','Confetti Bee','2024-04-18 09:49:06','2024-04-18 09:49:06'),(62,'confettibee-co-uk.myshopify.com',7955012616450,'Bubblegum Paper Confetti','<p data-mce-fragment=\"1\"><span style=\"font-weight: 400;\" data-mce-fragment=\"1\" data-mce-style=\"font-weight: 400;\">Our Bubblegum paper confetti is a gorgeous mix of our flamingo and sky blue paper confetti and will add a real pop of colour to your confetti shot. </span></p>\n<p data-mce-fragment=\"1\"><span style=\"font-weight: 400;\" data-mce-fragment=\"1\" data-mce-style=\"font-weight: 400;\">Perfect also for baby showers, gender reveals or other events! </span></p>\n<p data-mce-fragment=\"1\"><span style=\"font-weight: 400;\" data-mce-fragment=\"1\" data-mce-style=\"font-weight: 400;\">Our paper confetti is biodegradable, we know how important this is as we are aware that many venues stipulate that only biodegradable confetti may be used. </span></p>\n<p data-mce-fragment=\"1\"><span style=\"font-weight: 400;\" data-mce-fragment=\"1\" data-mce-style=\"font-weight: 400;\">So not only will you be adding a touch of luxury to your event with our gorgeous paper confetti, but you\'ll also be doing your bit for the environment!</span></p>\n<p data-mce-fragment=\"1\"><span>Our paper confetti is sold in 20 gram bags, giving you enough for 10 handfuls or 10 packets confetti.</span></p>\n<p data-mce-fragment=\"1\"><span style=\"font-weight: 400;\" data-mce-fragment=\"1\" data-mce-style=\"font-weight: 400;\">Each piece of paper confetti is 2.5cm.</span></p>','Confetti Bee','2024-04-18 09:49:06','2024-04-18 09:49:06'),(63,'confettibee-co-uk.myshopify.com',7897624183042,'Burgundy Amour Confetti','<p>If you\'re looking for a glamorous way to add some natural confetti to your next event, look no further than our Burgundy Amour confetti collection!</p>\n<p>This mix is made up of our delicate Jasmine Petals and bold Burgundy Cornflower Petals, and is sure to make a statement.</p>\n<p>Plus, it\'s eco-friendly and biodegradable, so you can feel good about using it. Whether you\'re planning a wedding or just want to add some fun to a party, our Burgundy Amour confetti is the perfect way to do it!</p>','Confetti Bee','2024-04-18 09:49:06','2024-04-18 09:49:06'),(64,'confettibee-co-uk.myshopify.com',7907968778498,'Burgundy Romance Confetti','<p>Looking for the perfect way to add a touch of romance to your wedding day... Look no further than our Burgundy Romance confetti collection!</p>\n<p>This stunning mix is made up of our large rose petals and elegant white hydrangea petals, making it the perfect way to add a touch of natural beauty to your big day.</p>\n<p>Plus, our eco-friendly confetti is 100% biodegradable and comes in a handy little bag, making it both eco-friendly and easy to use.</p>\n<p>So whether you\'re looking for something special to sprinkle on your guests as they arrive or you want to create a beautiful confetti moment during your ceremony or photos, our Burgundy Romance confetti is the perfect choice.</p>','Confetti Bee','2024-04-18 09:49:06','2024-04-18 09:49:06'),(65,'confettibee-co-uk.myshopify.com',7837161783554,'Butterfly Jasmine Confetti','<p>Introducing the Butterfly Jasmine confetti collection! This pretty mix is made up of our delicate Jasmine Petals and delightful Butterfly Pea Flowers.</p>\n<p>It\'s perfect for weddings or any other special occasion where you want to add a touch of natural beauty.</p>\n<p>Plus, it\'s eco-friendly and biodegradable, so you can feel good about using it too. So if you\'re looking for something unique and beautiful for your next event, be sure to check out our Butterfly Jasmine confetti collection!</p>','Confetti Bee','2024-04-18 09:49:06','2024-04-18 09:49:06'),(66,'confettibee-co-uk.myshopify.com',7830636462338,'Butterfly Pea Flowers','<p>Stunning indigo coloured Butterfly Pea Flowers will add drama to your wedding confetti, especially when combined with some of our lighter original confetti options.</p>\n<p>These beautiful flowers are included in our Butterfly Jasmine and Forget Me Butterfly Confetti Collections.</p>','Confetti Bee','2024-04-18 09:49:06','2024-04-18 09:49:06'),(67,'confettibee-co-uk.myshopify.com',8050679775490,'Carnival Rose Petals','<p>Introducing our newest natural confetti arrival, Carnival Rose!</p>\n<p><span>Perfectly named, this festival of scented colour perfectly complements any vibrant wedding theme! </span>Deep-coloured, large rose petals will add a real wow factor to your confetti shot, or when used independently as part of your aisle, table or room decorations.</p>\n<p>These delicious dried petals are <span data-mce-fragment=\"1\">100% natural and biodegradable,</span> naturally fragrant and will be a wonderful addition to your wedding.</p>','Confetti Bee','2024-04-18 09:49:06','2024-04-18 09:49:06'),(68,'confettibee-co-uk.myshopify.com',7955753632002,'Cassis Confetti','<p>Looking for something a little different for your wedding confetti? Our Cassis Confetti confetti collection might be just what you\'re after!</p>\n<p>Made up of our delicate Jasmine Petals, beautiful Pink Rose Buds and fragrant Merlot Rose Petals with a hint of <span data-mce-fragment=\"1\">Pink </span><span data-mce-fragment=\"1\">Delphinium </span><span data-mce-fragment=\"1\">Petals</span>, it\'s the perfect way to add a touch of romance to your big day.</p>\n<p>And because all of our confetti is natural and eco-friendly, you can be sure that you\'re doing your bit for the environment too. So why not give it a try? We think you\'ll love it!</p>','Confetti Bee','2024-04-18 09:49:06','2024-04-18 09:49:06'),(69,'confettibee-co-uk.myshopify.com',7939225256194,'Champagne Blossom Confetti','<p><span>Looking for something special to add a touch of fun and excitement to your wedding? Champagne Blossom Confetti is the perfect way to do just that! This unique confetti is made from a mix of champagne petals, pink and purple blossom confetti. </span></p>\n<p>It\'s perfect for tossing in the air or sprinkling on the ground to create a truly stunning and memorable wedding. Plus, it\'s 100% natural and biodegradable, so you can feel good about using it without harming the environment.<br></p>','Confetti Bee','2024-04-18 09:49:06','2024-04-18 09:49:06'),(70,'confettibee-co-uk.myshopify.com',7912656634114,'Champagne Rose Petals','<p data-mce-fragment=\"1\">Our Champagne Rose Petals are the perfect way to add a personal touch to your wedding day. Use them as confetti or decoration in your venue. The petals come in an elegant champagne rose color and can be used for any type of occasion, from weddings to anniversaries.</p>\n<p data-mce-fragment=\"1\">Our petals are 100% biodegradable, so you don\'t have to worry about them damaging the environment.</p>','Confetti Bee','2024-04-18 09:49:06','2024-04-18 09:49:06'),(71,'confettibee-co-uk.myshopify.com',7907326460162,'Charming Confetti','<p>Looking for something unique and special for your wedding confetti... Check out our Charming confetti collection!</p>\n<p>This stunning mix is made up of our delicate Jasmine Petals, bold Small Rose Petals and elegant White Hydrangea Petals.</p>\n<p>It\'s the perfect way to add a touch of luxury and style to your big day. Plus, our confetti is completely natural and eco-friendly, so you can be sure you\'re doing your part for the environment. So why not add a little bit of personality to your wedding with our beautiful confetti... Your guests will love it!</p>','Confetti Bee','2024-04-18 09:49:06','2024-04-18 09:49:06'),(72,'confettibee-co-uk.myshopify.com',7939902079234,'Cherish Confetti','<p><span>Looking for an eco-friendly and fun way to celebrate your special day? Look no further than our Confetti Collection! Our Cherish mix is perfect for weddings, anniversaries, or any other joyous occasion.</span><br><br><span>The Small White Hydrangea Petals and Blush Rose Petals in our confetti are all naturally biodegradable, so you can feel good about using them without harming the environment. Plus, they\'re absolutely gorgeous! Your guests will love throwing them around and celebrating with you.</span></p>','Confetti Bee','2024-04-18 09:49:06','2024-04-18 09:49:06'),(73,'confettibee-co-uk.myshopify.com',7890842943746,'Cherry Blossom Confetti','<p>Looking for something truly romantic and special for your wedding confetti... Our Cherry Blossom confetti collection is perfect!</p>\n<p>This beautiful mix is made up of our delicate Jasmine Petals and stunning Small Rose Petals. It\'s perfect for creating a natural, eco-friendly look that will wow your guests.</p>\n<p>Plus, our petal confetti is 100% biodegradable and compostable, so you can feel good about using it.</p>','Confetti Bee','2024-04-18 09:49:06','2024-04-18 09:49:06'),(74,'confettibee-co-uk.myshopify.com',7830628958466,'Chrysanthemum Petal Confetti','<p>Natural buttery Yellow Chrysanthemum Petals will add a pop of gold to your wedding confetti.</p>\n<p>These petals are included in our Sophora Autumn, Sophora Straw and Jasmine Flame Confetti Collections.</p>','Confetti Bee','2024-04-18 09:49:06','2024-04-18 09:49:06'),(75,'confettibee-co-uk.myshopify.com',8186846707970,'Confetti Bee Collaborator Member Subscription','<p>We\'re really pleased that you\'re interested in becoming a Confetti Bee Premium Collaborator!</p>\n<p><span data-mce-fragment=\"1\">With such an abundance of amazing venues and providers available, we strongly believe in working together to provide top-notch services for our valued customers in this bustling and competitive industry.</span><br></p>\n<p><span data-mce-fragment=\"1\">If you need any more detail on all of the benefits of becoming a Collaborator, please look back at our guide <a href=\"https://www.confettibee.co.uk/pages/fancy-bee-coming-a-collaborator\">here</a>, but if you\'re ready to join forces right now then please just select your chosen subscription option and proceed from there. Once we\'ve received payment confirmation, we will upgrade your account to give you full access to all of your benefits and commissions across the whole product range - Please shop away!<br></span></p>','Confetti Bee','2024-04-18 09:49:06','2024-04-18 09:49:06'),(76,'confettibee-co-uk.myshopify.com',7866081706242,'Confetti Clear Packets','<p>These c<span data-mce-fragment=\"1\">lear plastic packets </span>can be personalised with stickers from our range,<span data-mce-fragment=\"1\"> then filled with your chosen confetti to beautifully complement the colour and theme of your Wedding Day!</span><br></p>\n<p data-mce-fragment=\"1\"><span data-mce-fragment=\"1\">Depending on petal size,1 litre of our confetti should fill up to 20 of the confetti packets</span><span>, giving your guests a handful to throw for that all important confetti shot! </span><span data-mce-fragment=\"1\" style=\"font-weight: 400;\">Please see our<span> </span></span><a data-mce-fragment=\"1\" href=\"https://www.confettibee.co.uk/pages/how-many-litres-of-confetti-do-i-need-for-my-wedding\" data-mce-href=\"https://www.confettibee.co.uk/pages/how-many-litres-of-confetti-do-i-need-for-my-wedding\"><span data-mce-fragment=\"1\" style=\"font-weight: 400;\">guide page</span></a><span data-mce-fragment=\"1\" style=\"font-weight: 400;\"><span> </span>for more information and advice on getting the right amount!</span></p>\n<p>Size - 110mm x 90mm</p>\n<p>These Peel and Seal closure packets have an additional 30mm lip to allow the fold over the top.</p>\n<p><span>Please note confetti is NOT included with this product. Simply choose your required confetti, whether</span><span> </span><a href=\"https://www.confettibee.co.uk/collections/natural-confetti\" data-mce-href=\"https://www.confettibee.co.uk/collections/natural-confetti\">natural confetti<span> </span></a><span>or</span><span> </span><a href=\"https://www.confettibee.co.uk/collections/biodegradable-paper-confetti\" data-mce-href=\"https://www.confettibee.co.uk/collections/biodegradable-paper-confetti\">paper confetti</a><span> and add to your order!</span></p>','Confetti Bee','2024-04-18 09:49:06','2024-04-18 09:49:06'),(77,'confettibee-co-uk.myshopify.com',8205237944578,'Confetti Cones and Holder - Green Floral Design','<p>These floral paper cones create a charming display when filled with your chosen confetti,<span> </span><span data-mce-fragment=\"1\">beautifully complementing the colour and theme of your Wedding Day!</span></p>\n<p>Depending on petal size, 1 litre of our confetti should fill up to 10 of the confetti cones, giving your guests a generous handful to throw for that all important confetti shot! <span data-mce-fragment=\"1\">Please see our </span><a data-mce-fragment=\"1\" href=\"https://www.confettibee.co.uk/pages/how-many-litres-of-confetti-do-i-need-for-my-wedding\" data-mce-href=\"https://www.confettibee.co.uk/pages/how-many-litres-of-confetti-do-i-need-for-my-wedding\"><span data-mce-fragment=\"1\">guide page</span></a><span data-mce-fragment=\"1\"> for more information and advice on getting the right amount.</span></p>\n<p><span data-mce-fragment=\"1\">Please note that this product will arrive unassembled and will need to be put together to achieve the full result shown in the product photos. The stand does come complete with assembly instructions. The cones will arrive as paper squares, to be rolled into shape, allowing you to control the size. A roll of double-sided tape for securing the cones is also provided.</span></p>\n<p><span>The cones are 24cm tall. As a large amount of confetti would be required to fill them we recommend using some tissue paper to fill the bottom half of the cones, this will still leave room for a very generous handful of confetti for your guests to to throw.</span></p>\n<p>Overall product size: the stand is 30cm wide, 22.5cm deep, the height is 25cm with the cones and 9.5cm without.</p>\n<p>Please note confetti is NOT included with this product. Simply choose your required confetti for the cones, whether<span> </span><a href=\"https://www.confettibee.co.uk/collections/natural-confetti\" data-mce-href=\"https://www.confettibee.co.uk/collections/natural-confetti\">natural confetti<span> </span></a>or<span> </span><a href=\"https://www.confettibee.co.uk/collections/biodegradable-paper-confetti\" data-mce-href=\"https://www.confettibee.co.uk/collections/biodegradable-paper-confetti\">paper confetti</a> and add to your order!</p>\n<p><strong>Please Note:</strong> This confetti holder holds 20 cones and comes with 30 cone papers.</p>\n<p data-mce-fragment=\"1\"><em data-mce-fragment=\"1\">Shown here with our Green Hydrangea Petals.</em></p>','Confetti Bee','2024-04-18 09:49:06','2024-04-18 09:49:06'),(78,'confettibee-co-uk.myshopify.com',8343602790658,'Confetti Cones and Holder - Kraft Brown','<p>These kraft brown paper cones create a charming display when filled with your chosen confetti,<span> </span><span data-mce-fragment=\"1\">beautifully complementing the colour and theme of your Wedding Day!</span></p>\n<p><span data-mce-fragment=\"1\">You can also choose stickers from our range to personalise your cones.</span></p>\n<p>Depending on petal size, 1 litre of our confetti should fill up to 10 of the confetti cones, giving your guests a generous handful to throw for that all important confetti shot! <span data-mce-fragment=\"1\">Please see our </span><a href=\"https://www.confettibee.co.uk/pages/how-many-litres-of-confetti-do-i-need-for-my-wedding\" data-mce-href=\"https://www.confettibee.co.uk/pages/how-many-litres-of-confetti-do-i-need-for-my-wedding\" data-mce-fragment=\"1\"><span data-mce-fragment=\"1\">guide page</span></a><span data-mce-fragment=\"1\"> for more information and advice on getting the right amount.</span></p>\n<p><span data-mce-fragment=\"1\">Please note that this product will arrive unassembled and will need to be put together to achieve the full result shown in the product photos. The stand does come complete with assembly instructions. The cones will arrive as paper squares, to be rolled into shape, allowing you to control the size. Strings, kraft brown \'confetti\' stickers and a roll of double-sided tape for securing the cones are also provided.</span></p>\n<p><span>The cones are 24cm tall. As a large amount of confetti would be required to fill them we recommend using some tissue paper to fill the bottom half of the cones, this will still leave room for a very generous handful of confetti for your guests to to throw.</span></p>\n<p>Overall product size: the stand is 30cm wide, 22.5cm deep, the height is 25cm with the cones and 9.5cm without.</p>\n<p>Please note confetti is NOT included with this product. Simply choose your required confetti for the cones, whether<span> </span><a href=\"https://www.confettibee.co.uk/collections/natural-confetti\" data-mce-href=\"https://www.confettibee.co.uk/collections/natural-confetti\">natural confetti<span> </span></a>or<span> </span><a href=\"https://www.confettibee.co.uk/collections/biodegradable-paper-confetti\" data-mce-href=\"https://www.confettibee.co.uk/collections/biodegradable-paper-confetti\">paper confetti</a> and add to your order!</p>\n<p><strong>Please Note:</strong> This confetti holder holds 20 cones and comes with 30 cone papers.</p>\n<p data-mce-fragment=\"1\"><em data-mce-fragment=\"1\">Shown here with our Hydrangea Petals in Snow White, Blue, Green, and Dark Pink.</em></p>','Confetti Bee','2024-04-18 09:49:06','2024-04-18 09:49:06'),(79,'confettibee-co-uk.myshopify.com',8204997689602,'Confetti Cones and Holder - Pink Floral Design','<p>These floral paper cones create a charming display when filled with your chosen confetti,<span> </span><span data-mce-fragment=\"1\">beautifully complementing the colour and theme of your Wedding Day!</span></p>\n<p>Depending on petal size, 1 litre of our confetti should fill up to 10 of the confetti cones, giving your guests a generous handful to throw for that all important confetti shot! <span data-mce-fragment=\"1\">Please see our </span><a data-mce-fragment=\"1\" href=\"https://www.confettibee.co.uk/pages/how-many-litres-of-confetti-do-i-need-for-my-wedding\" data-mce-href=\"https://www.confettibee.co.uk/pages/how-many-litres-of-confetti-do-i-need-for-my-wedding\"><span data-mce-fragment=\"1\">guide page</span></a><span data-mce-fragment=\"1\"> for more information and advice on getting the right amount.</span></p>\n<p><span data-mce-fragment=\"1\">Please note that this product will arrive unassembled and will need to be put together to achieve the full result shown in the product photos. The stand does come complete with assembly instructions. The cones will arrive as paper squares, to be rolled into shape, allowing you to control the size. A roll of double-sided tape for securing the cones is also provided.</span></p>\n<p><span>The cones are 24cm tall. As a large amount of confetti would be required to fill them we recommend using some tissue paper to fill the bottom half of the cones, this will still leave room for a very generous handful of confetti for your guests to to throw.</span></p>\n<p>Overall product size: the stand is 36cm wide, 24cm deep, the height is 25cm with the cones and 9.5cm without.</p>\n<p>Please note confetti is NOT included with this product. Simply choose your required confetti for the cones, whether<span> </span><a href=\"https://www.confettibee.co.uk/collections/natural-confetti\" data-mce-href=\"https://www.confettibee.co.uk/collections/natural-confetti\">natural confetti<span> </span></a>or<span> </span><a href=\"https://www.confettibee.co.uk/collections/biodegradable-paper-confetti\" data-mce-href=\"https://www.confettibee.co.uk/collections/biodegradable-paper-confetti\">paper confetti</a> and add to your order!</p>\n<p><strong>Please Note:</strong> This confetti holder holds 30 cones and comes with 30 cone papers.</p>\n<p data-mce-fragment=\"1\"><em data-mce-fragment=\"1\">Shown here with our Snow White Hydrangea Petals and Pink Hydrangea Petals.</em></p>','Confetti Bee','2024-04-18 09:49:06','2024-04-18 09:49:06'),(80,'confettibee-co-uk.myshopify.com',8198925123842,'Confetti Kraft Brown Packets - Elegant Design 1','<p>Personalise your confetti packets with your names &amp; wedding date then fill with your chosen confetti<span> to </span><span data-mce-fragment=\"1\">beautifully complement the colour and theme of your Wedding Day!</span></p>\n<p>Depending on petal size,1 litre of our confetti should fill up to 20 of the confetti packets, giving your guests a handful to throw for that all important confetti shot! <span data-mce-fragment=\"1\">Please see our </span><a href=\"https://www.confettibee.co.uk/pages/how-many-litres-of-confetti-do-i-need-for-my-wedding\" data-mce-fragment=\"1\" data-mce-href=\"https://www.confettibee.co.uk/pages/how-many-litres-of-confetti-do-i-need-for-my-wedding\"><span data-mce-fragment=\"1\">guide page</span></a><span data-mce-fragment=\"1\"> for more information and advice on getting the right amount.</span></p>\n<p>Overall packet size - 117mm x 90mm</p>\n<p><span>These packets have an additional 25mm lip to allow the fold over the top and seal the packet.</span></p>\n<p>Our confetti packets are kraft brown, crafted from recycled material. Therefore they are 100% recyclable and biodegradable, making them fully eco-friendly.</p>\n<p>Please note confetti is NOT included with this product. Simply choose your required confetti for the packets, whether<span> </span><a href=\"https://www.confettibee.co.uk/collections/natural-confetti\" data-mce-href=\"https://www.confettibee.co.uk/collections/natural-confetti\">natural confetti<span> </span></a>or<span> </span><a href=\"https://www.confettibee.co.uk/collections/biodegradable-paper-confetti\" data-mce-href=\"https://www.confettibee.co.uk/collections/biodegradable-paper-confetti\">paper confetti</a> and add to your order!</p>\n<p data-mce-fragment=\"1\"><em data-mce-fragment=\"1\">Shown here with our Frosted Eucalyptus Confetti Collection.</em></p>','Confetti Bee Packets','2024-04-18 09:49:06','2024-04-18 09:49:06'),(81,'confettibee-co-uk.myshopify.com',8198930759938,'Confetti Kraft Brown Packets - Elegant Design 10','<p>Personalise your confetti packets with your names &amp; wedding date then fill with your chosen confetti<span> to </span><span data-mce-fragment=\"1\">beautifully complement the colour and theme of your Wedding Day!</span></p>\n<p>Depending on petal size,1 litre of our confetti should fill up to 20 of the confetti packets, giving your guests a handful to throw for that all important confetti shot! <span data-mce-fragment=\"1\">Please see our </span><a href=\"https://www.confettibee.co.uk/pages/how-many-litres-of-confetti-do-i-need-for-my-wedding\" data-mce-fragment=\"1\" data-mce-href=\"https://www.confettibee.co.uk/pages/how-many-litres-of-confetti-do-i-need-for-my-wedding\"><span data-mce-fragment=\"1\">guide page</span></a><span data-mce-fragment=\"1\"> for more information and advice on getting the right amount.</span></p>\n<p>Overall packet size - 117mm x 90mm</p>\n<p><span>These packets have an additional 25mm lip to allow the fold over the top and seal the packet.</span></p>\n<p>Our confetti packets are kraft brown, crafted from recycled material. Therefore they are 100% recyclable and biodegradable, making them fully eco-friendly.</p>\n<p>Please note confetti is NOT included with this product. Simply choose your required confetti for the packets, whether<span> </span><a href=\"https://www.confettibee.co.uk/collections/natural-confetti\" data-mce-href=\"https://www.confettibee.co.uk/collections/natural-confetti\">natural confetti<span> </span></a>or<span> </span><a href=\"https://www.confettibee.co.uk/collections/biodegradable-paper-confetti\" data-mce-href=\"https://www.confettibee.co.uk/collections/biodegradable-paper-confetti\">paper confetti</a> and add to your order!</p>\n<p data-mce-fragment=\"1\"><em data-mce-fragment=\"1\">Shown here with our Frosted Eucalyptus Confetti Collection.</em></p>','Confetti Bee Packets','2024-04-18 09:49:06','2024-04-18 09:49:06'),(82,'confettibee-co-uk.myshopify.com',8198928728322,'Confetti Kraft Brown Packets - Elegant Design 2','<p>Personalise your confetti packets with your names &amp; wedding date then fill with your chosen confetti<span> to </span><span data-mce-fragment=\"1\">beautifully complement the colour and theme of your Wedding Day!</span></p>\n<p>Depending on petal size,1 litre of our confetti should fill up to 20 of the confetti packets, giving your guests a handful to throw for that all important confetti shot! <span data-mce-fragment=\"1\">Please see our </span><a href=\"https://www.confettibee.co.uk/pages/how-many-litres-of-confetti-do-i-need-for-my-wedding\" data-mce-fragment=\"1\" data-mce-href=\"https://www.confettibee.co.uk/pages/how-many-litres-of-confetti-do-i-need-for-my-wedding\"><span data-mce-fragment=\"1\">guide page</span></a><span data-mce-fragment=\"1\"> for more information and advice on getting the right amount.</span></p>\n<p>Overall packet size - 117mm x 90mm</p>\n<p><span>These packets have an additional 25mm lip to allow the fold over the top and seal the packet.</span></p>\n<p>Our confetti packets are kraft brown, crafted from recycled material. Therefore they are 100% recyclable and biodegradable, making them fully eco-friendly.</p>\n<p>Please note confetti is NOT included with this product. Simply choose your required confetti for the packets, whether<span> </span><a href=\"https://www.confettibee.co.uk/collections/natural-confetti\" data-mce-href=\"https://www.confettibee.co.uk/collections/natural-confetti\">natural confetti<span> </span></a>or<span> </span><a href=\"https://www.confettibee.co.uk/collections/biodegradable-paper-confetti\" data-mce-href=\"https://www.confettibee.co.uk/collections/biodegradable-paper-confetti\">paper confetti</a> and add to your order!</p>\n<p data-mce-fragment=\"1\"><em data-mce-fragment=\"1\">Shown here with our Frosted Eucalyptus Confetti Collection.</em></p>','Confetti Bee Packets','2024-04-18 09:49:06','2024-04-18 09:49:06'),(83,'confettibee-co-uk.myshopify.com',8198928924930,'Confetti Kraft Brown Packets - Elegant Design 3','<p>Personalise your confetti packets with your names &amp; wedding date then fill with your chosen confetti<span> to </span><span data-mce-fragment=\"1\">beautifully complement the colour and theme of your Wedding Day!</span></p>\n<p>Depending on petal size,1 litre of our confetti should fill up to 20 of the confetti packets, giving your guests a handful to throw for that all important confetti shot! <span data-mce-fragment=\"1\">Please see our </span><a href=\"https://www.confettibee.co.uk/pages/how-many-litres-of-confetti-do-i-need-for-my-wedding\" data-mce-fragment=\"1\" data-mce-href=\"https://www.confettibee.co.uk/pages/how-many-litres-of-confetti-do-i-need-for-my-wedding\"><span data-mce-fragment=\"1\">guide page</span></a><span data-mce-fragment=\"1\"> for more information and advice on getting the right amount.</span></p>\n<p>Overall packet size - 117mm x 90mm</p>\n<p><span>These packets have an additional 25mm lip to allow the fold over the top and seal the packet.</span></p>\n<p>Our confetti packets are kraft brown, crafted from recycled material. Therefore they are 100% recyclable and biodegradable, making them fully eco-friendly.</p>\n<p>Please note confetti is NOT included with this product. Simply choose your required confetti for the packets, whether<span> </span><a href=\"https://www.confettibee.co.uk/collections/natural-confetti\" data-mce-href=\"https://www.confettibee.co.uk/collections/natural-confetti\">natural confetti<span> </span></a>or<span> </span><a href=\"https://www.confettibee.co.uk/collections/biodegradable-paper-confetti\" data-mce-href=\"https://www.confettibee.co.uk/collections/biodegradable-paper-confetti\">paper confetti</a> and add to your order!</p>\n<p data-mce-fragment=\"1\"><em data-mce-fragment=\"1\">Shown here with our Frosted Eucalyptus Confetti Collection.</em></p>','Confetti Bee Packets','2024-04-18 09:49:06','2024-04-18 09:49:06'),(84,'confettibee-co-uk.myshopify.com',8198929056002,'Confetti Kraft Brown Packets - Elegant Design 4','<p>Personalise your confetti packets with your names &amp; wedding date then fill with your chosen confetti<span> to </span><span data-mce-fragment=\"1\">beautifully complement the colour and theme of your Wedding Day!</span></p>\n<p>Depending on petal size,1 litre of our confetti should fill up to 20 of the confetti packets, giving your guests a handful to throw for that all important confetti shot! <span data-mce-fragment=\"1\">Please see our </span><a href=\"https://www.confettibee.co.uk/pages/how-many-litres-of-confetti-do-i-need-for-my-wedding\" data-mce-fragment=\"1\" data-mce-href=\"https://www.confettibee.co.uk/pages/how-many-litres-of-confetti-do-i-need-for-my-wedding\"><span data-mce-fragment=\"1\">guide page</span></a><span data-mce-fragment=\"1\"> for more information and advice on getting the right amount.</span></p>\n<p>Overall packet size - 117mm x 90mm</p>\n<p><span>These packets have an additional 25mm lip to allow the fold over the top and seal the packet.</span></p>\n<p>Our confetti packets are kraft brown, crafted from recycled material. Therefore they are 100% recyclable and biodegradable, making them fully eco-friendly.</p>\n<p>Please note confetti is NOT included with this product. Simply choose your required confetti for the packets, whether<span> </span><a href=\"https://www.confettibee.co.uk/collections/natural-confetti\" data-mce-href=\"https://www.confettibee.co.uk/collections/natural-confetti\">natural confetti<span> </span></a>or<span> </span><a href=\"https://www.confettibee.co.uk/collections/biodegradable-paper-confetti\" data-mce-href=\"https://www.confettibee.co.uk/collections/biodegradable-paper-confetti\">paper confetti</a> and add to your order!</p>\n<p data-mce-fragment=\"1\"><em data-mce-fragment=\"1\">Shown here with our Frosted Eucalyptus Confetti Collection.</em></p>','Confetti Bee Packets','2024-04-18 09:49:06','2024-04-18 09:49:06'),(85,'confettibee-co-uk.myshopify.com',8198929318146,'Confetti Kraft Brown Packets - Elegant Design 5','<p>Personalise your confetti packets with your names &amp; wedding date then fill with your chosen confetti<span> to </span><span data-mce-fragment=\"1\">beautifully complement the colour and theme of your Wedding Day!</span></p>\n<p>Depending on petal size,1 litre of our confetti should fill up to 20 of the confetti packets, giving your guests a handful to throw for that all important confetti shot! <span data-mce-fragment=\"1\">Please see our </span><a href=\"https://www.confettibee.co.uk/pages/how-many-litres-of-confetti-do-i-need-for-my-wedding\" data-mce-fragment=\"1\" data-mce-href=\"https://www.confettibee.co.uk/pages/how-many-litres-of-confetti-do-i-need-for-my-wedding\"><span data-mce-fragment=\"1\">guide page</span></a><span data-mce-fragment=\"1\"> for more information and advice on getting the right amount.</span></p>\n<p>Overall packet size - 117mm x 90mm</p>\n<p><span>These packets have an additional 25mm lip to allow the fold over the top and seal the packet.</span></p>\n<p>Our confetti packets are kraft brown, crafted from recycled material. Therefore they are 100% recyclable and biodegradable, making them fully eco-friendly.</p>\n<p>Please note confetti is NOT included with this product. Simply choose your required confetti for the packets, whether<span> </span><a href=\"https://www.confettibee.co.uk/collections/natural-confetti\" data-mce-href=\"https://www.confettibee.co.uk/collections/natural-confetti\">natural confetti<span> </span></a>or<span> </span><a href=\"https://www.confettibee.co.uk/collections/biodegradable-paper-confetti\" data-mce-href=\"https://www.confettibee.co.uk/collections/biodegradable-paper-confetti\">paper confetti</a> and add to your order!</p>\n<p data-mce-fragment=\"1\"><em data-mce-fragment=\"1\">Shown here with our Frosted Eucalyptus Confetti Collection.</em></p>','Confetti Bee Packets','2024-04-18 09:49:06','2024-04-18 09:49:06'),(86,'confettibee-co-uk.myshopify.com',8198929449218,'Confetti Kraft Brown Packets - Elegant Design 6','<p>Personalise your confetti packets with your names &amp; wedding date then fill with your chosen confetti<span> to </span><span data-mce-fragment=\"1\">beautifully complement the colour and theme of your Wedding Day!</span></p>\n<p>Depending on petal size,1 litre of our confetti should fill up to 20 of the confetti packets, giving your guests a handful to throw for that all important confetti shot! <span data-mce-fragment=\"1\">Please see our </span><a href=\"https://www.confettibee.co.uk/pages/how-many-litres-of-confetti-do-i-need-for-my-wedding\" data-mce-fragment=\"1\" data-mce-href=\"https://www.confettibee.co.uk/pages/how-many-litres-of-confetti-do-i-need-for-my-wedding\"><span data-mce-fragment=\"1\">guide page</span></a><span data-mce-fragment=\"1\"> for more information and advice on getting the right amount.</span></p>\n<p>Overall packet size - 117mm x 90mm</p>\n<p><span>These packets have an additional 25mm lip to allow the fold over the top and seal the packet.</span></p>\n<p>Our confetti packets are kraft brown, crafted from recycled material. Therefore they are 100% recyclable and biodegradable, making them fully eco-friendly.</p>\n<p>Please note confetti is NOT included with this product. Simply choose your required confetti for the packets, whether<span> </span><a href=\"https://www.confettibee.co.uk/collections/natural-confetti\" data-mce-href=\"https://www.confettibee.co.uk/collections/natural-confetti\">natural confetti<span> </span></a>or<span> </span><a href=\"https://www.confettibee.co.uk/collections/biodegradable-paper-confetti\" data-mce-href=\"https://www.confettibee.co.uk/collections/biodegradable-paper-confetti\">paper confetti</a> and add to your order!</p>\n<p data-mce-fragment=\"1\"><em data-mce-fragment=\"1\">Shown here with our Frosted Eucalyptus Confetti Collection.</em></p>','Confetti Bee Packets','2024-04-18 09:49:06','2024-04-18 09:49:06'),(87,'confettibee-co-uk.myshopify.com',8198929907970,'Confetti Kraft Brown Packets - Elegant Design 7','<p>Personalise your confetti packets with your names &amp; wedding date then fill with your chosen confetti<span> to </span><span data-mce-fragment=\"1\">beautifully complement the colour and theme of your Wedding Day!</span></p>\n<p>Depending on petal size,1 litre of our confetti should fill up to 20 of the confetti packets, giving your guests a handful to throw for that all important confetti shot! <span data-mce-fragment=\"1\">Please see our </span><a href=\"https://www.confettibee.co.uk/pages/how-many-litres-of-confetti-do-i-need-for-my-wedding\" data-mce-fragment=\"1\" data-mce-href=\"https://www.confettibee.co.uk/pages/how-many-litres-of-confetti-do-i-need-for-my-wedding\"><span data-mce-fragment=\"1\">guide page</span></a><span data-mce-fragment=\"1\"> for more information and advice on getting the right amount.</span></p>\n<p>Overall packet size - 117mm x 90mm</p>\n<p><span>These packets have an additional 25mm lip to allow the fold over the top and seal the packet.</span></p>\n<p>Our confetti packets are kraft brown, crafted from recycled material. Therefore they are 100% recyclable and biodegradable, making them fully eco-friendly.</p>\n<p>Please note confetti is NOT included with this product. Simply choose your required confetti for the packets, whether<span> </span><a href=\"https://www.confettibee.co.uk/collections/natural-confetti\" data-mce-href=\"https://www.confettibee.co.uk/collections/natural-confetti\">natural confetti<span> </span></a>or<span> </span><a href=\"https://www.confettibee.co.uk/collections/biodegradable-paper-confetti\" data-mce-href=\"https://www.confettibee.co.uk/collections/biodegradable-paper-confetti\">paper confetti</a> and add to your order!</p>\n<p data-mce-fragment=\"1\"><em data-mce-fragment=\"1\">Shown here with our Frosted Eucalyptus Confetti Collection.</em></p>','Confetti Bee Packets','2024-04-18 09:49:06','2024-04-18 09:49:06'),(88,'confettibee-co-uk.myshopify.com',8198930596098,'Confetti Kraft Brown Packets - Elegant Design 8','<p>Personalise your confetti packets with your names &amp; wedding date then fill with your chosen confetti<span> to </span><span data-mce-fragment=\"1\">beautifully complement the colour and theme of your Wedding Day!</span></p>\n<p>Depending on petal size,1 litre of our confetti should fill up to 20 of the confetti packets, giving your guests a handful to throw for that all important confetti shot! <span data-mce-fragment=\"1\">Please see our </span><a href=\"https://www.confettibee.co.uk/pages/how-many-litres-of-confetti-do-i-need-for-my-wedding\" data-mce-fragment=\"1\" data-mce-href=\"https://www.confettibee.co.uk/pages/how-many-litres-of-confetti-do-i-need-for-my-wedding\"><span data-mce-fragment=\"1\">guide page</span></a><span data-mce-fragment=\"1\"> for more information and advice on getting the right amount.</span></p>\n<p>Overall packet size - 117mm x 90mm</p>\n<p><span>These packets have an additional 25mm lip to allow the fold over the top and seal the packet.</span></p>\n<p>Our confetti packets are kraft brown, crafted from recycled material. Therefore they are 100% recyclable and biodegradable, making them fully eco-friendly.</p>\n<p>Please note confetti is NOT included with this product. Simply choose your required confetti for the packets, whether<span> </span><a href=\"https://www.confettibee.co.uk/collections/natural-confetti\" data-mce-href=\"https://www.confettibee.co.uk/collections/natural-confetti\">natural confetti<span> </span></a>or<span> </span><a href=\"https://www.confettibee.co.uk/collections/biodegradable-paper-confetti\" data-mce-href=\"https://www.confettibee.co.uk/collections/biodegradable-paper-confetti\">paper confetti</a> and add to your order!</p>\n<p data-mce-fragment=\"1\"><em data-mce-fragment=\"1\">Shown here with our Frosted Eucalyptus Confetti Collection.</em></p>','Confetti Bee Packets','2024-04-18 09:49:06','2024-04-18 09:49:06'),(89,'confettibee-co-uk.myshopify.com',8198930661634,'Confetti Kraft Brown Packets - Elegant Design 9','<p>Personalise your confetti packets with your names &amp; wedding date then fill with your chosen confetti<span> to </span><span data-mce-fragment=\"1\">beautifully complement the colour and theme of your Wedding Day!</span></p>\n<p>Depending on petal size,1 litre of our confetti should fill up to 20 of the confetti packets, giving your guests a handful to throw for that all important confetti shot! <span data-mce-fragment=\"1\">Please see our </span><a href=\"https://www.confettibee.co.uk/pages/how-many-litres-of-confetti-do-i-need-for-my-wedding\" data-mce-fragment=\"1\" data-mce-href=\"https://www.confettibee.co.uk/pages/how-many-litres-of-confetti-do-i-need-for-my-wedding\"><span data-mce-fragment=\"1\">guide page</span></a><span data-mce-fragment=\"1\"> for more information and advice on getting the right amount.</span></p>\n<p>Overall packet size - 117mm x 90mm</p>\n<p><span>These packets have an additional 25mm lip to allow the fold over the top and seal the packet.</span></p>\n<p>Our confetti packets are kraft brown, crafted from recycled material. Therefore they are 100% recyclable and biodegradable, making them fully eco-friendly.</p>\n<p>Please note confetti is NOT included with this product. Simply choose your required confetti for the packets, whether<span> </span><a href=\"https://www.confettibee.co.uk/collections/natural-confetti\" data-mce-href=\"https://www.confettibee.co.uk/collections/natural-confetti\">natural confetti<span> </span></a>or<span> </span><a href=\"https://www.confettibee.co.uk/collections/biodegradable-paper-confetti\" data-mce-href=\"https://www.confettibee.co.uk/collections/biodegradable-paper-confetti\">paper confetti</a> and add to your order!</p>\n<p data-mce-fragment=\"1\"><em data-mce-fragment=\"1\">Shown here with our Frosted Eucalyptus Confetti Collection.</em></p>','Confetti Bee Packets','2024-04-18 09:49:06','2024-04-18 09:49:06'),(90,'confettibee-co-uk.myshopify.com',8198930858242,'Confetti Kraft Brown Packets - Festive Design 1','<p>Personalise your confetti packets with your names &amp; wedding date then fill with your chosen confetti<span> to </span><span data-mce-fragment=\"1\">beautifully complement the colour and theme of your Wedding Day!</span></p>\n<p>Depending on petal size,1 litre of our confetti should fill up to 20 of the confetti packets, giving your guests a handful to throw for that all important confetti shot! <span data-mce-fragment=\"1\">Please see our </span><a href=\"https://www.confettibee.co.uk/pages/how-many-litres-of-confetti-do-i-need-for-my-wedding\" data-mce-fragment=\"1\" data-mce-href=\"https://www.confettibee.co.uk/pages/how-many-litres-of-confetti-do-i-need-for-my-wedding\"><span data-mce-fragment=\"1\">guide page</span></a><span data-mce-fragment=\"1\"> for more information and advice on getting the right amount.</span></p>\n<p>Overall packet size - 117mm x 90mm</p>\n<p><span>These packets have an additional 25mm lip to allow the fold over the top and seal the packet.</span></p>\n<p>Our confetti packets are kraft brown, crafted from recycled material. Therefore they are 100% recyclable and biodegradable, making them fully eco-friendly.</p>\n<p>Please note confetti is NOT included with this product. Simply choose your required confetti for the packets, whether<span> </span><a href=\"https://www.confettibee.co.uk/collections/natural-confetti\" data-mce-href=\"https://www.confettibee.co.uk/collections/natural-confetti\">natural confetti<span> </span></a>or<span> </span><a href=\"https://www.confettibee.co.uk/collections/biodegradable-paper-confetti\" data-mce-href=\"https://www.confettibee.co.uk/collections/biodegradable-paper-confetti\">paper confetti</a> and add to your order!</p>\n<p data-mce-fragment=\"1\"><em data-mce-fragment=\"1\">Shown here with our Frosted Eucalyptus Confetti Collection.</em></p>','Confetti Bee Packets','2024-04-18 09:49:06','2024-04-18 09:49:06'),(91,'confettibee-co-uk.myshopify.com',8198931972354,'Confetti Kraft Brown Packets - Festive Design 2','<p>Personalise your confetti packets with your names &amp; wedding date then fill with your chosen confetti<span> to </span><span data-mce-fragment=\"1\">beautifully complement the colour and theme of your Wedding Day!</span></p>\n<p>Depending on petal size,1 litre of our confetti should fill up to 20 of the confetti packets, giving your guests a handful to throw for that all important confetti shot! <span data-mce-fragment=\"1\">Please see our </span><a href=\"https://www.confettibee.co.uk/pages/how-many-litres-of-confetti-do-i-need-for-my-wedding\" data-mce-fragment=\"1\" data-mce-href=\"https://www.confettibee.co.uk/pages/how-many-litres-of-confetti-do-i-need-for-my-wedding\"><span data-mce-fragment=\"1\">guide page</span></a><span data-mce-fragment=\"1\"> for more information and advice on getting the right amount.</span></p>\n<p>Overall packet size - 117mm x 90mm</p>\n<p><span>These packets have an additional 25mm lip to allow the fold over the top and seal the packet.</span></p>\n<p>Our confetti packets are kraft brown, crafted from recycled material. Therefore they are 100% recyclable and biodegradable, making them fully eco-friendly.</p>\n<p>Please note confetti is NOT included with this product. Simply choose your required confetti for the packets, whether<span> </span><a href=\"https://www.confettibee.co.uk/collections/natural-confetti\" data-mce-href=\"https://www.confettibee.co.uk/collections/natural-confetti\">natural confetti<span> </span></a>or<span> </span><a href=\"https://www.confettibee.co.uk/collections/biodegradable-paper-confetti\" data-mce-href=\"https://www.confettibee.co.uk/collections/biodegradable-paper-confetti\">paper confetti</a> and add to your order!</p>\n<p data-mce-fragment=\"1\"><em data-mce-fragment=\"1\">Shown here with our Frosted Eucalyptus Confetti Collection.</em></p>','Confetti Bee Packets','2024-04-18 09:49:06','2024-04-18 09:49:06'),(92,'confettibee-co-uk.myshopify.com',8198932070658,'Confetti Kraft Brown Packets - Festive Design 3','<p>Personalise your confetti packets with your names &amp; wedding date then fill with your chosen confetti<span> to </span><span data-mce-fragment=\"1\">beautifully complement the colour and theme of your Wedding Day!</span></p>\n<p>Depending on petal size,1 litre of our confetti should fill up to 20 of the confetti packets, giving your guests a handful to throw for that all important confetti shot! <span data-mce-fragment=\"1\">Please see our </span><a href=\"https://www.confettibee.co.uk/pages/how-many-litres-of-confetti-do-i-need-for-my-wedding\" data-mce-fragment=\"1\" data-mce-href=\"https://www.confettibee.co.uk/pages/how-many-litres-of-confetti-do-i-need-for-my-wedding\"><span data-mce-fragment=\"1\">guide page</span></a><span data-mce-fragment=\"1\"> for more information and advice on getting the right amount.</span></p>\n<p>Overall packet size - 117mm x 90mm</p>\n<p><span>These packets have an additional 25mm lip to allow the fold over the top and seal the packet.</span></p>\n<p>Our confetti packets are kraft brown, crafted from recycled material. Therefore they are 100% recyclable and biodegradable, making them fully eco-friendly.</p>\n<p>Please note confetti is NOT included with this product. Simply choose your required confetti for the packets, whether<span> </span><a href=\"https://www.confettibee.co.uk/collections/natural-confetti\" data-mce-href=\"https://www.confettibee.co.uk/collections/natural-confetti\">natural confetti<span> </span></a>or<span> </span><a href=\"https://www.confettibee.co.uk/collections/biodegradable-paper-confetti\" data-mce-href=\"https://www.confettibee.co.uk/collections/biodegradable-paper-confetti\">paper confetti</a> and add to your order!</p>\n<p data-mce-fragment=\"1\"><em data-mce-fragment=\"1\">Shown here with our Frosted Eucalyptus Confetti Collection.</em></p>','Confetti Bee Packets','2024-04-18 09:49:06','2024-04-18 09:49:06'),(93,'confettibee-co-uk.myshopify.com',8198932136194,'Confetti Kraft Brown Packets - Festive Design 4','<p>Personalise your confetti packets with your names &amp; wedding date then fill with your chosen confetti<span> to </span><span data-mce-fragment=\"1\">beautifully complement the colour and theme of your Wedding Day!</span></p>\n<p>Depending on petal size,1 litre of our confetti should fill up to 20 of the confetti packets, giving your guests a handful to throw for that all important confetti shot! <span data-mce-fragment=\"1\">Please see our </span><a href=\"https://www.confettibee.co.uk/pages/how-many-litres-of-confetti-do-i-need-for-my-wedding\" data-mce-fragment=\"1\" data-mce-href=\"https://www.confettibee.co.uk/pages/how-many-litres-of-confetti-do-i-need-for-my-wedding\"><span data-mce-fragment=\"1\">guide page</span></a><span data-mce-fragment=\"1\"> for more information and advice on getting the right amount.</span></p>\n<p>Overall packet size - 117mm x 90mm</p>\n<p><span>These packets have an additional 25mm lip to allow the fold over the top and seal the packet.</span></p>\n<p>Our confetti packets are kraft brown, crafted from recycled material. Therefore they are 100% recyclable and biodegradable, making them fully eco-friendly.</p>\n<p>Please note confetti is NOT included with this product. Simply choose your required confetti for the packets, whether<span> </span><a href=\"https://www.confettibee.co.uk/collections/natural-confetti\" data-mce-href=\"https://www.confettibee.co.uk/collections/natural-confetti\">natural confetti<span> </span></a>or<span> </span><a href=\"https://www.confettibee.co.uk/collections/biodegradable-paper-confetti\" data-mce-href=\"https://www.confettibee.co.uk/collections/biodegradable-paper-confetti\">paper confetti</a> and add to your order!</p>\n<p data-mce-fragment=\"1\"><em data-mce-fragment=\"1\">Shown here with our Frosted Eucalyptus Confetti Collection.</em></p>','Confetti Bee Packets','2024-04-18 09:49:06','2024-04-18 09:49:06'),(94,'confettibee-co-uk.myshopify.com',8198932234498,'Confetti Kraft Brown Packets - Festive Design 5','<p>Personalise your confetti packets with your names &amp; wedding date then fill with your chosen confetti<span> to </span><span data-mce-fragment=\"1\">beautifully complement the colour and theme of your Wedding Day!</span></p>\n<p>Depending on petal size,1 litre of our confetti should fill up to 20 of the confetti packets, giving your guests a handful to throw for that all important confetti shot! <span data-mce-fragment=\"1\">Please see our </span><a href=\"https://www.confettibee.co.uk/pages/how-many-litres-of-confetti-do-i-need-for-my-wedding\" data-mce-fragment=\"1\" data-mce-href=\"https://www.confettibee.co.uk/pages/how-many-litres-of-confetti-do-i-need-for-my-wedding\"><span data-mce-fragment=\"1\">guide page</span></a><span data-mce-fragment=\"1\"> for more information and advice on getting the right amount.</span></p>\n<p>Overall packet size - 117mm x 90mm</p>\n<p><span>These packets have an additional 25mm lip to allow the fold over the top and seal the packet.</span></p>\n<p>Our confetti packets are kraft brown, crafted from recycled material. Therefore they are 100% recyclable and biodegradable, making them fully eco-friendly.</p>\n<p>Please note confetti is NOT included with this product. Simply choose your required confetti for the packets, whether<span> </span><a href=\"https://www.confettibee.co.uk/collections/natural-confetti\" data-mce-href=\"https://www.confettibee.co.uk/collections/natural-confetti\">natural confetti<span> </span></a>or<span> </span><a href=\"https://www.confettibee.co.uk/collections/biodegradable-paper-confetti\" data-mce-href=\"https://www.confettibee.co.uk/collections/biodegradable-paper-confetti\">paper confetti</a> and add to your order!</p>\n<p data-mce-fragment=\"1\"><em data-mce-fragment=\"1\">Shown here with our Frosted Eucalyptus Confetti Collection.</em></p>','Confetti Bee Packets','2024-04-18 09:49:06','2024-04-18 09:49:06'),(95,'confettibee-co-uk.myshopify.com',8201489121538,'Confetti Kraft Brown Packets - Floral Design 1','<p>Personalise your confetti packets with your names &amp; wedding date then fill with your chosen confetti<span> to </span><span data-mce-fragment=\"1\">beautifully complement the colour and theme of your Wedding Day!</span></p>\n<p>Depending on petal size, 1 litre of our confetti should fill up to 20 of the confetti packets, giving your guests a handful to throw for that all important confetti shot! <span data-mce-fragment=\"1\">Please see our </span><a href=\"https://www.confettibee.co.uk/pages/how-many-litres-of-confetti-do-i-need-for-my-wedding\" data-mce-fragment=\"1\" data-mce-href=\"https://www.confettibee.co.uk/pages/how-many-litres-of-confetti-do-i-need-for-my-wedding\"><span data-mce-fragment=\"1\">guide page</span></a><span data-mce-fragment=\"1\"> for more information and advice on getting the right amount.</span></p>\n<p>Overall packet size - 117mm x 90mm</p>\n<p><span>These packets have an additional 25mm lip to allow the fold over the top and seal the packet.</span></p>\n<p>Our confetti packets are kraft brown, crafted from recycled material. Therefore they are 100% recyclable and biodegradable, making them fully eco-friendly.</p>\n<p>Please note confetti is NOT included with this product. Simply choose your required confetti for the packets, whether<span> </span><a href=\"https://www.confettibee.co.uk/collections/natural-confetti\" data-mce-href=\"https://www.confettibee.co.uk/collections/natural-confetti\">natural confetti<span> </span></a>or<span> </span><a href=\"https://www.confettibee.co.uk/collections/biodegradable-paper-confetti\" data-mce-href=\"https://www.confettibee.co.uk/collections/biodegradable-paper-confetti\">paper confetti</a> and add to your order!</p>\n<p data-mce-fragment=\"1\"><em data-mce-fragment=\"1\">Shown here with our Powder Puff Fairy Confetti Collection.</em></p>','Confetti Bee Packets','2024-04-18 09:49:06','2024-04-18 09:49:06'),(96,'confettibee-co-uk.myshopify.com',8201492988162,'Confetti Kraft Brown Packets - Floral Design 2','<p>Personalise your confetti packets with your names &amp; wedding date then fill with your chosen confetti<span> to </span><span data-mce-fragment=\"1\">beautifully complement the colour and theme of your Wedding Day!</span></p>\n<p>Depending on petal size, 1 litre of our confetti should fill up to 20 of the confetti packets, giving your guests a handful to throw for that all important confetti shot! <span data-mce-fragment=\"1\">Please see our </span><a href=\"https://www.confettibee.co.uk/pages/how-many-litres-of-confetti-do-i-need-for-my-wedding\" data-mce-fragment=\"1\" data-mce-href=\"https://www.confettibee.co.uk/pages/how-many-litres-of-confetti-do-i-need-for-my-wedding\"><span data-mce-fragment=\"1\">guide page</span></a><span data-mce-fragment=\"1\"> for more information and advice on getting the right amount.</span></p>\n<p>Overall packet size - 117mm x 90mm</p>\n<p><span>These packets have an additional 25mm lip to allow the fold over the top and seal the packet.</span></p>\n<p>Our confetti packets are kraft brown, crafted from recycled material. Therefore they are 100% recyclable and biodegradable, making them fully eco-friendly.</p>\n<p>Please note confetti is NOT included with this product. Simply choose your required confetti for the packets, whether<span> </span><a href=\"https://www.confettibee.co.uk/collections/natural-confetti\" data-mce-href=\"https://www.confettibee.co.uk/collections/natural-confetti\">natural confetti<span> </span></a>or<span> </span><a href=\"https://www.confettibee.co.uk/collections/biodegradable-paper-confetti\" data-mce-href=\"https://www.confettibee.co.uk/collections/biodegradable-paper-confetti\">paper confetti</a> and add to your order!</p>\n<p data-mce-fragment=\"1\"><em data-mce-fragment=\"1\">Shown here with our Powder Puff Fairy Confetti Collection.</em></p>','Confetti Bee Packets','2024-04-18 09:49:06','2024-04-18 09:49:06'),(97,'confettibee-co-uk.myshopify.com',8201494855938,'Confetti Kraft Brown Packets - Floral Design 3','<p>Personalise your confetti packets with your names &amp; wedding date then fill with your chosen confetti<span> to </span><span data-mce-fragment=\"1\">beautifully complement the colour and theme of your Wedding Day!</span></p>\n<p>Depending on petal size, 1 litre of our confetti should fill up to 20 of the confetti packets, giving your guests a handful to throw for that all important confetti shot! <span data-mce-fragment=\"1\">Please see our </span><a href=\"https://www.confettibee.co.uk/pages/how-many-litres-of-confetti-do-i-need-for-my-wedding\" data-mce-fragment=\"1\" data-mce-href=\"https://www.confettibee.co.uk/pages/how-many-litres-of-confetti-do-i-need-for-my-wedding\"><span data-mce-fragment=\"1\">guide page</span></a><span data-mce-fragment=\"1\"> for more information and advice on getting the right amount.</span></p>\n<p>Overall packet size - 117mm x 90mm</p>\n<p><span>These packets have an additional 25mm lip to allow the fold over the top and seal the packet.</span></p>\n<p>Our confetti packets are kraft brown, crafted from recycled material. Therefore they are 100% recyclable and biodegradable, making them fully eco-friendly.</p>\n<p>Please note confetti is NOT included with this product. Simply choose your required confetti for the packets, whether<span> </span><a href=\"https://www.confettibee.co.uk/collections/natural-confetti\" data-mce-href=\"https://www.confettibee.co.uk/collections/natural-confetti\">natural confetti<span> </span></a>or<span> </span><a href=\"https://www.confettibee.co.uk/collections/biodegradable-paper-confetti\" data-mce-href=\"https://www.confettibee.co.uk/collections/biodegradable-paper-confetti\">paper confetti</a> and add to your order!</p>\n<p data-mce-fragment=\"1\"><em data-mce-fragment=\"1\">Shown here with our Powder Puff Fairy Confetti Collection.</em></p>','Confetti Bee Packets','2024-04-18 09:49:06','2024-04-18 09:49:06'),(98,'confettibee-co-uk.myshopify.com',8201496166658,'Confetti Kraft Brown Packets - Floral Design 4','<p>Personalise your confetti packets with your names &amp; wedding date then fill with your chosen confetti<span> to </span><span data-mce-fragment=\"1\">beautifully complement the colour and theme of your Wedding Day!</span></p>\n<p>Depending on petal size, 1 litre of our confetti should fill up to 20 of the confetti packets, giving your guests a handful to throw for that all important confetti shot! <span data-mce-fragment=\"1\">Please see our </span><a href=\"https://www.confettibee.co.uk/pages/how-many-litres-of-confetti-do-i-need-for-my-wedding\" data-mce-fragment=\"1\" data-mce-href=\"https://www.confettibee.co.uk/pages/how-many-litres-of-confetti-do-i-need-for-my-wedding\"><span data-mce-fragment=\"1\">guide page</span></a><span data-mce-fragment=\"1\"> for more information and advice on getting the right amount.</span></p>\n<p>Overall packet size - 117mm x 90mm</p>\n<p><span>These packets have an additional 25mm lip to allow the fold over the top and seal the packet.</span></p>\n<p>Our confetti packets are kraft brown, crafted from recycled material. Therefore they are 100% recyclable and biodegradable, making them fully eco-friendly.</p>\n<p>Please note confetti is NOT included with this product. Simply choose your required confetti for the packets, whether<span> </span><a href=\"https://www.confettibee.co.uk/collections/natural-confetti\" data-mce-href=\"https://www.confettibee.co.uk/collections/natural-confetti\">natural confetti<span> </span></a>or<span> </span><a href=\"https://www.confettibee.co.uk/collections/biodegradable-paper-confetti\" data-mce-href=\"https://www.confettibee.co.uk/collections/biodegradable-paper-confetti\">paper confetti</a> and add to your order!</p>\n<p data-mce-fragment=\"1\"><em data-mce-fragment=\"1\">Shown here with our Powder Puff Fairy Confetti Collection.</em></p>','Confetti Bee Packets','2024-04-18 09:49:06','2024-04-18 09:49:06'),(99,'confettibee-co-uk.myshopify.com',8201502818562,'Confetti Kraft Brown Packets - Floral Design 5','<p>Personalise your confetti packets with your names &amp; wedding date then fill with your chosen confetti<span> to </span><span data-mce-fragment=\"1\">beautifully complement the colour and theme of your Wedding Day!</span></p>\n<p>Depending on petal size, 1 litre of our confetti should fill up to 20 of the confetti packets, giving your guests a handful to throw for that all important confetti shot! <span data-mce-fragment=\"1\">Please see our </span><a href=\"https://www.confettibee.co.uk/pages/how-many-litres-of-confetti-do-i-need-for-my-wedding\" data-mce-fragment=\"1\" data-mce-href=\"https://www.confettibee.co.uk/pages/how-many-litres-of-confetti-do-i-need-for-my-wedding\"><span data-mce-fragment=\"1\">guide page</span></a><span data-mce-fragment=\"1\"> for more information and advice on getting the right amount.</span></p>\n<p>Overall packet size - 117mm x 90mm</p>\n<p><span>These packets have an additional 25mm lip to allow the fold over the top and seal the packet.</span></p>\n<p>Our confetti packets are kraft brown, crafted from recycled material. Therefore they are 100% recyclable and biodegradable, making them fully eco-friendly.</p>\n<p>Please note confetti is NOT included with this product. Simply choose your required confetti for the packets, whether<span> </span><a href=\"https://www.confettibee.co.uk/collections/natural-confetti\" data-mce-href=\"https://www.confettibee.co.uk/collections/natural-confetti\">natural confetti<span> </span></a>or<span> </span><a href=\"https://www.confettibee.co.uk/collections/biodegradable-paper-confetti\" data-mce-href=\"https://www.confettibee.co.uk/collections/biodegradable-paper-confetti\">paper confetti</a> and add to your order!</p>\n<p data-mce-fragment=\"1\"><em data-mce-fragment=\"1\">Shown here with our Powder Puff Fairy Confetti Collection.</em></p>','Confetti Bee Packets','2024-04-18 09:49:06','2024-04-18 09:49:06'),(100,'confettibee-co-uk.myshopify.com',8201507438850,'Confetti Kraft Brown Packets - Heart Design 1','<p>Personalise your confetti packets with your names &amp; wedding date then fill with your chosen confetti<span> to </span><span data-mce-fragment=\"1\">beautifully complement the colour and theme of your Wedding Day!</span></p>\n<p>Depending on petal size, 1 litre of our confetti should fill up to 20 of the confetti packets, giving your guests a handful to throw for that all important confetti shot! <span data-mce-fragment=\"1\">Please see our </span><a href=\"https://www.confettibee.co.uk/pages/how-many-litres-of-confetti-do-i-need-for-my-wedding\" data-mce-fragment=\"1\" data-mce-href=\"https://www.confettibee.co.uk/pages/how-many-litres-of-confetti-do-i-need-for-my-wedding\"><span data-mce-fragment=\"1\">guide page</span></a><span data-mce-fragment=\"1\"> for more information and advice on getting the right amount.</span></p>\n<p>Overall packet size - 117mm x 90mm</p>\n<p><span>These packets have an additional 25mm lip to allow the fold over the top and seal the packet.</span></p>\n<p>Our confetti packets are kraft brown, crafted from recycled material. Therefore they are 100% recyclable and biodegradable, making them fully eco-friendly.</p>\n<p>Please note confetti is NOT included with this product. Simply choose your required confetti for the packets, whether<span> </span><a href=\"https://www.confettibee.co.uk/collections/natural-confetti\" data-mce-href=\"https://www.confettibee.co.uk/collections/natural-confetti\">natural confetti<span> </span></a>or<span> </span><a href=\"https://www.confettibee.co.uk/collections/biodegradable-paper-confetti\" data-mce-href=\"https://www.confettibee.co.uk/collections/biodegradable-paper-confetti\">paper confetti</a> and add to your order!</p>\n<p data-mce-fragment=\"1\"><em data-mce-fragment=\"1\">Shown here with our Powder Puff Fairy Confetti Collection.</em></p>','Confetti Bee Packets','2024-04-18 09:49:06','2024-04-18 09:49:06'),(101,'confettibee-co-uk.myshopify.com',8201511731458,'Confetti Kraft Brown Packets - Heart Design 2','<p>Personalise your confetti packets with your names &amp; wedding date then fill with your chosen confetti<span> to </span><span data-mce-fragment=\"1\">beautifully complement the colour and theme of your Wedding Day!</span></p>\n<p>Depending on petal size, 1 litre of our confetti should fill up to 20 of the confetti packets, giving your guests a handful to throw for that all important confetti shot! <span data-mce-fragment=\"1\">Please see our </span><a href=\"https://www.confettibee.co.uk/pages/how-many-litres-of-confetti-do-i-need-for-my-wedding\" data-mce-fragment=\"1\" data-mce-href=\"https://www.confettibee.co.uk/pages/how-many-litres-of-confetti-do-i-need-for-my-wedding\"><span data-mce-fragment=\"1\">guide page</span></a><span data-mce-fragment=\"1\"> for more information and advice on getting the right amount.</span></p>\n<p>Overall packet size - 117mm x 90mm</p>\n<p><span>These packets have an additional 25mm lip to allow the fold over the top and seal the packet.</span></p>\n<p>Our confetti packets are kraft brown, crafted from recycled material. Therefore they are 100% recyclable and biodegradable, making them fully eco-friendly.</p>\n<p>Please note confetti is NOT included with this product. Simply choose your required confetti for the packets, whether<span> </span><a href=\"https://www.confettibee.co.uk/collections/natural-confetti\" data-mce-href=\"https://www.confettibee.co.uk/collections/natural-confetti\">natural confetti<span> </span></a>or<span> </span><a href=\"https://www.confettibee.co.uk/collections/biodegradable-paper-confetti\" data-mce-href=\"https://www.confettibee.co.uk/collections/biodegradable-paper-confetti\">paper confetti</a> and add to your order!</p>\n<p data-mce-fragment=\"1\"><em data-mce-fragment=\"1\">Shown here with our Powder Puff Fairy Confetti Collection.</em></p>','Confetti Bee Packets','2024-04-18 09:49:06','2024-04-18 09:49:06'),(102,'confettibee-co-uk.myshopify.com',8201512419586,'Confetti Kraft Brown Packets - Heart Design 3','<p>Personalise your confetti packets with your names &amp; wedding date then fill with your chosen confetti<span> to </span><span data-mce-fragment=\"1\">beautifully complement the colour and theme of your Wedding Day!</span></p>\n<p>Depending on petal size, 1 litre of our confetti should fill up to 20 of the confetti packets, giving your guests a handful to throw for that all important confetti shot! <span data-mce-fragment=\"1\">Please see our </span><a href=\"https://www.confettibee.co.uk/pages/how-many-litres-of-confetti-do-i-need-for-my-wedding\" data-mce-fragment=\"1\" data-mce-href=\"https://www.confettibee.co.uk/pages/how-many-litres-of-confetti-do-i-need-for-my-wedding\"><span data-mce-fragment=\"1\">guide page</span></a><span data-mce-fragment=\"1\"> for more information and advice on getting the right amount.</span></p>\n<p>Overall packet size - 117mm x 90mm</p>\n<p><span>These packets have an additional 25mm lip to allow the fold over the top and seal the packet.</span></p>\n<p>Our confetti packets are kraft brown, crafted from recycled material. Therefore they are 100% recyclable and biodegradable, making them fully eco-friendly.</p>\n<p>Please note confetti is NOT included with this product. Simply choose your required confetti for the packets, whether<span> </span><a href=\"https://www.confettibee.co.uk/collections/natural-confetti\" data-mce-href=\"https://www.confettibee.co.uk/collections/natural-confetti\">natural confetti<span> </span></a>or<span> </span><a href=\"https://www.confettibee.co.uk/collections/biodegradable-paper-confetti\" data-mce-href=\"https://www.confettibee.co.uk/collections/biodegradable-paper-confetti\">paper confetti</a> and add to your order!</p>\n<p data-mce-fragment=\"1\"><em data-mce-fragment=\"1\">Shown here with our Powder Puff Fairy Confetti Collection.</em></p>','Confetti Bee Packets','2024-04-18 09:49:06','2024-04-18 09:49:06'),(103,'confettibee-co-uk.myshopify.com',8201513632002,'Confetti Kraft Brown Packets - Heart Design 4','<p>Personalise your confetti packets with your names &amp; wedding date then fill with your chosen confetti<span> to </span><span data-mce-fragment=\"1\">beautifully complement the colour and theme of your Wedding Day!</span></p>\n<p>Depending on petal size, 1 litre of our confetti should fill up to 20 of the confetti packets, giving your guests a handful to throw for that all important confetti shot! <span data-mce-fragment=\"1\">Please see our </span><a href=\"https://www.confettibee.co.uk/pages/how-many-litres-of-confetti-do-i-need-for-my-wedding\" data-mce-fragment=\"1\" data-mce-href=\"https://www.confettibee.co.uk/pages/how-many-litres-of-confetti-do-i-need-for-my-wedding\"><span data-mce-fragment=\"1\">guide page</span></a><span data-mce-fragment=\"1\"> for more information and advice on getting the right amount.</span></p>\n<p>Overall packet size - 117mm x 90mm</p>\n<p><span>These packets have an additional 25mm lip to allow the fold over the top and seal the packet.</span></p>\n<p>Our confetti packets are kraft brown, crafted from recycled material. Therefore they are 100% recyclable and biodegradable, making them fully eco-friendly.</p>\n<p>Please note confetti is NOT included with this product. Simply choose your required confetti for the packets, whether<span> </span><a href=\"https://www.confettibee.co.uk/collections/natural-confetti\" data-mce-href=\"https://www.confettibee.co.uk/collections/natural-confetti\">natural confetti<span> </span></a>or<span> </span><a href=\"https://www.confettibee.co.uk/collections/biodegradable-paper-confetti\" data-mce-href=\"https://www.confettibee.co.uk/collections/biodegradable-paper-confetti\">paper confetti</a> and add to your order!</p>\n<p data-mce-fragment=\"1\"><em data-mce-fragment=\"1\">Shown here with our Powder Puff Fairy Confetti Collection.</em></p>','Confetti Bee Packets','2024-04-18 09:49:06','2024-04-18 09:49:06'),(104,'confettibee-co-uk.myshopify.com',8201514451202,'Confetti Kraft Brown Packets - Heart Design 5','<p>Personalise your confetti packets with your names &amp; wedding date then fill with your chosen confetti<span> to </span><span data-mce-fragment=\"1\">beautifully complement the colour and theme of your Wedding Day!</span></p>\n<p>Depending on petal size, 1 litre of our confetti should fill up to 20 of the confetti packets, giving your guests a handful to throw for that all important confetti shot! <span data-mce-fragment=\"1\">Please see our </span><a href=\"https://www.confettibee.co.uk/pages/how-many-litres-of-confetti-do-i-need-for-my-wedding\" data-mce-fragment=\"1\" data-mce-href=\"https://www.confettibee.co.uk/pages/how-many-litres-of-confetti-do-i-need-for-my-wedding\"><span data-mce-fragment=\"1\">guide page</span></a><span data-mce-fragment=\"1\"> for more information and advice on getting the right amount.</span></p>\n<p>Overall packet size - 117mm x 90mm</p>\n<p><span>These packets have an additional 25mm lip to allow the fold over the top and seal the packet.</span></p>\n<p>Our confetti packets are kraft brown, crafted from recycled material. Therefore they are 100% recyclable and biodegradable, making them fully eco-friendly.</p>\n<p>Please note confetti is NOT included with this product. Simply choose your required confetti for the packets, whether<span> </span><a href=\"https://www.confettibee.co.uk/collections/natural-confetti\" data-mce-href=\"https://www.confettibee.co.uk/collections/natural-confetti\">natural confetti<span> </span></a>or<span> </span><a href=\"https://www.confettibee.co.uk/collections/biodegradable-paper-confetti\" data-mce-href=\"https://www.confettibee.co.uk/collections/biodegradable-paper-confetti\">paper confetti</a> and add to your order!</p>\n<p data-mce-fragment=\"1\"><em data-mce-fragment=\"1\">Shown here with our Powder Puff Fairy Confetti Collection.</em></p>','Confetti Bee Packets','2024-04-18 09:49:06','2024-04-18 09:49:06'),(105,'confettibee-co-uk.myshopify.com',8194390360322,'Confetti Kraft Brown Packets - Initials Design 1','<p>Personalise your confetti packets with your names &amp; wedding date then fill with your chosen confetti<span> to </span><span data-mce-fragment=\"1\">beautifully complement the colour and theme of your Wedding Day!</span></p>\n<p>Depending on petal size,1 litre of our confetti should fill up to 20 of the confetti packets, giving your guests a handful to throw for that all important confetti shot! <span data-mce-fragment=\"1\">Please see our </span><a href=\"https://www.confettibee.co.uk/pages/how-many-litres-of-confetti-do-i-need-for-my-wedding\" data-mce-fragment=\"1\" data-mce-href=\"https://www.confettibee.co.uk/pages/how-many-litres-of-confetti-do-i-need-for-my-wedding\"><span data-mce-fragment=\"1\">guide page</span></a><span data-mce-fragment=\"1\"> for more information and advice on getting the right amount.</span></p>\n<p>Overall packet size - 117mm x 90mm</p>\n<p><span>These packets have an additional 25mm lip to allow the fold over the top and seal the packet.</span></p>\n<p>Our confetti packets are kraft brown, crafted from recycled material. Therefore they are 100% recyclable and biodegradable, making them fully eco-friendly.</p>\n<p>Please note confetti is NOT included with this product. Simply choose your required confetti for the packets, whether<span> </span><a href=\"https://www.confettibee.co.uk/collections/natural-confetti\" data-mce-href=\"https://www.confettibee.co.uk/collections/natural-confetti\">natural confetti<span> </span></a>or<span> </span><a href=\"https://www.confettibee.co.uk/collections/biodegradable-paper-confetti\" data-mce-href=\"https://www.confettibee.co.uk/collections/biodegradable-paper-confetti\">paper confetti</a> and add to your order!</p>\n<p data-mce-fragment=\"1\"><em data-mce-fragment=\"1\">Shown here with our Jasmine Orange Confetti Collection.</em></p>','Confetti Bee Packets','2024-04-18 09:49:06','2024-04-18 09:49:06'),(106,'confettibee-co-uk.myshopify.com',8194391113986,'Confetti Kraft Brown Packets - Initials Design 2','<p>Personalise your confetti packets with your names &amp; wedding date then fill with your chosen confetti<span> to </span><span data-mce-fragment=\"1\">beautifully complement the colour and theme of your Wedding Day!</span></p>\n<p>Depending on petal size,1 litre of our confetti should fill up to 20 of the confetti packets, giving your guests a handful to throw for that all important confetti shot! <span data-mce-fragment=\"1\">Please see our </span><a href=\"https://www.confettibee.co.uk/pages/how-many-litres-of-confetti-do-i-need-for-my-wedding\" data-mce-fragment=\"1\" data-mce-href=\"https://www.confettibee.co.uk/pages/how-many-litres-of-confetti-do-i-need-for-my-wedding\"><span data-mce-fragment=\"1\">guide page</span></a><span data-mce-fragment=\"1\"> for more information and advice on getting the right amount.</span></p>\n<p>Overall packet size - 117mm x 90mm</p>\n<p><span>These packets have an additional 25mm lip to allow the fold over the top and seal the packet.</span></p>\n<p>Our confetti packets are kraft brown, crafted from recycled material. Therefore they are 100% recyclable and biodegradable, making them fully eco-friendly.</p>\n<p>Please note confetti is NOT included with this product. Simply choose your required confetti for the packets, whether<span> </span><a href=\"https://www.confettibee.co.uk/collections/natural-confetti\" data-mce-href=\"https://www.confettibee.co.uk/collections/natural-confetti\">natural confetti<span> </span></a>or<span> </span><a href=\"https://www.confettibee.co.uk/collections/biodegradable-paper-confetti\" data-mce-href=\"https://www.confettibee.co.uk/collections/biodegradable-paper-confetti\">paper confetti</a> and add to your order!</p>\n<p data-mce-fragment=\"1\"><em data-mce-fragment=\"1\">Shown here with our Jasmine Orange<span data-mce-fragment=\"1\"> </span>Confetti Collection.</em></p>','Confetti Bee Packets','2024-04-18 09:49:06','2024-04-18 09:49:06'),(107,'confettibee-co-uk.myshopify.com',8194391867650,'Confetti Kraft Brown Packets - Initials Design 3','<p>Personalise your confetti packets with your names &amp; wedding date then fill with your chosen confetti<span> to </span><span data-mce-fragment=\"1\">beautifully complement the colour and theme of your Wedding Day!</span></p>\n<p>Depending on petal size,1 litre of our confetti should fill up to 20 of the confetti packets, giving your guests a handful to throw for that all important confetti shot! <span data-mce-fragment=\"1\">Please see our </span><a href=\"https://www.confettibee.co.uk/pages/how-many-litres-of-confetti-do-i-need-for-my-wedding\" data-mce-fragment=\"1\" data-mce-href=\"https://www.confettibee.co.uk/pages/how-many-litres-of-confetti-do-i-need-for-my-wedding\"><span data-mce-fragment=\"1\">guide page</span></a><span data-mce-fragment=\"1\"> for more information and advice on getting the right amount.</span></p>\n<p>Overall packet size - 117mm x 90mm</p>\n<p><span>These packets have an additional 25mm lip to allow the fold over the top and seal the packet.</span></p>\n<p>Our confetti packets are kraft brown, crafted from recycled material. Therefore they are 100% recyclable and biodegradable, making them fully eco-friendly.</p>\n<p>Please note confetti is NOT included with this product. Simply choose your required confetti for the packets, whether<span> </span><a href=\"https://www.confettibee.co.uk/collections/natural-confetti\" data-mce-href=\"https://www.confettibee.co.uk/collections/natural-confetti\">natural confetti<span> </span></a>or<span> </span><a href=\"https://www.confettibee.co.uk/collections/biodegradable-paper-confetti\" data-mce-href=\"https://www.confettibee.co.uk/collections/biodegradable-paper-confetti\">paper confetti</a> and add to your order!</p>\n<p data-mce-fragment=\"1\"><em data-mce-fragment=\"1\">Shown here with our Jasmine Orange<span data-mce-fragment=\"1\"> </span>Confetti Collection.</em></p>','Confetti Bee Packets','2024-04-18 09:49:06','2024-04-18 09:49:06'),(108,'confettibee-co-uk.myshopify.com',8194392260866,'Confetti Kraft Brown Packets - Initials Design 4','<p>Personalise your confetti packets with your names &amp; wedding date then fill with your chosen confetti<span> to </span><span data-mce-fragment=\"1\">beautifully complement the colour and theme of your Wedding Day!</span></p>\n<p>Depending on petal size,1 litre of our confetti should fill up to 20 of the confetti packets, giving your guests a handful to throw for that all important confetti shot! <span data-mce-fragment=\"1\">Please see our </span><a href=\"https://www.confettibee.co.uk/pages/how-many-litres-of-confetti-do-i-need-for-my-wedding\" data-mce-fragment=\"1\" data-mce-href=\"https://www.confettibee.co.uk/pages/how-many-litres-of-confetti-do-i-need-for-my-wedding\"><span data-mce-fragment=\"1\">guide page</span></a><span data-mce-fragment=\"1\"> for more information and advice on getting the right amount.</span></p>\n<p>Overall packet size - 117mm x 90mm</p>\n<p><span>These packets have an additional 25mm lip to allow the fold over the top and seal the packet.</span></p>\n<p>Our confetti packets are kraft brown, crafted from recycled material. Therefore they are 100% recyclable and biodegradable, making them fully eco-friendly.</p>\n<p>Please note confetti is NOT included with this product. Simply choose your required confetti for the packets, whether<span> </span><a href=\"https://www.confettibee.co.uk/collections/natural-confetti\" data-mce-href=\"https://www.confettibee.co.uk/collections/natural-confetti\">natural confetti<span> </span></a>or<span> </span><a href=\"https://www.confettibee.co.uk/collections/biodegradable-paper-confetti\" data-mce-href=\"https://www.confettibee.co.uk/collections/biodegradable-paper-confetti\">paper confetti</a> and add to your order!</p>\n<p data-mce-fragment=\"1\"><em data-mce-fragment=\"1\">Shown here with our Jasmine Orange<span data-mce-fragment=\"1\"> </span>Confetti Collection.</em></p>','Confetti Bee Packets','2024-04-18 09:49:06','2024-04-18 09:49:06'),(109,'confettibee-co-uk.myshopify.com',8194392555778,'Confetti Kraft Brown Packets - Initials Design 5','<p>Personalise your confetti packets with your names &amp; wedding date then fill with your chosen confetti<span> to </span><span data-mce-fragment=\"1\">beautifully complement the colour and theme of your Wedding Day!</span></p>\n<p>Depending on petal size,1 litre of our confetti should fill up to 20 of the confetti packets, giving your guests a handful to throw for that all important confetti shot! <span data-mce-fragment=\"1\">Please see our </span><a href=\"https://www.confettibee.co.uk/pages/how-many-litres-of-confetti-do-i-need-for-my-wedding\" data-mce-fragment=\"1\" data-mce-href=\"https://www.confettibee.co.uk/pages/how-many-litres-of-confetti-do-i-need-for-my-wedding\"><span data-mce-fragment=\"1\">guide page</span></a><span data-mce-fragment=\"1\"> for more information and advice on getting the right amount.</span></p>\n<p>Overall packet size - 117mm x 90mm</p>\n<p><span>These packets have an additional 25mm lip to allow the fold over the top and seal the packet.</span></p>\n<p>Our confetti packets are kraft brown, crafted from recycled material. Therefore they are 100% recyclable and biodegradable, making them fully eco-friendly.</p>\n<p>Please note confetti is NOT included with this product. Simply choose your required confetti for the packets, whether<span> </span><a href=\"https://www.confettibee.co.uk/collections/natural-confetti\" data-mce-href=\"https://www.confettibee.co.uk/collections/natural-confetti\">natural confetti<span> </span></a>or<span> </span><a href=\"https://www.confettibee.co.uk/collections/biodegradable-paper-confetti\" data-mce-href=\"https://www.confettibee.co.uk/collections/biodegradable-paper-confetti\">paper confetti</a> and add to your order!</p>\n<p data-mce-fragment=\"1\"><em data-mce-fragment=\"1\">Shown here with our Jasmine Orange<span data-mce-fragment=\"1\"> </span>Confetti Collection.</em></p>','Confetti Bee Packets','2024-04-18 09:49:06','2024-04-18 09:49:06'),(110,'confettibee-co-uk.myshopify.com',8194393506050,'Confetti Kraft Brown Packets - Mr & Mrs Design 1','<p>Personalise your confetti packets with your names &amp; wedding date then fill with your chosen confetti<span> to </span><span data-mce-fragment=\"1\">beautifully complement the colour and theme of your Wedding Day!</span></p>\n<p>Depending on petal size,1 litre of our confetti should fill up to 20 of the confetti packets, giving your guests a handful to throw for that all important confetti shot! <span data-mce-fragment=\"1\">Please see our </span><a href=\"https://www.confettibee.co.uk/pages/how-many-litres-of-confetti-do-i-need-for-my-wedding\" data-mce-fragment=\"1\" data-mce-href=\"https://www.confettibee.co.uk/pages/how-many-litres-of-confetti-do-i-need-for-my-wedding\"><span data-mce-fragment=\"1\">guide page</span></a><span data-mce-fragment=\"1\"> for more information and advice on getting the right amount.</span></p>\n<p>Overall packet size - 117mm x 90mm</p>\n<p><span>These packets have an additional 25mm lip to allow the fold over the top and seal the packet.</span></p>\n<p>Our confetti packets are kraft brown, crafted from recycled material. Therefore they are 100% recyclable and biodegradable, making them fully eco-friendly.</p>\n<p>Please note confetti is NOT included with this product. Simply choose your required confetti for the packets, whether<span> </span><a href=\"https://www.confettibee.co.uk/collections/natural-confetti\" data-mce-href=\"https://www.confettibee.co.uk/collections/natural-confetti\">natural confetti<span> </span></a>or<span> </span><a href=\"https://www.confettibee.co.uk/collections/biodegradable-paper-confetti\" data-mce-href=\"https://www.confettibee.co.uk/collections/biodegradable-paper-confetti\">paper confetti</a> and add to your order!</p>\n<p data-mce-fragment=\"1\"><em data-mce-fragment=\"1\">Shown here with our Jasmine Orange<span data-mce-fragment=\"1\"> </span>Confetti Collection.</em></p>','Confetti Bee Packets','2024-04-18 09:49:06','2024-04-18 09:49:06'),(111,'confettibee-co-uk.myshopify.com',8194399961346,'Confetti Kraft Brown Packets - Mr & Mrs Design 10','<p>Personalise your confetti packets with your names &amp; wedding date then fill with your chosen confetti<span> to </span><span data-mce-fragment=\"1\">beautifully complement the colour and theme of your Wedding Day!</span></p>\n<p>Depending on petal size,1 litre of our confetti should fill up to 20 of the confetti packets, giving your guests a handful to throw for that all important confetti shot! <span data-mce-fragment=\"1\">Please see our </span><a href=\"https://www.confettibee.co.uk/pages/how-many-litres-of-confetti-do-i-need-for-my-wedding\" data-mce-fragment=\"1\" data-mce-href=\"https://www.confettibee.co.uk/pages/how-many-litres-of-confetti-do-i-need-for-my-wedding\"><span data-mce-fragment=\"1\">guide page</span></a><span data-mce-fragment=\"1\"> for more information and advice on getting the right amount.</span></p>\n<p>Overall packet size - 117mm x 90mm</p>\n<p><span>These packets have an additional 25mm lip to allow the fold over the top and seal the packet.</span></p>\n<p>Our confetti packets are kraft brown, crafted from recycled material. Therefore they are 100% recyclable and biodegradable, making them fully eco-friendly.</p>\n<p>Please note confetti is NOT included with this product. Simply choose your required confetti for the packets, whether<span> </span><a href=\"https://www.confettibee.co.uk/collections/natural-confetti\" data-mce-href=\"https://www.confettibee.co.uk/collections/natural-confetti\">natural confetti<span> </span></a>or<span> </span><a href=\"https://www.confettibee.co.uk/collections/biodegradable-paper-confetti\" data-mce-href=\"https://www.confettibee.co.uk/collections/biodegradable-paper-confetti\">paper confetti</a> and add to your order!</p>\n<p data-mce-fragment=\"1\"><em data-mce-fragment=\"1\">Shown here with our Jasmine Orange<span data-mce-fragment=\"1\"> </span>Confetti Collection.</em></p>','Confetti Bee Packets','2024-04-18 09:49:06','2024-04-18 09:49:06'),(112,'confettibee-co-uk.myshopify.com',8194400190722,'Confetti Kraft Brown Packets - Mr & Mrs Design 11','<p>Personalise your confetti packets with your names &amp; wedding date then fill with your chosen confetti<span> to </span><span data-mce-fragment=\"1\">beautifully complement the colour and theme of your Wedding Day!</span></p>\n<p>Depending on petal size,1 litre of our confetti should fill up to 20 of the confetti packets, giving your guests a handful to throw for that all important confetti shot! <span data-mce-fragment=\"1\">Please see our </span><a href=\"https://www.confettibee.co.uk/pages/how-many-litres-of-confetti-do-i-need-for-my-wedding\" data-mce-fragment=\"1\" data-mce-href=\"https://www.confettibee.co.uk/pages/how-many-litres-of-confetti-do-i-need-for-my-wedding\"><span data-mce-fragment=\"1\">guide page</span></a><span data-mce-fragment=\"1\"> for more information and advice on getting the right amount.</span></p>\n<p>Overall packet size - 117mm x 90mm</p>\n<p><span>These packets have an additional 25mm lip to allow the fold over the top and seal the packet.</span></p>\n<p>Our confetti packets are kraft brown, crafted from recycled material. Therefore they are 100% recyclable and biodegradable, making them fully eco-friendly.</p>\n<p>Please note confetti is NOT included with this product. Simply choose your required confetti for the packets, whether<span> </span><a href=\"https://www.confettibee.co.uk/collections/natural-confetti\" data-mce-href=\"https://www.confettibee.co.uk/collections/natural-confetti\">natural confetti<span> </span></a>or<span> </span><a href=\"https://www.confettibee.co.uk/collections/biodegradable-paper-confetti\" data-mce-href=\"https://www.confettibee.co.uk/collections/biodegradable-paper-confetti\">paper confetti</a> and add to your order!</p>\n<p data-mce-fragment=\"1\"><em data-mce-fragment=\"1\">Shown here with our Jasmine Orange<span data-mce-fragment=\"1\"> </span>Confetti Collection.</em></p>','Confetti Bee Packets','2024-04-18 09:49:06','2024-04-18 09:49:06'),(113,'confettibee-co-uk.myshopify.com',8194394456322,'Confetti Kraft Brown Packets - Mr & Mrs Design 2','<p>Personalise your confetti packets with your names &amp; wedding date then fill with your chosen confetti<span> to </span><span data-mce-fragment=\"1\">beautifully complement the colour and theme of your Wedding Day!</span></p>\n<p>Depending on petal size,1 litre of our confetti should fill up to 20 of the confetti packets, giving your guests a handful to throw for that all important confetti shot! <span data-mce-fragment=\"1\">Please see our </span><a href=\"https://www.confettibee.co.uk/pages/how-many-litres-of-confetti-do-i-need-for-my-wedding\" data-mce-fragment=\"1\" data-mce-href=\"https://www.confettibee.co.uk/pages/how-many-litres-of-confetti-do-i-need-for-my-wedding\"><span data-mce-fragment=\"1\">guide page</span></a><span data-mce-fragment=\"1\"> for more information and advice on getting the right amount.</span></p>\n<p>Overall packet size - 117mm x 90mm</p>\n<p><span>These packets have an additional 25mm lip to allow the fold over the top and seal the packet.</span></p>\n<p>Our confetti packets are kraft brown, crafted from recycled material. Therefore they are 100% recyclable and biodegradable, making them fully eco-friendly.</p>\n<p>Please note confetti is NOT included with this product. Simply choose your required confetti for the packets, whether<span> </span><a href=\"https://www.confettibee.co.uk/collections/natural-confetti\" data-mce-href=\"https://www.confettibee.co.uk/collections/natural-confetti\">natural confetti<span> </span></a>or<span> </span><a href=\"https://www.confettibee.co.uk/collections/biodegradable-paper-confetti\" data-mce-href=\"https://www.confettibee.co.uk/collections/biodegradable-paper-confetti\">paper confetti</a> and add to your order!</p>\n<p data-mce-fragment=\"1\"><em data-mce-fragment=\"1\">Shown here with our Jasmine Orange<span data-mce-fragment=\"1\"> </span>Confetti Collection.</em></p>','Confetti Bee Packets','2024-04-18 09:49:06','2024-04-18 09:49:06'),(114,'confettibee-co-uk.myshopify.com',8194394882306,'Confetti Kraft Brown Packets - Mr & Mrs Design 3','<p>Personalise your confetti packets with your names &amp; wedding date then fill with your chosen confetti<span> to </span><span data-mce-fragment=\"1\">beautifully complement the colour and theme of your Wedding Day!</span></p>\n<p>Depending on petal size,1 litre of our confetti should fill up to 20 of the confetti packets, giving your guests a handful to throw for that all important confetti shot! <span data-mce-fragment=\"1\">Please see our </span><a href=\"https://www.confettibee.co.uk/pages/how-many-litres-of-confetti-do-i-need-for-my-wedding\" data-mce-fragment=\"1\" data-mce-href=\"https://www.confettibee.co.uk/pages/how-many-litres-of-confetti-do-i-need-for-my-wedding\"><span data-mce-fragment=\"1\">guide page</span></a><span data-mce-fragment=\"1\"> for more information and advice on getting the right amount.</span></p>\n<p>Overall packet size - 117mm x 90mm</p>\n<p><span>These packets have an additional 25mm lip to allow the fold over the top and seal the packet.</span></p>\n<p>Our confetti packets are kraft brown, crafted from recycled material. Therefore they are 100% recyclable and biodegradable, making them fully eco-friendly.</p>\n<p>Please note confetti is NOT included with this product. Simply choose your required confetti for the packets, whether<span> </span><a href=\"https://www.confettibee.co.uk/collections/natural-confetti\" data-mce-href=\"https://www.confettibee.co.uk/collections/natural-confetti\">natural confetti<span> </span></a>or<span> </span><a href=\"https://www.confettibee.co.uk/collections/biodegradable-paper-confetti\" data-mce-href=\"https://www.confettibee.co.uk/collections/biodegradable-paper-confetti\">paper confetti</a> and add to your order!</p>\n<p data-mce-fragment=\"1\"><em data-mce-fragment=\"1\">Shown here with our Jasmine Orange<span data-mce-fragment=\"1\"> </span>Confetti Collection.</em></p>','Confetti Bee Packets','2024-04-18 09:49:06','2024-04-18 09:49:06'),(115,'confettibee-co-uk.myshopify.com',8194395996418,'Confetti Kraft Brown Packets - Mr & Mrs Design 4','<p>Personalise your confetti packets with your names &amp; wedding date then fill with your chosen confetti<span> to </span><span data-mce-fragment=\"1\">beautifully complement the colour and theme of your Wedding Day!</span></p>\n<p>Depending on petal size,1 litre of our confetti should fill up to 20 of the confetti packets, giving your guests a handful to throw for that all important confetti shot! <span data-mce-fragment=\"1\">Please see our </span><a href=\"https://www.confettibee.co.uk/pages/how-many-litres-of-confetti-do-i-need-for-my-wedding\" data-mce-fragment=\"1\" data-mce-href=\"https://www.confettibee.co.uk/pages/how-many-litres-of-confetti-do-i-need-for-my-wedding\"><span data-mce-fragment=\"1\">guide page</span></a><span data-mce-fragment=\"1\"> for more information and advice on getting the right amount.</span></p>\n<p>Overall packet size - 117mm x 90mm</p>\n<p><span>These packets have an additional 25mm lip to allow the fold over the top and seal the packet.</span></p>\n<p>Our confetti packets are kraft brown, crafted from recycled material. Therefore they are 100% recyclable and biodegradable, making them fully eco-friendly.</p>\n<p>Please note confetti is NOT included with this product. Simply choose your required confetti for the packets, whether<span> </span><a href=\"https://www.confettibee.co.uk/collections/natural-confetti\" data-mce-href=\"https://www.confettibee.co.uk/collections/natural-confetti\">natural confetti<span> </span></a>or<span> </span><a href=\"https://www.confettibee.co.uk/collections/biodegradable-paper-confetti\" data-mce-href=\"https://www.confettibee.co.uk/collections/biodegradable-paper-confetti\">paper confetti</a> and add to your order!</p>\n<p data-mce-fragment=\"1\"><em data-mce-fragment=\"1\">Shown here with our Jasmine Orange<span data-mce-fragment=\"1\"> </span>Confetti Collection.</em></p>','Confetti Bee Packets','2024-04-18 09:49:06','2024-04-18 09:49:06'),(116,'confettibee-co-uk.myshopify.com',8194396815618,'Confetti Kraft Brown Packets - Mr & Mrs Design 5','<p>Personalise your confetti packets with your names &amp; wedding date then fill with your chosen confetti<span> to </span><span data-mce-fragment=\"1\">beautifully complement the colour and theme of your Wedding Day!</span></p>\n<p>Depending on petal size,1 litre of our confetti should fill up to 20 of the confetti packets, giving your guests a handful to throw for that all important confetti shot! <span data-mce-fragment=\"1\">Please see our </span><a href=\"https://www.confettibee.co.uk/pages/how-many-litres-of-confetti-do-i-need-for-my-wedding\" data-mce-fragment=\"1\" data-mce-href=\"https://www.confettibee.co.uk/pages/how-many-litres-of-confetti-do-i-need-for-my-wedding\"><span data-mce-fragment=\"1\">guide page</span></a><span data-mce-fragment=\"1\"> for more information and advice on getting the right amount.</span></p>\n<p>Overall packet size - 117mm x 90mm</p>\n<p><span>These packets have an additional 25mm lip to allow the fold over the top and seal the packet.</span></p>\n<p>Our confetti packets are kraft brown, crafted from recycled material. Therefore they are 100% recyclable and biodegradable, making them fully eco-friendly.</p>\n<p>Please note confetti is NOT included with this product. Simply choose your required confetti for the packets, whether<span> </span><a href=\"https://www.confettibee.co.uk/collections/natural-confetti\" data-mce-href=\"https://www.confettibee.co.uk/collections/natural-confetti\">natural confetti<span> </span></a>or<span> </span><a href=\"https://www.confettibee.co.uk/collections/biodegradable-paper-confetti\" data-mce-href=\"https://www.confettibee.co.uk/collections/biodegradable-paper-confetti\">paper confetti</a> and add to your order!</p>\n<p data-mce-fragment=\"1\"><em data-mce-fragment=\"1\">Shown here with our Jasmine Orange<span data-mce-fragment=\"1\"> </span>Confetti Collection.</em></p>','Confetti Bee Packets','2024-04-18 09:49:06','2024-04-18 09:49:06'),(117,'confettibee-co-uk.myshopify.com',8194397274370,'Confetti Kraft Brown Packets - Mr & Mrs Design 6','<p>Personalise your confetti packets with your names &amp; wedding date then fill with your chosen confetti<span> to </span><span data-mce-fragment=\"1\">beautifully complement the colour and theme of your Wedding Day!</span></p>\n<p>Depending on petal size,1 litre of our confetti should fill up to 20 of the confetti packets, giving your guests a handful to throw for that all important confetti shot! <span data-mce-fragment=\"1\">Please see our </span><a href=\"https://www.confettibee.co.uk/pages/how-many-litres-of-confetti-do-i-need-for-my-wedding\" data-mce-fragment=\"1\" data-mce-href=\"https://www.confettibee.co.uk/pages/how-many-litres-of-confetti-do-i-need-for-my-wedding\"><span data-mce-fragment=\"1\">guide page</span></a><span data-mce-fragment=\"1\"> for more information and advice on getting the right amount.</span></p>\n<p>Overall packet size - 117mm x 90mm</p>\n<p><span>These packets have an additional 25mm lip to allow the fold over the top and seal the packet.</span></p>\n<p>Our confetti packets are kraft brown, crafted from recycled material. Therefore they are 100% recyclable and biodegradable, making them fully eco-friendly.</p>\n<p>Please note confetti is NOT included with this product. Simply choose your required confetti for the packets, whether<span> </span><a href=\"https://www.confettibee.co.uk/collections/natural-confetti\" data-mce-href=\"https://www.confettibee.co.uk/collections/natural-confetti\">natural confetti<span> </span></a>or<span> </span><a href=\"https://www.confettibee.co.uk/collections/biodegradable-paper-confetti\" data-mce-href=\"https://www.confettibee.co.uk/collections/biodegradable-paper-confetti\">paper confetti</a> and add to your order!</p>\n<p data-mce-fragment=\"1\"><em data-mce-fragment=\"1\">Shown here with our Jasmine Orange<span data-mce-fragment=\"1\"> </span>Confetti Collection.</em></p>','Confetti Bee Packets','2024-04-18 09:49:06','2024-04-18 09:49:06'),(118,'confettibee-co-uk.myshopify.com',8194397602050,'Confetti Kraft Brown Packets - Mr & Mrs Design 7','<p>Personalise your confetti packets with your names &amp; wedding date then fill with your chosen confetti<span> to </span><span data-mce-fragment=\"1\">beautifully complement the colour and theme of your Wedding Day!</span></p>\n<p>Depending on petal size,1 litre of our confetti should fill up to 20 of the confetti packets, giving your guests a handful to throw for that all important confetti shot! <span data-mce-fragment=\"1\">Please see our </span><a href=\"https://www.confettibee.co.uk/pages/how-many-litres-of-confetti-do-i-need-for-my-wedding\" data-mce-fragment=\"1\" data-mce-href=\"https://www.confettibee.co.uk/pages/how-many-litres-of-confetti-do-i-need-for-my-wedding\"><span data-mce-fragment=\"1\">guide page</span></a><span data-mce-fragment=\"1\"> for more information and advice on getting the right amount.</span></p>\n<p>Overall packet size - 117mm x 90mm</p>\n<p><span>These packets have an additional 25mm lip to allow the fold over the top and seal the packet.</span></p>\n<p>Our confetti packets are kraft brown, crafted from recycled material. Therefore they are 100% recyclable and biodegradable, making them fully eco-friendly.</p>\n<p>Please note confetti is NOT included with this product. Simply choose your required confetti for the packets, whether<span> </span><a href=\"https://www.confettibee.co.uk/collections/natural-confetti\" data-mce-href=\"https://www.confettibee.co.uk/collections/natural-confetti\">natural confetti<span> </span></a>or<span> </span><a href=\"https://www.confettibee.co.uk/collections/biodegradable-paper-confetti\" data-mce-href=\"https://www.confettibee.co.uk/collections/biodegradable-paper-confetti\">paper confetti</a> and add to your order!</p>\n<p data-mce-fragment=\"1\"><em data-mce-fragment=\"1\">Shown here with our Jasmine Orange<span data-mce-fragment=\"1\"> </span>Confetti Collection.</em></p>','Confetti Bee Packets','2024-04-18 09:49:06','2024-04-18 09:49:06'),(119,'confettibee-co-uk.myshopify.com',8194397896962,'Confetti Kraft Brown Packets - Mr & Mrs Design 8','<p>Personalise your confetti packets with your names &amp; wedding date then fill with your chosen confetti<span> to </span><span data-mce-fragment=\"1\">beautifully complement the colour and theme of your Wedding Day!</span></p>\n<p>Depending on petal size,1 litre of our confetti should fill up to 20 of the confetti packets, giving your guests a handful to throw for that all important confetti shot! <span data-mce-fragment=\"1\">Please see our </span><a href=\"https://www.confettibee.co.uk/pages/how-many-litres-of-confetti-do-i-need-for-my-wedding\" data-mce-fragment=\"1\" data-mce-href=\"https://www.confettibee.co.uk/pages/how-many-litres-of-confetti-do-i-need-for-my-wedding\"><span data-mce-fragment=\"1\">guide page</span></a><span data-mce-fragment=\"1\"> for more information and advice on getting the right amount.</span></p>\n<p>Overall packet size - 117mm x 90mm</p>\n<p><span>These packets have an additional 25mm lip to allow the fold over the top and seal the packet.</span></p>\n<p>Our confetti packets are kraft brown, crafted from recycled material. Therefore they are 100% recyclable and biodegradable, making them fully eco-friendly.</p>\n<p>Please note confetti is NOT included with this product. Simply choose your required confetti for the packets, whether<span> </span><a href=\"https://www.confettibee.co.uk/collections/natural-confetti\" data-mce-href=\"https://www.confettibee.co.uk/collections/natural-confetti\">natural confetti<span> </span></a>or<span> </span><a href=\"https://www.confettibee.co.uk/collections/biodegradable-paper-confetti\" data-mce-href=\"https://www.confettibee.co.uk/collections/biodegradable-paper-confetti\">paper confetti</a> and add to your order!</p>\n<p data-mce-fragment=\"1\"><em data-mce-fragment=\"1\">Shown here with our Jasmine Orange<span data-mce-fragment=\"1\"> </span>Confetti Collection.</em></p>','Confetti Bee Packets','2024-04-18 09:49:06','2024-04-18 09:49:06'),(120,'confettibee-co-uk.myshopify.com',8194399109378,'Confetti Kraft Brown Packets - Mr & Mrs Design 9','<p>Personalise your confetti packets with your names &amp; wedding date then fill with your chosen confetti<span> to </span><span data-mce-fragment=\"1\">beautifully complement the colour and theme of your Wedding Day!</span></p>\n<p>Depending on petal size,1 litre of our confetti should fill up to 20 of the confetti packets, giving your guests a handful to throw for that all important confetti shot! <span data-mce-fragment=\"1\">Please see our </span><a href=\"https://www.confettibee.co.uk/pages/how-many-litres-of-confetti-do-i-need-for-my-wedding\" data-mce-fragment=\"1\" data-mce-href=\"https://www.confettibee.co.uk/pages/how-many-litres-of-confetti-do-i-need-for-my-wedding\"><span data-mce-fragment=\"1\">guide page</span></a><span data-mce-fragment=\"1\"> for more information and advice on getting the right amount.</span></p>\n<p>Overall packet size - 117mm x 90mm</p>\n<p><span>These packets have an additional 25mm lip to allow the fold over the top and seal the packet.</span></p>\n<p>Our confetti packets are kraft brown, crafted from recycled material. Therefore they are 100% recyclable and biodegradable, making them fully eco-friendly.</p>\n<p>Please note confetti is NOT included with this product. Simply choose your required confetti for the packets, whether<span> </span><a href=\"https://www.confettibee.co.uk/collections/natural-confetti\" data-mce-href=\"https://www.confettibee.co.uk/collections/natural-confetti\">natural confetti<span> </span></a>or<span> </span><a href=\"https://www.confettibee.co.uk/collections/biodegradable-paper-confetti\" data-mce-href=\"https://www.confettibee.co.uk/collections/biodegradable-paper-confetti\">paper confetti</a> and add to your order!</p>\n<p data-mce-fragment=\"1\"><em data-mce-fragment=\"1\">Shown here with our Jasmine Orange<span data-mce-fragment=\"1\"> </span>Confetti Collection.</em></p>','Confetti Bee Packets','2024-04-18 09:49:06','2024-04-18 09:49:06'),(121,'confettibee-co-uk.myshopify.com',8191967592706,'Confetti Kraft Brown Packets - Names Design 1','<p>Personalise your confetti packets with your names &amp; wedding date then fill with your chosen confetti<span> to </span><span data-mce-fragment=\"1\">beautifully complement the colour and theme of your Wedding Day!</span></p>\n<p>Depending on petal size,1 litre of our confetti should fill up to 20 of the confetti packets, giving your guests a handful to throw for that all important confetti shot! <span data-mce-fragment=\"1\">Please see our </span><a href=\"https://www.confettibee.co.uk/pages/how-many-litres-of-confetti-do-i-need-for-my-wedding\" data-mce-fragment=\"1\" data-mce-href=\"https://www.confettibee.co.uk/pages/how-many-litres-of-confetti-do-i-need-for-my-wedding\"><span data-mce-fragment=\"1\">guide page</span></a><span data-mce-fragment=\"1\"> for more information and advice on getting the right amount.</span></p>\n<p>Overall packet size - 117mm x 90mm</p>\n<p><span>These packets have an additional 25mm lip to allow the fold over the top and seal the packet.</span></p>\n<p>Our confetti packets are kraft brown, crafted from recycled material. Therefore they are 100% recyclable and biodegradable, making them fully eco-friendly.</p>\n<p>Please note confetti is NOT included with this product. Simply choose your required confetti for the packets, whether<span> </span><a href=\"https://www.confettibee.co.uk/collections/natural-confetti\" data-mce-href=\"https://www.confettibee.co.uk/collections/natural-confetti\">natural confetti<span> </span></a>or<span> </span><a href=\"https://www.confettibee.co.uk/collections/biodegradable-paper-confetti\" data-mce-href=\"https://www.confettibee.co.uk/collections/biodegradable-paper-confetti\">paper confetti</a> and add to your order!</p>\n<p data-mce-fragment=\"1\"><em data-mce-fragment=\"1\">Shown here with our Cherish Confetti Collection. </em></p>','Confetti Bee Packets','2024-04-18 09:49:07','2024-04-18 09:49:07'),(122,'confettibee-co-uk.myshopify.com',8192005898498,'Confetti Kraft Brown Packets - Names Design 10','<p>Personalise your confetti packets with your names &amp; wedding date then fill with your chosen confetti<span> to </span><span data-mce-fragment=\"1\">beautifully complement the colour and theme of your Wedding Day!</span></p>\n<p>Depending on petal size,1 litre of our confetti should fill up to 20 of the confetti packets, giving your guests a handful to throw for that all important confetti shot! <span data-mce-fragment=\"1\">Please see our </span><a href=\"https://www.confettibee.co.uk/pages/how-many-litres-of-confetti-do-i-need-for-my-wedding\" data-mce-fragment=\"1\" data-mce-href=\"https://www.confettibee.co.uk/pages/how-many-litres-of-confetti-do-i-need-for-my-wedding\"><span data-mce-fragment=\"1\">guide page</span></a><span data-mce-fragment=\"1\"> for more information and advice on getting the right amount.</span></p>\n<p>Overall packet size - 117mm x 90mm</p>\n<p><span>These packets have an additional 25mm lip to allow the fold over the top and seal the packet.</span></p>\n<p>Our confetti packets are kraft brown, crafted from recycled material. Therefore they are 100% recyclable and biodegradable, making them fully eco-friendly.</p>\n<p>Please note confetti is NOT included with this product. Simply choose your required confetti for the packets, whether<span> </span><a href=\"https://www.confettibee.co.uk/collections/natural-confetti\" data-mce-href=\"https://www.confettibee.co.uk/collections/natural-confetti\">natural confetti<span> </span></a>or<span> </span><a href=\"https://www.confettibee.co.uk/collections/biodegradable-paper-confetti\" data-mce-href=\"https://www.confettibee.co.uk/collections/biodegradable-paper-confetti\">paper confetti</a> and add to your order!</p>\n<p data-mce-fragment=\"1\"><em data-mce-fragment=\"1\">Shown here with our Cherish Confetti Collection. </em></p>','Confetti Bee Packets','2024-04-18 09:49:07','2024-04-18 09:49:07'),(123,'confettibee-co-uk.myshopify.com',8191999869186,'Confetti Kraft Brown Packets - Names Design 2','<p>Personalise your confetti packets with your names &amp; wedding date then fill with your chosen confetti<span> to </span><span data-mce-fragment=\"1\">beautifully complement the colour and theme of your Wedding Day!</span></p>\n<p>Depending on petal size,1 litre of our confetti should fill up to 20 of the confetti packets, giving your guests a handful to throw for that all important confetti shot! <span data-mce-fragment=\"1\">Please see our </span><a href=\"https://www.confettibee.co.uk/pages/how-many-litres-of-confetti-do-i-need-for-my-wedding\" data-mce-fragment=\"1\" data-mce-href=\"https://www.confettibee.co.uk/pages/how-many-litres-of-confetti-do-i-need-for-my-wedding\"><span data-mce-fragment=\"1\">guide page</span></a><span data-mce-fragment=\"1\"> for more information and advice on getting the right amount.</span></p>\n<p>Overall packet size - 117mm x 90mm</p>\n<p><span>These packets have an additional 25mm lip to allow the fold over the top and seal the packet.</span></p>\n<p>Our confetti packets are kraft brown, crafted from recycled material. Therefore they are 100% recyclable and biodegradable, making them fully eco-friendly.</p>\n<p>Please note confetti is NOT included with this product. Simply choose your required confetti for the packets, whether<span> </span><a href=\"https://www.confettibee.co.uk/collections/natural-confetti\" data-mce-href=\"https://www.confettibee.co.uk/collections/natural-confetti\">natural confetti<span> </span></a>or<span> </span><a href=\"https://www.confettibee.co.uk/collections/biodegradable-paper-confetti\" data-mce-href=\"https://www.confettibee.co.uk/collections/biodegradable-paper-confetti\">paper confetti</a> and add to your order!</p>\n<p data-mce-fragment=\"1\"><em data-mce-fragment=\"1\">Shown here with our Cherish Confetti Collection. </em></p>','Confetti Bee Packets','2024-04-18 09:49:07','2024-04-18 09:49:07'),(124,'confettibee-co-uk.myshopify.com',8192001048834,'Confetti Kraft Brown Packets - Names Design 3','<p>Personalise your confetti packets with your names &amp; wedding date then fill with your chosen confetti<span> to </span><span data-mce-fragment=\"1\">beautifully complement the colour and theme of your Wedding Day!</span></p>\n<p>Depending on petal size,1 litre of our confetti should fill up to 20 of the confetti packets, giving your guests a handful to throw for that all important confetti shot! <span data-mce-fragment=\"1\">Please see our </span><a href=\"https://www.confettibee.co.uk/pages/how-many-litres-of-confetti-do-i-need-for-my-wedding\" data-mce-fragment=\"1\" data-mce-href=\"https://www.confettibee.co.uk/pages/how-many-litres-of-confetti-do-i-need-for-my-wedding\"><span data-mce-fragment=\"1\">guide page</span></a><span data-mce-fragment=\"1\"> for more information and advice on getting the right amount.</span></p>\n<p>Overall packet size - 117mm x 90mm</p>\n<p><span>These packets have an additional 25mm lip to allow the fold over the top and seal the packet.</span></p>\n<p>Our confetti packets are kraft brown, crafted from recycled material. Therefore they are 100% recyclable and biodegradable, making them fully eco-friendly.</p>\n<p>Please note confetti is NOT included with this product. Simply choose your required confetti for the packets, whether<span> </span><a href=\"https://www.confettibee.co.uk/collections/natural-confetti\" data-mce-href=\"https://www.confettibee.co.uk/collections/natural-confetti\">natural confetti<span> </span></a>or<span> </span><a href=\"https://www.confettibee.co.uk/collections/biodegradable-paper-confetti\" data-mce-href=\"https://www.confettibee.co.uk/collections/biodegradable-paper-confetti\">paper confetti</a> and add to your order!</p>\n<p data-mce-fragment=\"1\"><em data-mce-fragment=\"1\">Shown here with our Cherish Confetti Collection. </em></p>','Confetti Bee Packets','2024-04-18 09:49:07','2024-04-18 09:49:07'),(125,'confettibee-co-uk.myshopify.com',8192002425090,'Confetti Kraft Brown Packets - Names Design 4','<p>Personalise your confetti packets with your names &amp; wedding date then fill with your chosen confetti<span> to </span><span data-mce-fragment=\"1\">beautifully complement the colour and theme of your Wedding Day!</span></p>\n<p>Depending on petal size,1 litre of our confetti should fill up to 20 of the confetti packets, giving your guests a handful to throw for that all important confetti shot! <span data-mce-fragment=\"1\">Please see our </span><a href=\"https://www.confettibee.co.uk/pages/how-many-litres-of-confetti-do-i-need-for-my-wedding\" data-mce-fragment=\"1\" data-mce-href=\"https://www.confettibee.co.uk/pages/how-many-litres-of-confetti-do-i-need-for-my-wedding\"><span data-mce-fragment=\"1\">guide page</span></a><span data-mce-fragment=\"1\"> for more information and advice on getting the right amount.</span></p>\n<p>Overall packet size - 117mm x 90mm</p>\n<p><span>These packets have an additional 25mm lip to allow the fold over the top and seal the packet.</span></p>\n<p>Our confetti packets are kraft brown, crafted from recycled material. Therefore they are 100% recyclable and biodegradable, making them fully eco-friendly.</p>\n<p>Please note confetti is NOT included with this product. Simply choose your required confetti for the packets, whether<span> </span><a href=\"https://www.confettibee.co.uk/collections/natural-confetti\" data-mce-href=\"https://www.confettibee.co.uk/collections/natural-confetti\">natural confetti<span> </span></a>or<span> </span><a href=\"https://www.confettibee.co.uk/collections/biodegradable-paper-confetti\" data-mce-href=\"https://www.confettibee.co.uk/collections/biodegradable-paper-confetti\">paper confetti</a> and add to your order!</p>\n<p data-mce-fragment=\"1\"><em data-mce-fragment=\"1\">Shown here with our Cherish Confetti Collection. </em></p>','Confetti Bee Packets','2024-04-18 09:49:07','2024-04-18 09:49:07'),(126,'confettibee-co-uk.myshopify.com',8192002883842,'Confetti Kraft Brown Packets - Names Design 5','<p>Personalise your confetti packets with your names &amp; wedding date then fill with your chosen confetti<span> to </span><span data-mce-fragment=\"1\">beautifully complement the colour and theme of your Wedding Day!</span></p>\n<p>Depending on petal size,1 litre of our confetti should fill up to 20 of the confetti packets, giving your guests a handful to throw for that all important confetti shot! <span data-mce-fragment=\"1\">Please see our </span><a href=\"https://www.confettibee.co.uk/pages/how-many-litres-of-confetti-do-i-need-for-my-wedding\" data-mce-fragment=\"1\" data-mce-href=\"https://www.confettibee.co.uk/pages/how-many-litres-of-confetti-do-i-need-for-my-wedding\"><span data-mce-fragment=\"1\">guide page</span></a><span data-mce-fragment=\"1\"> for more information and advice on getting the right amount.</span></p>\n<p>Overall packet size - 117mm x 90mm</p>\n<p><span>These packets have an additional 25mm lip to allow the fold over the top and seal the packet.</span></p>\n<p>Our confetti packets are kraft brown, crafted from recycled material. Therefore they are 100% recyclable and biodegradable, making them fully eco-friendly.</p>\n<p>Please note confetti is NOT included with this product. Simply choose your required confetti for the packets, whether<span> </span><a href=\"https://www.confettibee.co.uk/collections/natural-confetti\" data-mce-href=\"https://www.confettibee.co.uk/collections/natural-confetti\">natural confetti<span> </span></a>or<span> </span><a href=\"https://www.confettibee.co.uk/collections/biodegradable-paper-confetti\" data-mce-href=\"https://www.confettibee.co.uk/collections/biodegradable-paper-confetti\">paper confetti</a> and add to your order!</p>\n<p data-mce-fragment=\"1\"><em data-mce-fragment=\"1\">Shown here with our Cherish Confetti Collection. </em></p>','Confetti Bee Packets','2024-04-18 09:49:07','2024-04-18 09:49:07'),(127,'confettibee-co-uk.myshopify.com',8192003309826,'Confetti Kraft Brown Packets - Names Design 6','<p>Personalise your confetti packets with your names &amp; wedding date then fill with your chosen confetti<span> to </span><span data-mce-fragment=\"1\">beautifully complement the colour and theme of your Wedding Day!</span></p>\n<p>Depending on petal size,1 litre of our confetti should fill up to 20 of the confetti packets, giving your guests a handful to throw for that all important confetti shot! <span data-mce-fragment=\"1\">Please see our </span><a href=\"https://www.confettibee.co.uk/pages/how-many-litres-of-confetti-do-i-need-for-my-wedding\" data-mce-fragment=\"1\" data-mce-href=\"https://www.confettibee.co.uk/pages/how-many-litres-of-confetti-do-i-need-for-my-wedding\"><span data-mce-fragment=\"1\">guide page</span></a><span data-mce-fragment=\"1\"> for more information and advice on getting the right amount.</span></p>\n<p>Overall packet size - 117mm x 90mm</p>\n<p><span>These packets have an additional 25mm lip to allow the fold over the top and seal the packet.</span></p>\n<p>Our confetti packets are kraft brown, crafted from recycled material. Therefore they are 100% recyclable and biodegradable, making them fully eco-friendly.</p>\n<p>Please note confetti is NOT included with this product. Simply choose your required confetti for the packets, whether<span> </span><a href=\"https://www.confettibee.co.uk/collections/natural-confetti\" data-mce-href=\"https://www.confettibee.co.uk/collections/natural-confetti\">natural confetti<span> </span></a>or<span> </span><a href=\"https://www.confettibee.co.uk/collections/biodegradable-paper-confetti\" data-mce-href=\"https://www.confettibee.co.uk/collections/biodegradable-paper-confetti\">paper confetti</a> and add to your order!</p>\n<p data-mce-fragment=\"1\"><em data-mce-fragment=\"1\">Shown here with our Cherish Confetti Collection. </em></p>','Confetti Bee Packets','2024-04-18 09:49:07','2024-04-18 09:49:07'),(128,'confettibee-co-uk.myshopify.com',8192003703042,'Confetti Kraft Brown Packets - Names Design 7','<p>Personalise your confetti packets with your names &amp; wedding date then fill with your chosen confetti<span> to </span><span data-mce-fragment=\"1\">beautifully complement the colour and theme of your Wedding Day!</span></p>\n<p>Depending on petal size,1 litre of our confetti should fill up to 20 of the confetti packets, giving your guests a handful to throw for that all important confetti shot! <span data-mce-fragment=\"1\">Please see our </span><a href=\"https://www.confettibee.co.uk/pages/how-many-litres-of-confetti-do-i-need-for-my-wedding\" data-mce-fragment=\"1\" data-mce-href=\"https://www.confettibee.co.uk/pages/how-many-litres-of-confetti-do-i-need-for-my-wedding\"><span data-mce-fragment=\"1\">guide page</span></a><span data-mce-fragment=\"1\"> for more information and advice on getting the right amount.</span></p>\n<p>Overall packet size - 117mm x 90mm</p>\n<p><span>These packets have an additional 25mm lip to allow the fold over the top and seal the packet.</span></p>\n<p>Our confetti packets are kraft brown, crafted from recycled material. Therefore they are 100% recyclable and biodegradable, making them fully eco-friendly.</p>\n<p>Please note confetti is NOT included with this product. Simply choose your required confetti for the packets, whether<span> </span><a href=\"https://www.confettibee.co.uk/collections/natural-confetti\" data-mce-href=\"https://www.confettibee.co.uk/collections/natural-confetti\">natural confetti<span> </span></a>or<span> </span><a href=\"https://www.confettibee.co.uk/collections/biodegradable-paper-confetti\" data-mce-href=\"https://www.confettibee.co.uk/collections/biodegradable-paper-confetti\">paper confetti</a> and add to your order!</p>\n<p data-mce-fragment=\"1\"><em data-mce-fragment=\"1\">Shown here with our Cherish Confetti Collection. </em></p>','Confetti Bee Packets','2024-04-18 09:49:07','2024-04-18 09:49:07'),(129,'confettibee-co-uk.myshopify.com',8192004358402,'Confetti Kraft Brown Packets - Names Design 8','<p>Personalise your confetti packets with your names &amp; wedding date then fill with your chosen confetti<span> to </span><span data-mce-fragment=\"1\">beautifully complement the colour and theme of your Wedding Day!</span></p>\n<p>Depending on petal size,1 litre of our confetti should fill up to 20 of the confetti packets, giving your guests a handful to throw for that all important confetti shot! <span data-mce-fragment=\"1\">Please see our </span><a href=\"https://www.confettibee.co.uk/pages/how-many-litres-of-confetti-do-i-need-for-my-wedding\" data-mce-fragment=\"1\" data-mce-href=\"https://www.confettibee.co.uk/pages/how-many-litres-of-confetti-do-i-need-for-my-wedding\"><span data-mce-fragment=\"1\">guide page</span></a><span data-mce-fragment=\"1\"> for more information and advice on getting the right amount.</span></p>\n<p>Overall packet size - 117mm x 90mm</p>\n<p><span>These packets have an additional 25mm lip to allow the fold over the top and seal the packet.</span></p>\n<p>Our confetti packets are kraft brown, crafted from recycled material. Therefore they are 100% recyclable and biodegradable, making them fully eco-friendly.</p>\n<p>Please note confetti is NOT included with this product. Simply choose your required confetti for the packets, whether<span> </span><a href=\"https://www.confettibee.co.uk/collections/natural-confetti\" data-mce-href=\"https://www.confettibee.co.uk/collections/natural-confetti\">natural confetti<span> </span></a>or<span> </span><a href=\"https://www.confettibee.co.uk/collections/biodegradable-paper-confetti\" data-mce-href=\"https://www.confettibee.co.uk/collections/biodegradable-paper-confetti\">paper confetti</a> and add to your order!</p>\n<p data-mce-fragment=\"1\"><em data-mce-fragment=\"1\">Shown here with our Cherish Confetti Collection. </em></p>','Confetti Bee Packets','2024-04-18 09:49:07','2024-04-18 09:49:07'),(130,'confettibee-co-uk.myshopify.com',8192005439746,'Confetti Kraft Brown Packets - Names Design 9','<p>Personalise your confetti packets with your names &amp; wedding date then fill with your chosen confetti<span> to </span><span data-mce-fragment=\"1\">beautifully complement the colour and theme of your Wedding Day!</span></p>\n<p>Depending on petal size,1 litre of our confetti should fill up to 20 of the confetti packets, giving your guests a handful to throw for that all important confetti shot! <span data-mce-fragment=\"1\">Please see our </span><a href=\"https://www.confettibee.co.uk/pages/how-many-litres-of-confetti-do-i-need-for-my-wedding\" data-mce-fragment=\"1\" data-mce-href=\"https://www.confettibee.co.uk/pages/how-many-litres-of-confetti-do-i-need-for-my-wedding\"><span data-mce-fragment=\"1\">guide page</span></a><span data-mce-fragment=\"1\"> for more information and advice on getting the right amount.</span></p>\n<p>Overall packet size - 117mm x 90mm</p>\n<p><span>These packets have an additional 25mm lip to allow the fold over the top and seal the packet.</span></p>\n<p>Our confetti packets are kraft brown, crafted from recycled material. Therefore they are 100% recyclable and biodegradable, making them fully eco-friendly.</p>\n<p>Please note confetti is NOT included with this product. Simply choose your required confetti for the packets, whether<span> </span><a href=\"https://www.confettibee.co.uk/collections/natural-confetti\" data-mce-href=\"https://www.confettibee.co.uk/collections/natural-confetti\">natural confetti<span> </span></a>or<span> </span><a href=\"https://www.confettibee.co.uk/collections/biodegradable-paper-confetti\" data-mce-href=\"https://www.confettibee.co.uk/collections/biodegradable-paper-confetti\">paper confetti</a> and add to your order!</p>\n<p data-mce-fragment=\"1\"><em data-mce-fragment=\"1\">Shown here with our Cherish Confetti Collection. </em></p>','Confetti Bee Packets','2024-04-18 09:49:07','2024-04-18 09:49:07'),(131,'confettibee-co-uk.myshopify.com',8205192069378,'Confetti Kraft Brown Packets - Order Of The Day Design 1','<p>Personalise your Order Of The Day confetti packets then fill with your chosen confetti<span> to </span><span data-mce-fragment=\"1\">beautifully complement the colour and theme of your Wedding Day!</span></p>\n<p>Depending on petal size,1 litre of our confetti should fill up to 20 of the confetti packets, giving your guests a handful to throw for that all important confetti shot! <span data-mce-fragment=\"1\">Please see our </span><a href=\"https://www.confettibee.co.uk/pages/how-many-litres-of-confetti-do-i-need-for-my-wedding\" data-mce-fragment=\"1\" data-mce-href=\"https://www.confettibee.co.uk/pages/how-many-litres-of-confetti-do-i-need-for-my-wedding\"><span data-mce-fragment=\"1\">guide page</span></a><span data-mce-fragment=\"1\"> for more information and advice on getting the right amount.</span></p>\n<p>Overall packet size - 117mm x 90mm</p>\n<p><span>These packets have an additional 25mm lip to allow the fold over the top and seal the packet.</span></p>\n<p>Our confetti packets are kraft brown, crafted from recycled material. Therefore they are 100% recyclable and biodegradable, making them fully eco-friendly.</p>\n<p><strong>Please Note:</strong><span> Due to the size limitations, The Order Of The Day text on the packet must include 6 times.</span></p>\n<p>Please note confetti is NOT included with this product. Simply choose your required confetti for the packets, whether<span> </span><a href=\"https://www.confettibee.co.uk/collections/natural-confetti\" data-mce-href=\"https://www.confettibee.co.uk/collections/natural-confetti\">natural confetti<span> </span></a>or<span> </span><a href=\"https://www.confettibee.co.uk/collections/biodegradable-paper-confetti\" data-mce-href=\"https://www.confettibee.co.uk/collections/biodegradable-paper-confetti\">paper confetti</a> and add to your order!</p>\n<p data-mce-fragment=\"1\"><em data-mce-fragment=\"1\">Shown here with our Thunder &amp; Lightning Confetti Collection.</em></p>','Confetti Bee Packets','2024-04-18 09:49:07','2024-04-18 09:49:07'),(132,'confettibee-co-uk.myshopify.com',8205196198146,'Confetti Kraft Brown Packets - Order Of The Day Design 2','<p>Personalise your Order Of The Day confetti packets then fill with your chosen confetti<span> to </span><span data-mce-fragment=\"1\">beautifully complement the colour and theme of your Wedding Day!</span></p>\n<p>Depending on petal size,1 litre of our confetti should fill up to 20 of the confetti packets, giving your guests a handful to throw for that all important confetti shot! <span data-mce-fragment=\"1\">Please see our </span><a href=\"https://www.confettibee.co.uk/pages/how-many-litres-of-confetti-do-i-need-for-my-wedding\" data-mce-fragment=\"1\" data-mce-href=\"https://www.confettibee.co.uk/pages/how-many-litres-of-confetti-do-i-need-for-my-wedding\"><span data-mce-fragment=\"1\">guide page</span></a><span data-mce-fragment=\"1\"> for more information and advice on getting the right amount.</span></p>\n<p>Overall packet size - 117mm x 90mm</p>\n<p><span>These packets have an additional 25mm lip to allow the fold over the top and seal the packet.</span></p>\n<p>Our confetti packets are kraft brown, crafted from recycled material. Therefore they are 100% recyclable and biodegradable, making them fully eco-friendly.</p>\n<p><strong>Please Note:</strong><span> Due to the size limitations, The Order Of The Day text on the packet can include maximum of 6 times/events.</span></p>\n<p>Please note confetti is NOT included with this product. Simply choose your required confetti for the packets, whether<span> </span><a href=\"https://www.confettibee.co.uk/collections/natural-confetti\" data-mce-href=\"https://www.confettibee.co.uk/collections/natural-confetti\">natural confetti<span> </span></a>or<span> </span><a href=\"https://www.confettibee.co.uk/collections/biodegradable-paper-confetti\" data-mce-href=\"https://www.confettibee.co.uk/collections/biodegradable-paper-confetti\">paper confetti</a> and add to your order!</p>\n<p data-mce-fragment=\"1\"><em data-mce-fragment=\"1\">Shown here with our Thunder &amp; Lightning Confetti Collection.</em></p>','Confetti Bee Packets','2024-04-18 09:49:07','2024-04-18 09:49:07'),(133,'confettibee-co-uk.myshopify.com',8205196951810,'Confetti Kraft Brown Packets - Order Of The Day Design 3','<p>Personalise your Order Of The Day confetti packets then fill with your chosen confetti<span> to </span><span data-mce-fragment=\"1\">beautifully complement the colour and theme of your Wedding Day!</span></p>\n<p>Depending on petal size,1 litre of our confetti should fill up to 20 of the confetti packets, giving your guests a handful to throw for that all important confetti shot! <span data-mce-fragment=\"1\">Please see our </span><a href=\"https://www.confettibee.co.uk/pages/how-many-litres-of-confetti-do-i-need-for-my-wedding\" data-mce-fragment=\"1\" data-mce-href=\"https://www.confettibee.co.uk/pages/how-many-litres-of-confetti-do-i-need-for-my-wedding\"><span data-mce-fragment=\"1\">guide page</span></a><span data-mce-fragment=\"1\"> for more information and advice on getting the right amount.</span></p>\n<p>Overall packet size - 117mm x 90mm</p>\n<p><span>These packets have an additional 25mm lip to allow the fold over the top and seal the packet.</span></p>\n<p>Our confetti packets are kraft brown, crafted from recycled material. Therefore they are 100% recyclable and biodegradable, making them fully eco-friendly.</p>\n<p><strong>Please Note:</strong><span> Due to the size limitations, The Order Of The Day text on the packet can include maximum of 7 times/events.</span></p>\n<p>Please note confetti is NOT included with this product. Simply choose your required confetti for the packets, whether<span> </span><a href=\"https://www.confettibee.co.uk/collections/natural-confetti\" data-mce-href=\"https://www.confettibee.co.uk/collections/natural-confetti\">natural confetti<span> </span></a>or<span> </span><a href=\"https://www.confettibee.co.uk/collections/biodegradable-paper-confetti\" data-mce-href=\"https://www.confettibee.co.uk/collections/biodegradable-paper-confetti\">paper confetti</a> and add to your order!</p>\n<p data-mce-fragment=\"1\"><em data-mce-fragment=\"1\">Shown here with our Thunder &amp; Lightning Confetti Collection.</em></p>','Confetti Bee Packets','2024-04-18 09:49:07','2024-04-18 09:49:07'),(134,'confettibee-co-uk.myshopify.com',8205197377794,'Confetti Kraft Brown Packets - Order Of The Day Design 4','<p>Personalise your Order Of The Day confetti packets then fill with your chosen confetti<span> to </span><span data-mce-fragment=\"1\">beautifully complement the colour and theme of your Wedding Day!</span></p>\n<p>Depending on petal size,1 litre of our confetti should fill up to 20 of the confetti packets, giving your guests a handful to throw for that all important confetti shot! <span data-mce-fragment=\"1\">Please see our </span><a href=\"https://www.confettibee.co.uk/pages/how-many-litres-of-confetti-do-i-need-for-my-wedding\" data-mce-fragment=\"1\" data-mce-href=\"https://www.confettibee.co.uk/pages/how-many-litres-of-confetti-do-i-need-for-my-wedding\"><span data-mce-fragment=\"1\">guide page</span></a><span data-mce-fragment=\"1\"> for more information and advice on getting the right amount.</span></p>\n<p>Overall packet size - 117mm x 90mm</p>\n<p><span>These packets have an additional 25mm lip to allow the fold over the top and seal the packet.</span></p>\n<p>Our confetti packets are kraft brown, crafted from recycled material. Therefore they are 100% recyclable and biodegradable, making them fully eco-friendly.</p>\n<p><strong>Please Note:</strong><span> Due to the size limitations, The Order Of The Day text on the packet can include maximum of 8 times/events.</span></p>\n<p>Please note confetti is NOT included with this product. Simply choose your required confetti for the packets, whether<span> </span><a href=\"https://www.confettibee.co.uk/collections/natural-confetti\" data-mce-href=\"https://www.confettibee.co.uk/collections/natural-confetti\">natural confetti<span> </span></a>or<span> </span><a href=\"https://www.confettibee.co.uk/collections/biodegradable-paper-confetti\" data-mce-href=\"https://www.confettibee.co.uk/collections/biodegradable-paper-confetti\">paper confetti</a> and add to your order!</p>\n<p data-mce-fragment=\"1\"><em data-mce-fragment=\"1\">Shown here with our Thunder &amp; Lightning Confetti Collection.</em></p>','Confetti Bee Packets','2024-04-18 09:49:07','2024-04-18 09:49:07'),(135,'confettibee-co-uk.myshopify.com',8205197836546,'Confetti Kraft Brown Packets - Order Of The Day Design 5','<p>Personalise your Order Of The Day confetti packets then fill with your chosen confetti<span> to </span><span data-mce-fragment=\"1\">beautifully complement the colour and theme of your Wedding Day!</span></p>\n<p>Depending on petal size,1 litre of our confetti should fill up to 20 of the confetti packets, giving your guests a handful to throw for that all important confetti shot! <span data-mce-fragment=\"1\">Please see our </span><a href=\"https://www.confettibee.co.uk/pages/how-many-litres-of-confetti-do-i-need-for-my-wedding\" data-mce-fragment=\"1\" data-mce-href=\"https://www.confettibee.co.uk/pages/how-many-litres-of-confetti-do-i-need-for-my-wedding\"><span data-mce-fragment=\"1\">guide page</span></a><span data-mce-fragment=\"1\"> for more information and advice on getting the right amount.</span></p>\n<p>Overall packet size - 117mm x 90mm</p>\n<p><span>These packets have an additional 25mm lip to allow the fold over the top and seal the packet.</span></p>\n<p>Our confetti packets are kraft brown, crafted from recycled material. Therefore they are 100% recyclable and biodegradable, making them fully eco-friendly.</p>\n<p><strong>Please Note:</strong><span> Due to the size limitations, The Order Of The Day text on the packet can include maximum of 8 times/events.</span></p>\n<p>Please note confetti is NOT included with this product. Simply choose your required confetti for the packets, whether<span> </span><a href=\"https://www.confettibee.co.uk/collections/natural-confetti\" data-mce-href=\"https://www.confettibee.co.uk/collections/natural-confetti\">natural confetti<span> </span></a>or<span> </span><a href=\"https://www.confettibee.co.uk/collections/biodegradable-paper-confetti\" data-mce-href=\"https://www.confettibee.co.uk/collections/biodegradable-paper-confetti\">paper confetti</a> and add to your order!</p>\n<p data-mce-fragment=\"1\"><em data-mce-fragment=\"1\">Shown here with our Thunder &amp; Lightning Confetti Collection.</em></p>','Confetti Bee Packets','2024-04-18 09:49:07','2024-04-18 09:49:07'),(136,'confettibee-co-uk.myshopify.com',8205198328066,'Confetti Kraft Brown Packets - Order Of The Day Design 6','<p>Personalise your Order Of The Day confetti packets then fill with your chosen confetti<span> to </span><span data-mce-fragment=\"1\">beautifully complement the colour and theme of your Wedding Day!</span></p>\n<p>Depending on petal size,1 litre of our confetti should fill up to 20 of the confetti packets, giving your guests a handful to throw for that all important confetti shot! <span data-mce-fragment=\"1\">Please see our </span><a href=\"https://www.confettibee.co.uk/pages/how-many-litres-of-confetti-do-i-need-for-my-wedding\" data-mce-fragment=\"1\" data-mce-href=\"https://www.confettibee.co.uk/pages/how-many-litres-of-confetti-do-i-need-for-my-wedding\"><span data-mce-fragment=\"1\">guide page</span></a><span data-mce-fragment=\"1\"> for more information and advice on getting the right amount.</span></p>\n<p>Overall packet size - 117mm x 90mm</p>\n<p><span>These packets have an additional 25mm lip to allow the fold over the top and seal the packet.</span></p>\n<p>Our confetti packets are kraft brown, crafted from recycled material. Therefore they are 100% recyclable and biodegradable, making them fully eco-friendly.</p>\n<p><strong>Please Note:</strong><span> Due to the size limitations, The Order Of The Day text on the packet can include maximum of 8 times/events.</span></p>\n<p>Please note confetti is NOT included with this product. Simply choose your required confetti for the packets, whether<span> </span><a href=\"https://www.confettibee.co.uk/collections/natural-confetti\" data-mce-href=\"https://www.confettibee.co.uk/collections/natural-confetti\">natural confetti<span> </span></a>or<span> </span><a href=\"https://www.confettibee.co.uk/collections/biodegradable-paper-confetti\" data-mce-href=\"https://www.confettibee.co.uk/collections/biodegradable-paper-confetti\">paper confetti</a> and add to your order!</p>\n<p data-mce-fragment=\"1\"><em data-mce-fragment=\"1\">Shown here with our Thunder &amp; Lightning Confetti Collection.</em></p>','Confetti Bee Packets','2024-04-18 09:49:07','2024-04-18 09:49:07'),(137,'confettibee-co-uk.myshopify.com',8205199048962,'Confetti Kraft Brown Packets - Order Of The Day Design 7','<p>Personalise your Order Of The Day confetti packets then fill with your chosen confetti<span> to </span><span data-mce-fragment=\"1\">beautifully complement the colour and theme of your Wedding Day!</span></p>\n<p>Depending on petal size,1 litre of our confetti should fill up to 20 of the confetti packets, giving your guests a handful to throw for that all important confetti shot! <span data-mce-fragment=\"1\">Please see our </span><a href=\"https://www.confettibee.co.uk/pages/how-many-litres-of-confetti-do-i-need-for-my-wedding\" data-mce-fragment=\"1\" data-mce-href=\"https://www.confettibee.co.uk/pages/how-many-litres-of-confetti-do-i-need-for-my-wedding\"><span data-mce-fragment=\"1\">guide page</span></a><span data-mce-fragment=\"1\"> for more information and advice on getting the right amount.</span></p>\n<p>Overall packet size - 117mm x 90mm</p>\n<p><span>These packets have an additional 25mm lip to allow the fold over the top and seal the packet.</span></p>\n<p>Our confetti packets are kraft brown, crafted from recycled material. Therefore they are 100% recyclable and biodegradable, making them fully eco-friendly.</p>\n<p><strong>Please Note:</strong><span> Due to the size limitations, The Order Of The Day text on the packet can include maximum of 8 times.</span></p>\n<p>Please note confetti is NOT included with this product. Simply choose your required confetti for the packets, whether<span> </span><a href=\"https://www.confettibee.co.uk/collections/natural-confetti\" data-mce-href=\"https://www.confettibee.co.uk/collections/natural-confetti\">natural confetti<span> </span></a>or<span> </span><a href=\"https://www.confettibee.co.uk/collections/biodegradable-paper-confetti\" data-mce-href=\"https://www.confettibee.co.uk/collections/biodegradable-paper-confetti\">paper confetti</a> and add to your order!</p>\n<p data-mce-fragment=\"1\"><em data-mce-fragment=\"1\">Shown here with our Thunder &amp; Lightning Confetti Collection.</em></p>','Confetti Bee Packets','2024-04-18 09:49:07','2024-04-18 09:49:07'),(138,'confettibee-co-uk.myshopify.com',8205199769858,'Confetti Kraft Brown Packets - Order Of The Day Design 8','<p>Personalise your Order Of The Day confetti packets then fill with your chosen confetti<span> to </span><span data-mce-fragment=\"1\">beautifully complement the colour and theme of your Wedding Day!</span></p>\n<p>Depending on petal size,1 litre of our confetti should fill up to 20 of the confetti packets, giving your guests a handful to throw for that all important confetti shot! <span data-mce-fragment=\"1\">Please see our </span><a href=\"https://www.confettibee.co.uk/pages/how-many-litres-of-confetti-do-i-need-for-my-wedding\" data-mce-fragment=\"1\" data-mce-href=\"https://www.confettibee.co.uk/pages/how-many-litres-of-confetti-do-i-need-for-my-wedding\"><span data-mce-fragment=\"1\">guide page</span></a><span data-mce-fragment=\"1\"> for more information and advice on getting the right amount.</span></p>\n<p>Overall packet size - 117mm x 90mm</p>\n<p><span>These packets have an additional 25mm lip to allow the fold over the top and seal the packet.</span></p>\n<p>Our confetti packets are kraft brown, crafted from recycled material. Therefore they are 100% recyclable and biodegradable, making them fully eco-friendly.</p>\n<p><strong>Please Note:</strong><span> Due to the size limitations, The Order Of The Day text on the packet can include maximum of 8 times/events.</span></p>\n<p>Please note confetti is NOT included with this product. Simply choose your required confetti for the packets, whether<span> </span><a href=\"https://www.confettibee.co.uk/collections/natural-confetti\" data-mce-href=\"https://www.confettibee.co.uk/collections/natural-confetti\">natural confetti<span> </span></a>or<span> </span><a href=\"https://www.confettibee.co.uk/collections/biodegradable-paper-confetti\" data-mce-href=\"https://www.confettibee.co.uk/collections/biodegradable-paper-confetti\">paper confetti</a> and add to your order!</p>\n<p data-mce-fragment=\"1\"><em data-mce-fragment=\"1\">Shown here with our Thunder &amp; Lightning Confetti Collection.</em></p>','Confetti Bee Packets','2024-04-18 09:49:07','2024-04-18 09:49:07'),(139,'confettibee-co-uk.myshopify.com',8205200490754,'Confetti Kraft Brown Packets - Order Of The Day Design 9','<p>Personalise your Order Of The Day confetti packets then fill with your chosen confetti<span> to </span><span data-mce-fragment=\"1\">beautifully complement the colour and theme of your Wedding Day!</span></p>\n<p>Depending on petal size,1 litre of our confetti should fill up to 20 of the confetti packets, giving your guests a handful to throw for that all important confetti shot! <span data-mce-fragment=\"1\">Please see our </span><a href=\"https://www.confettibee.co.uk/pages/how-many-litres-of-confetti-do-i-need-for-my-wedding\" data-mce-fragment=\"1\" data-mce-href=\"https://www.confettibee.co.uk/pages/how-many-litres-of-confetti-do-i-need-for-my-wedding\"><span data-mce-fragment=\"1\">guide page</span></a><span data-mce-fragment=\"1\"> for more information and advice on getting the right amount.</span></p>\n<p>Overall packet size - 117mm x 90mm</p>\n<p><span>These packets have an additional 25mm lip to allow the fold over the top and seal the packet.</span></p>\n<p>Our confetti packets are kraft brown, crafted from recycled material. Therefore they are 100% recyclable and biodegradable, making them fully eco-friendly.</p>\n<p><strong>Please Note:</strong><span> Due to the size limitations, The Order Of The Day text on the packet can include maximum of 8 times/events.</span></p>\n<p>Please note confetti is NOT included with this product. Simply choose your required confetti for the packets, whether<span> </span><a href=\"https://www.confettibee.co.uk/collections/natural-confetti\" data-mce-href=\"https://www.confettibee.co.uk/collections/natural-confetti\">natural confetti<span> </span></a>or<span> </span><a href=\"https://www.confettibee.co.uk/collections/biodegradable-paper-confetti\" data-mce-href=\"https://www.confettibee.co.uk/collections/biodegradable-paper-confetti\">paper confetti</a> and add to your order!</p>\n<p data-mce-fragment=\"1\"><em data-mce-fragment=\"1\">Shown here with our Thunder &amp; Lightning Confetti Collection.</em></p>','Confetti Bee Packets','2024-04-18 09:49:07','2024-04-18 09:49:07'),(140,'confettibee-co-uk.myshopify.com',8205214679298,'Confetti Kraft Brown Packets - Order Of The Day Heart Design 1','<p>Personalise your Order Of The Day confetti packets then fill with your chosen confetti<span> to </span><span data-mce-fragment=\"1\">beautifully complement the colour and theme of your Wedding Day!</span></p>\n<p>Depending on petal size,1 litre of our confetti should fill up to 20 of the confetti packets, giving your guests a handful to throw for that all important confetti shot! <span data-mce-fragment=\"1\">Please see our </span><a href=\"https://www.confettibee.co.uk/pages/how-many-litres-of-confetti-do-i-need-for-my-wedding\" data-mce-fragment=\"1\" data-mce-href=\"https://www.confettibee.co.uk/pages/how-many-litres-of-confetti-do-i-need-for-my-wedding\"><span data-mce-fragment=\"1\">guide page</span></a><span data-mce-fragment=\"1\"> for more information and advice on getting the right amount.</span></p>\n<p>Overall packet size - 117mm x 90mm</p>\n<p><span>These packets have an additional 25mm lip to allow the fold over the top and seal the packet.</span></p>\n<p>Our confetti packets are kraft brown, crafted from recycled material. Therefore they are 100% recyclable and biodegradable, making them fully eco-friendly.</p>\n<p><strong>Please Note:</strong><span> Due to the size limitations, The Order Of The Day text on the packet must include 6 times/events.</span></p>\n<p>Please note confetti is NOT included with this product. Simply choose your required confetti for the packets, whether<span> </span><a href=\"https://www.confettibee.co.uk/collections/natural-confetti\" data-mce-href=\"https://www.confettibee.co.uk/collections/natural-confetti\">natural confetti<span> </span></a>or<span> </span><a href=\"https://www.confettibee.co.uk/collections/biodegradable-paper-confetti\" data-mce-href=\"https://www.confettibee.co.uk/collections/biodegradable-paper-confetti\">paper confetti</a> and add to your order!</p>\n<p data-mce-fragment=\"1\"><em data-mce-fragment=\"1\">Shown here with our Dark Pink Hydrangea Confetti Collection.</em></p>','Confetti Bee Packets','2024-04-18 09:49:07','2024-04-18 09:49:07'),(141,'confettibee-co-uk.myshopify.com',8205216153858,'Confetti Kraft Brown Packets - Order Of The Day Heart Design 2','<p>Personalise your Order Of The Day confetti packets then fill with your chosen confetti<span> to </span><span data-mce-fragment=\"1\">beautifully complement the colour and theme of your Wedding Day!</span></p>\n<p>Depending on petal size,1 litre of our confetti should fill up to 20 of the confetti packets, giving your guests a handful to throw for that all important confetti shot! <span data-mce-fragment=\"1\">Please see our </span><a href=\"https://www.confettibee.co.uk/pages/how-many-litres-of-confetti-do-i-need-for-my-wedding\" data-mce-fragment=\"1\" data-mce-href=\"https://www.confettibee.co.uk/pages/how-many-litres-of-confetti-do-i-need-for-my-wedding\"><span data-mce-fragment=\"1\">guide page</span></a><span data-mce-fragment=\"1\"> for more information and advice on getting the right amount.</span></p>\n<p>Overall packet size - 117mm x 90mm</p>\n<p><span>These packets have an additional 25mm lip to allow the fold over the top and seal the packet.</span></p>\n<p>Our confetti packets are kraft brown, crafted from recycled material. Therefore they are 100% recyclable and biodegradable, making them fully eco-friendly.</p>\n<p><strong>Please Note:</strong><span> Due to the size limitations, The Order Of The Day text on the packet must include 8 times/events.</span></p>\n<p>Please note confetti is NOT included with this product. Simply choose your required confetti for the packets, whether<span> </span><a href=\"https://www.confettibee.co.uk/collections/natural-confetti\" data-mce-href=\"https://www.confettibee.co.uk/collections/natural-confetti\">natural confetti<span> </span></a>or<span> </span><a href=\"https://www.confettibee.co.uk/collections/biodegradable-paper-confetti\" data-mce-href=\"https://www.confettibee.co.uk/collections/biodegradable-paper-confetti\">paper confetti</a> and add to your order!</p>\n<p data-mce-fragment=\"1\"><em data-mce-fragment=\"1\">Shown here with our Dark Pink Hydrangea Confetti Collection.</em></p>','Confetti Bee Packets','2024-04-18 09:49:07','2024-04-18 09:49:07'),(142,'confettibee-co-uk.myshopify.com',8205217071362,'Confetti Kraft Brown Packets - Order Of The Day Heart Design 3','<p>Personalise your Order Of The Day confetti packets then fill with your chosen confetti<span> to </span><span data-mce-fragment=\"1\">beautifully complement the colour and theme of your Wedding Day!</span></p>\n<p>Depending on petal size,1 litre of our confetti should fill up to 20 of the confetti packets, giving your guests a handful to throw for that all important confetti shot! <span data-mce-fragment=\"1\">Please see our </span><a href=\"https://www.confettibee.co.uk/pages/how-many-litres-of-confetti-do-i-need-for-my-wedding\" data-mce-fragment=\"1\" data-mce-href=\"https://www.confettibee.co.uk/pages/how-many-litres-of-confetti-do-i-need-for-my-wedding\"><span data-mce-fragment=\"1\">guide page</span></a><span data-mce-fragment=\"1\"> for more information and advice on getting the right amount.</span></p>\n<p>Overall packet size - 117mm x 90mm</p>\n<p><span>These packets have an additional 25mm lip to allow the fold over the top and seal the packet.</span></p>\n<p>Our confetti packets are kraft brown, crafted from recycled material. Therefore they are 100% recyclable and biodegradable, making them fully eco-friendly.</p>\n<p><strong>Please Note:</strong><span> Due to the size limitations, The Order Of The Day text on the packet must include 8 times/events.</span></p>\n<p>Please note confetti is NOT included with this product. Simply choose your required confetti for the packets, whether<span> </span><a href=\"https://www.confettibee.co.uk/collections/natural-confetti\" data-mce-href=\"https://www.confettibee.co.uk/collections/natural-confetti\">natural confetti<span> </span></a>or<span> </span><a href=\"https://www.confettibee.co.uk/collections/biodegradable-paper-confetti\" data-mce-href=\"https://www.confettibee.co.uk/collections/biodegradable-paper-confetti\">paper confetti</a> and add to your order!</p>\n<p data-mce-fragment=\"1\"><em data-mce-fragment=\"1\">Shown here with our Dark Pink Hydrangea Confetti Collection.</em></p>','Confetti Bee Packets','2024-04-18 09:49:07','2024-04-18 09:49:07'),(143,'confettibee-co-uk.myshopify.com',8205217628418,'Confetti Kraft Brown Packets - Order Of The Day Heart Design 4','<p>Personalise your Order Of The Day confetti packets then fill with your chosen confetti<span> to </span><span data-mce-fragment=\"1\">beautifully complement the colour and theme of your Wedding Day!</span></p>\n<p>Depending on petal size,1 litre of our confetti should fill up to 20 of the confetti packets, giving your guests a handful to throw for that all important confetti shot! <span data-mce-fragment=\"1\">Please see our </span><a href=\"https://www.confettibee.co.uk/pages/how-many-litres-of-confetti-do-i-need-for-my-wedding\" data-mce-fragment=\"1\" data-mce-href=\"https://www.confettibee.co.uk/pages/how-many-litres-of-confetti-do-i-need-for-my-wedding\"><span data-mce-fragment=\"1\">guide page</span></a><span data-mce-fragment=\"1\"> for more information and advice on getting the right amount.</span></p>\n<p>Overall packet size - 117mm x 90mm</p>\n<p><span>These packets have an additional 25mm lip to allow the fold over the top and seal the packet.</span></p>\n<p>Our confetti packets are kraft brown, crafted from recycled material. Therefore they are 100% recyclable and biodegradable, making them fully eco-friendly.</p>\n<p><strong>Please Note:</strong><span> Due to the size limitations, The Order Of The Day text on the packet must include 8 times/events.</span></p>\n<p>Please note confetti is NOT included with this product. Simply choose your required confetti for the packets, whether<span> </span><a href=\"https://www.confettibee.co.uk/collections/natural-confetti\" data-mce-href=\"https://www.confettibee.co.uk/collections/natural-confetti\">natural confetti<span> </span></a>or<span> </span><a href=\"https://www.confettibee.co.uk/collections/biodegradable-paper-confetti\" data-mce-href=\"https://www.confettibee.co.uk/collections/biodegradable-paper-confetti\">paper confetti</a> and add to your order!</p>\n<p data-mce-fragment=\"1\"><em data-mce-fragment=\"1\">Shown here with our Dark Pink Hydrangea Confetti Collection.</em></p>','Confetti Bee Packets','2024-04-18 09:49:07','2024-04-18 09:49:07'),(144,'confettibee-co-uk.myshopify.com',8205217726722,'Confetti Kraft Brown Packets - Order Of The Day Heart Design 5','<p>Personalise your Order Of The Day confetti packets then fill with your chosen confetti<span> to </span><span data-mce-fragment=\"1\">beautifully complement the colour and theme of your Wedding Day!</span></p>\n<p>Depending on petal size,1 litre of our confetti should fill up to 20 of the confetti packets, giving your guests a handful to throw for that all important confetti shot! <span data-mce-fragment=\"1\">Please see our </span><a href=\"https://www.confettibee.co.uk/pages/how-many-litres-of-confetti-do-i-need-for-my-wedding\" data-mce-fragment=\"1\" data-mce-href=\"https://www.confettibee.co.uk/pages/how-many-litres-of-confetti-do-i-need-for-my-wedding\"><span data-mce-fragment=\"1\">guide page</span></a><span data-mce-fragment=\"1\"> for more information and advice on getting the right amount.</span></p>\n<p>Overall packet size - 117mm x 90mm</p>\n<p><span>These packets have an additional 25mm lip to allow the fold over the top and seal the packet.</span></p>\n<p>Our confetti packets are kraft brown, crafted from recycled material. Therefore they are 100% recyclable and biodegradable, making them fully eco-friendly.</p>\n<p><strong>Please Note:</strong><span> Due to the size limitations, The Order Of The Day text on the packet must include 8 times/events.</span></p>\n<p>Please note confetti is NOT included with this product. Simply choose your required confetti for the packets, whether<span> </span><a href=\"https://www.confettibee.co.uk/collections/natural-confetti\" data-mce-href=\"https://www.confettibee.co.uk/collections/natural-confetti\">natural confetti<span> </span></a>or<span> </span><a href=\"https://www.confettibee.co.uk/collections/biodegradable-paper-confetti\" data-mce-href=\"https://www.confettibee.co.uk/collections/biodegradable-paper-confetti\">paper confetti</a> and add to your order!</p>\n<p data-mce-fragment=\"1\"><em data-mce-fragment=\"1\">Shown here with our Dark Pink Hydrangea Confetti Collection.</em></p>','Confetti Bee Packets','2024-04-18 09:49:07','2024-04-18 09:49:07'),(145,'confettibee-co-uk.myshopify.com',8192012517634,'Confetti Kraft Brown Packets - Place Name Design 1','<p>Personalise your confetti packets with your names &amp; wedding date then fill with your chosen confetti<span> to </span><span data-mce-fragment=\"1\">beautifully complement the colour and theme of your Wedding Day!</span></p>\n<p>Depending on petal size,1 litre of our confetti should fill up to 20 of the confetti packets, giving your guests a handful to throw for that all important confetti shot! <span data-mce-fragment=\"1\">Please see our </span><a href=\"https://www.confettibee.co.uk/pages/how-many-litres-of-confetti-do-i-need-for-my-wedding\" data-mce-fragment=\"1\" data-mce-href=\"https://www.confettibee.co.uk/pages/how-many-litres-of-confetti-do-i-need-for-my-wedding\"><span data-mce-fragment=\"1\">guide page</span></a><span data-mce-fragment=\"1\"> for more information and advice on getting the right amount.</span></p>\n<p>Overall packet size - 117mm x 90mm</p>\n<p><span>These packets have an additional 25mm lip to allow the fold over the top and seal the packet.</span></p>\n<p>Our confetti packets are kraft brown, crafted from recycled material. Therefore they are 100% recyclable and biodegradable, making them fully eco-friendly.</p>\n<p>Please note confetti is NOT included with this product. Simply choose your required confetti for the packets, whether<span> </span><a href=\"https://www.confettibee.co.uk/collections/natural-confetti\" data-mce-href=\"https://www.confettibee.co.uk/collections/natural-confetti\">natural confetti<span> </span></a>or<span> </span><a href=\"https://www.confettibee.co.uk/collections/biodegradable-paper-confetti\" data-mce-href=\"https://www.confettibee.co.uk/collections/biodegradable-paper-confetti\">paper confetti</a> and add to your order!</p>\n<p data-mce-fragment=\"1\"><em data-mce-fragment=\"1\">Shown here with our Cherish Confetti Collection. </em></p>','Confetti Bee Packets','2024-04-18 09:49:07','2024-04-18 09:49:07'),(146,'confettibee-co-uk.myshopify.com',8192014319874,'Confetti Kraft Brown Packets - Place Name Design 2','<p>Personalise your confetti packets with your names &amp; wedding date then fill with your chosen confetti<span> to </span><span data-mce-fragment=\"1\">beautifully complement the colour and theme of your Wedding Day!</span></p>\n<p>Depending on petal size,1 litre of our confetti should fill up to 20 of the confetti packets, giving your guests a handful to throw for that all important confetti shot! <span data-mce-fragment=\"1\">Please see our </span><a href=\"https://www.confettibee.co.uk/pages/how-many-litres-of-confetti-do-i-need-for-my-wedding\" data-mce-fragment=\"1\" data-mce-href=\"https://www.confettibee.co.uk/pages/how-many-litres-of-confetti-do-i-need-for-my-wedding\"><span data-mce-fragment=\"1\">guide page</span></a><span data-mce-fragment=\"1\"> for more information and advice on getting the right amount.</span></p>\n<p>Overall packet size - 117mm x 90mm</p>\n<p><span>These packets have an additional 25mm lip to allow the fold over the top and seal the packet.</span></p>\n<p>Our confetti packets are kraft brown, crafted from recycled material. Therefore they are 100% recyclable and biodegradable, making them fully eco-friendly.</p>\n<p>Please note confetti is NOT included with this product. Simply choose your required confetti for the packets, whether<span> </span><a href=\"https://www.confettibee.co.uk/collections/natural-confetti\" data-mce-href=\"https://www.confettibee.co.uk/collections/natural-confetti\">natural confetti<span> </span></a>or<span> </span><a href=\"https://www.confettibee.co.uk/collections/biodegradable-paper-confetti\" data-mce-href=\"https://www.confettibee.co.uk/collections/biodegradable-paper-confetti\">paper confetti</a> and add to your order!</p>\n<p data-mce-fragment=\"1\"><em data-mce-fragment=\"1\">Shown here with our Cherish Confetti Collection. </em></p>','Confetti Bee Packets','2024-04-18 09:49:07','2024-04-18 09:49:07'),(147,'confettibee-co-uk.myshopify.com',8192019693826,'Confetti Kraft Brown Packets - Place Name Design 3','<p>Personalise your confetti packets with your names &amp; wedding date then fill with your chosen confetti<span> to </span><span data-mce-fragment=\"1\">beautifully complement the colour and theme of your Wedding Day!</span></p>\n<p>Depending on petal size,1 litre of our confetti should fill up to 20 of the confetti packets, giving your guests a handful to throw for that all important confetti shot! <span data-mce-fragment=\"1\">Please see our </span><a href=\"https://www.confettibee.co.uk/pages/how-many-litres-of-confetti-do-i-need-for-my-wedding\" data-mce-fragment=\"1\" data-mce-href=\"https://www.confettibee.co.uk/pages/how-many-litres-of-confetti-do-i-need-for-my-wedding\"><span data-mce-fragment=\"1\">guide page</span></a><span data-mce-fragment=\"1\"> for more information and advice on getting the right amount.</span></p>\n<p>Overall packet size - 117mm x 90mm</p>\n<p><span>These packets have an additional 25mm lip to allow the fold over the top and seal the packet.</span></p>\n<p>Our confetti packets are kraft brown, crafted from recycled material. Therefore they are 100% recyclable and biodegradable, making them fully eco-friendly.</p>\n<p>Please note confetti is NOT included with this product. Simply choose your required confetti for the packets, whether<span> </span><a href=\"https://www.confettibee.co.uk/collections/natural-confetti\" data-mce-href=\"https://www.confettibee.co.uk/collections/natural-confetti\">natural confetti<span> </span></a>or<span> </span><a href=\"https://www.confettibee.co.uk/collections/biodegradable-paper-confetti\" data-mce-href=\"https://www.confettibee.co.uk/collections/biodegradable-paper-confetti\">paper confetti</a> and add to your order!</p>\n<p data-mce-fragment=\"1\"><em data-mce-fragment=\"1\">Shown here with our Cherish Confetti Collection. </em></p>','Confetti Bee Packets','2024-04-18 09:49:07','2024-04-18 09:49:07'),(148,'confettibee-co-uk.myshopify.com',8192020775170,'Confetti Kraft Brown Packets - Place Name Design 4','<p>Personalise your confetti packets with your names &amp; wedding date then fill with your chosen confetti<span> to </span><span data-mce-fragment=\"1\">beautifully complement the colour and theme of your Wedding Day!</span></p>\n<p>Depending on petal size,1 litre of our confetti should fill up to 20 of the confetti packets, giving your guests a handful to throw for that all important confetti shot! <span data-mce-fragment=\"1\">Please see our </span><a href=\"https://www.confettibee.co.uk/pages/how-many-litres-of-confetti-do-i-need-for-my-wedding\" data-mce-fragment=\"1\" data-mce-href=\"https://www.confettibee.co.uk/pages/how-many-litres-of-confetti-do-i-need-for-my-wedding\"><span data-mce-fragment=\"1\">guide page</span></a><span data-mce-fragment=\"1\"> for more information and advice on getting the right amount.</span></p>\n<p>Overall packet size - 117mm x 90mm</p>\n<p><span>These packets have an additional 25mm lip to allow the fold over the top and seal the packet.</span></p>\n<p>Our confetti packets are kraft brown, crafted from recycled material. Therefore they are 100% recyclable and biodegradable, making them fully eco-friendly.</p>\n<p>Please note confetti is NOT included with this product. Simply choose your required confetti for the packets, whether<span> </span><a href=\"https://www.confettibee.co.uk/collections/natural-confetti\" data-mce-href=\"https://www.confettibee.co.uk/collections/natural-confetti\">natural confetti<span> </span></a>or<span> </span><a href=\"https://www.confettibee.co.uk/collections/biodegradable-paper-confetti\" data-mce-href=\"https://www.confettibee.co.uk/collections/biodegradable-paper-confetti\">paper confetti</a> and add to your order!</p>\n<p data-mce-fragment=\"1\"><em data-mce-fragment=\"1\">Shown here with our Cherish Confetti Collection. </em></p>','Confetti Bee Packets','2024-04-18 09:49:07','2024-04-18 09:49:07'),(149,'confettibee-co-uk.myshopify.com',8192022151426,'Confetti Kraft Brown Packets - Place Name Design 5','<p>Personalise your confetti packets with your names &amp; wedding date then fill with your chosen confetti<span> to </span><span data-mce-fragment=\"1\">beautifully complement the colour and theme of your Wedding Day!</span></p>\n<p>Depending on petal size,1 litre of our confetti should fill up to 20 of the confetti packets, giving your guests a handful to throw for that all important confetti shot! <span data-mce-fragment=\"1\">Please see our </span><a href=\"https://www.confettibee.co.uk/pages/how-many-litres-of-confetti-do-i-need-for-my-wedding\" data-mce-fragment=\"1\" data-mce-href=\"https://www.confettibee.co.uk/pages/how-many-litres-of-confetti-do-i-need-for-my-wedding\"><span data-mce-fragment=\"1\">guide page</span></a><span data-mce-fragment=\"1\"> for more information and advice on getting the right amount.</span></p>\n<p>Overall packet size - 117mm x 90mm</p>\n<p><span>These packets have an additional 25mm lip to allow the fold over the top and seal the packet.</span></p>\n<p>Our confetti packets are kraft brown, crafted from recycled material. Therefore they are 100% recyclable and biodegradable, making them fully eco-friendly.</p>\n<p>Please note confetti is NOT included with this product. Simply choose your required confetti for the packets, whether<span> </span><a href=\"https://www.confettibee.co.uk/collections/natural-confetti\" data-mce-href=\"https://www.confettibee.co.uk/collections/natural-confetti\">natural confetti<span> </span></a>or<span> </span><a href=\"https://www.confettibee.co.uk/collections/biodegradable-paper-confetti\" data-mce-href=\"https://www.confettibee.co.uk/collections/biodegradable-paper-confetti\">paper confetti</a> and add to your order!</p>\n<p data-mce-fragment=\"1\"><em data-mce-fragment=\"1\">Shown here with our Cherish Confetti Collection. </em></p>','Confetti Bee Packets','2024-04-18 09:49:07','2024-04-18 09:49:07'),(150,'confettibee-co-uk.myshopify.com',8205226148098,'Confetti Kraft Brown Packets - Welcome Design 1','<p>Personalise your confetti packets with your names &amp; wedding date then fill with your chosen confetti<span> to </span><span data-mce-fragment=\"1\">beautifully complement the colour and theme of your Wedding Day!</span></p>\n<p>Depending on petal size,1 litre of our confetti should fill up to 20 of the confetti packets, giving your guests a handful to throw for that all important confetti shot! <span data-mce-fragment=\"1\">Please see our </span><a data-mce-fragment=\"1\" href=\"https://www.confettibee.co.uk/pages/how-many-litres-of-confetti-do-i-need-for-my-wedding\" data-mce-href=\"https://www.confettibee.co.uk/pages/how-many-litres-of-confetti-do-i-need-for-my-wedding\"><span data-mce-fragment=\"1\">guide page</span></a><span data-mce-fragment=\"1\"> for more information and advice on getting the right amount.</span></p>\n<p>Overall packet size - 117mm x 90mm</p>\n<p><span>These packets have an additional 25mm lip to allow the fold over the top and seal the packet.</span></p>\n<p>Our confetti packets are kraft brown, crafted from recycled material. Therefore they are 100% recyclable and biodegradable, making them fully eco-friendly.</p>\n<p>Please note confetti is NOT included with this product. Simply choose your required confetti for the packets, whether<span> </span><a href=\"https://www.confettibee.co.uk/collections/natural-confetti\" data-mce-href=\"https://www.confettibee.co.uk/collections/natural-confetti\">natural confetti<span> </span></a>or<span> </span><a href=\"https://www.confettibee.co.uk/collections/biodegradable-paper-confetti\" data-mce-href=\"https://www.confettibee.co.uk/collections/biodegradable-paper-confetti\">paper confetti</a> and add to your order!</p>','Confetti Bee Packets','2024-04-18 09:49:07','2024-04-18 09:49:07'),(151,'confettibee-co-uk.myshopify.com',8205226836226,'Confetti Kraft Brown Packets - Welcome Design 2','<p>Personalise your confetti packets with your names &amp; wedding date then fill with your chosen confetti<span> to </span><span data-mce-fragment=\"1\">beautifully complement the colour and theme of your Wedding Day!</span></p>\n<p>Depending on petal size,1 litre of our confetti should fill up to 20 of the confetti packets, giving your guests a handful to throw for that all important confetti shot! <span data-mce-fragment=\"1\">Please see our </span><a data-mce-fragment=\"1\" href=\"https://www.confettibee.co.uk/pages/how-many-litres-of-confetti-do-i-need-for-my-wedding\" data-mce-href=\"https://www.confettibee.co.uk/pages/how-many-litres-of-confetti-do-i-need-for-my-wedding\"><span data-mce-fragment=\"1\">guide page</span></a><span data-mce-fragment=\"1\"> for more information and advice on getting the right amount.</span></p>\n<p>Overall packet size - 117mm x 90mm</p>\n<p><span>These packets have an additional 25mm lip to allow the fold over the top and seal the packet.</span></p>\n<p>Our confetti packets are kraft brown, crafted from recycled material. Therefore they are 100% recyclable and biodegradable, making them fully eco-friendly.</p>\n<p>Please note confetti is NOT included with this product. Simply choose your required confetti for the packets, whether<span> </span><a href=\"https://www.confettibee.co.uk/collections/natural-confetti\" data-mce-href=\"https://www.confettibee.co.uk/collections/natural-confetti\">natural confetti<span> </span></a>or<span> </span><a href=\"https://www.confettibee.co.uk/collections/biodegradable-paper-confetti\" data-mce-href=\"https://www.confettibee.co.uk/collections/biodegradable-paper-confetti\">paper confetti</a> and add to your order!</p>','Confetti Bee Packets','2024-04-18 09:49:07','2024-04-18 09:49:07'),(152,'confettibee-co-uk.myshopify.com',8205227065602,'Confetti Kraft Brown Packets - Welcome Design 3','<p>Personalise your confetti packets with your names &amp; wedding date then fill with your chosen confetti<span> to </span><span data-mce-fragment=\"1\">beautifully complement the colour and theme of your Wedding Day!</span></p>\n<p>Depending on petal size,1 litre of our confetti should fill up to 20 of the confetti packets, giving your guests a handful to throw for that all important confetti shot! <span data-mce-fragment=\"1\">Please see our </span><a href=\"https://www.confettibee.co.uk/pages/how-many-litres-of-confetti-do-i-need-for-my-wedding\" data-mce-fragment=\"1\" data-mce-href=\"https://www.confettibee.co.uk/pages/how-many-litres-of-confetti-do-i-need-for-my-wedding\"><span data-mce-fragment=\"1\">guide page</span></a><span data-mce-fragment=\"1\"> for more information and advice on getting the right amount.</span></p>\n<p>Overall packet size - 117mm x 90mm</p>\n<p><span>These packets have an additional 25mm lip to allow the fold over the top and seal the packet.</span></p>\n<p>Our confetti packets are kraft brown, crafted from recycled material. Therefore they are 100% recyclable and biodegradable, making them fully eco-friendly.</p>\n<p>Please note confetti is NOT included with this product. Simply choose your required confetti for the packets, whether<span> </span><a href=\"https://www.confettibee.co.uk/collections/natural-confetti\" data-mce-href=\"https://www.confettibee.co.uk/collections/natural-confetti\">natural confetti<span> </span></a>or<span> </span><a href=\"https://www.confettibee.co.uk/collections/biodegradable-paper-confetti\" data-mce-href=\"https://www.confettibee.co.uk/collections/biodegradable-paper-confetti\">paper confetti</a> and add to your order!</p>','Confetti Bee Packets','2024-04-18 09:49:07','2024-04-18 09:49:07'),(153,'confettibee-co-uk.myshopify.com',8205228081410,'Confetti Kraft Brown Packets - Welcome Design 4','<p>Personalise your confetti packets with your names &amp; wedding date then fill with your chosen confetti<span> to </span><span data-mce-fragment=\"1\">beautifully complement the colour and theme of your Wedding Day!</span></p>\n<p>Depending on petal size,1 litre of our confetti should fill up to 20 of the confetti packets, giving your guests a handful to throw for that all important confetti shot! <span data-mce-fragment=\"1\">Please see our </span><a href=\"https://www.confettibee.co.uk/pages/how-many-litres-of-confetti-do-i-need-for-my-wedding\" data-mce-fragment=\"1\" data-mce-href=\"https://www.confettibee.co.uk/pages/how-many-litres-of-confetti-do-i-need-for-my-wedding\"><span data-mce-fragment=\"1\">guide page</span></a><span data-mce-fragment=\"1\"> for more information and advice on getting the right amount.</span></p>\n<p>Overall packet size - 117mm x 90mm</p>\n<p><span>These packets have an additional 25mm lip to allow the fold over the top and seal the packet.</span></p>\n<p>Our confetti packets are kraft brown, crafted from recycled material. Therefore they are 100% recyclable and biodegradable, making them fully eco-friendly.</p>\n<p>Please note confetti is NOT included with this product. Simply choose your required confetti for the packets, whether<span> </span><a href=\"https://www.confettibee.co.uk/collections/natural-confetti\" data-mce-href=\"https://www.confettibee.co.uk/collections/natural-confetti\">natural confetti<span> </span></a>or<span> </span><a href=\"https://www.confettibee.co.uk/collections/biodegradable-paper-confetti\" data-mce-href=\"https://www.confettibee.co.uk/collections/biodegradable-paper-confetti\">paper confetti</a> and add to your order!</p>','Confetti Bee Packets','2024-04-18 09:49:07','2024-04-18 09:49:07'),(154,'confettibee-co-uk.myshopify.com',8205228540162,'Confetti Kraft Brown Packets - Welcome Design 5','<p>Personalise your confetti packets with your names &amp; wedding date then fill with your chosen confetti<span> to </span><span data-mce-fragment=\"1\">beautifully complement the colour and theme of your Wedding Day!</span></p>\n<p>Depending on petal size,1 litre of our confetti should fill up to 20 of the confetti packets, giving your guests a handful to throw for that all important confetti shot! <span data-mce-fragment=\"1\">Please see our </span><a href=\"https://www.confettibee.co.uk/pages/how-many-litres-of-confetti-do-i-need-for-my-wedding\" data-mce-fragment=\"1\" data-mce-href=\"https://www.confettibee.co.uk/pages/how-many-litres-of-confetti-do-i-need-for-my-wedding\"><span data-mce-fragment=\"1\">guide page</span></a><span data-mce-fragment=\"1\"> for more information and advice on getting the right amount.</span></p>\n<p>Overall packet size - 117mm x 90mm</p>\n<p><span>These packets have an additional 25mm lip to allow the fold over the top and seal the packet.</span></p>\n<p>Our confetti packets are kraft brown, crafted from recycled material. Therefore they are 100% recyclable and biodegradable, making them fully eco-friendly.</p>\n<p>Please note confetti is NOT included with this product. Simply choose your required confetti for the packets, whether<span> </span><a href=\"https://www.confettibee.co.uk/collections/natural-confetti\" data-mce-href=\"https://www.confettibee.co.uk/collections/natural-confetti\">natural confetti<span> </span></a>or<span> </span><a href=\"https://www.confettibee.co.uk/collections/biodegradable-paper-confetti\" data-mce-href=\"https://www.confettibee.co.uk/collections/biodegradable-paper-confetti\">paper confetti</a> and add to your order!</p>','Confetti Bee Packets','2024-04-18 09:49:07','2024-04-18 09:49:07'),(155,'confettibee-co-uk.myshopify.com',7866104774914,'Confetti Packets','<p data-mce-fragment=\"1\">These plain confetti packets can be personalised with stickers from our range,<span data-mce-fragment=\"1\"> then filled with your chosen confetti to beautifully complement the colour and theme of your Wedding Day!</span></p>\n<p data-mce-fragment=\"1\"><span data-mce-fragment=\"1\">Depending on petal size,1 litre of our confetti should fill up to 20 of the confetti packets</span><span>, giving your guests a handful to throw for that all important confetti shot! </span><span style=\"font-weight: 400;\" data-mce-style=\"font-weight: 400;\" data-mce-fragment=\"1\">Please see our<span> </span></span><a href=\"https://www.confettibee.co.uk/pages/how-many-litres-of-confetti-do-i-need-for-my-wedding\" data-mce-href=\"https://www.confettibee.co.uk/pages/how-many-litres-of-confetti-do-i-need-for-my-wedding\" data-mce-fragment=\"1\"><span style=\"font-weight: 400;\" data-mce-style=\"font-weight: 400;\" data-mce-fragment=\"1\">guide page</span></a><span style=\"font-weight: 400;\" data-mce-style=\"font-weight: 400;\" data-mce-fragment=\"1\"><span> </span>for more information and advice on getting the right amount!</span></p>\n<p data-mce-fragment=\"1\">Size - 117mm x 90mm</p>\n<p><span>These Peel &amp; Seal packets have an additional 16mm lip to allow the fold over the top.</span></p>\n<p>Our confetti packets are glassine, crafted from a wood pulp. Therefore they are 100% recyclable and biodegradable, making them fully eco-friendly.</p>\n<p>Please note confetti is NOT included with this product. Simply choose your required confetti, whether<span> </span><a href=\"https://www.confettibee.co.uk/collections/natural-confetti\" data-mce-href=\"https://www.confettibee.co.uk/collections/natural-confetti\">natural confetti<span> </span></a>or<span> </span><a href=\"https://www.confettibee.co.uk/collections/biodegradable-paper-confetti\" data-mce-href=\"https://www.confettibee.co.uk/collections/biodegradable-paper-confetti\">paper confetti</a> and add to your order!</p>','Confetti Bee','2024-04-18 09:49:07','2024-04-18 09:49:07'),(156,'confettibee-co-uk.myshopify.com',8164488511746,'Confetti Packets - Autumn Design 1','<p>Personalise your confetti packets with your names &amp; wedding date then fill with your chosen confetti<span> to </span><span data-mce-fragment=\"1\">beautifully complement the colour and theme of your Wedding Day!</span></p>\n<p>Depending on petal size,1 litre of our confetti should fill up to 20 of the confetti packets, giving your guests a handful to throw for that all important confetti shot! <span data-mce-fragment=\"1\">Please see our </span><a href=\"https://www.confettibee.co.uk/pages/how-many-litres-of-confetti-do-i-need-for-my-wedding\" data-mce-fragment=\"1\" data-mce-href=\"https://www.confettibee.co.uk/pages/how-many-litres-of-confetti-do-i-need-for-my-wedding\"><span data-mce-fragment=\"1\">guide page</span></a><span data-mce-fragment=\"1\"> for more information and advice on getting the right amount.</span></p>\n<p>Overall packet size - 117mm x 90mm</p>\n<p><span>These Peel &amp; Seal packets have an additional 16mm lip to allow the fold over the top.</span></p>\n<p>Our confetti packets are glassine, crafted from a wood pulp. Therefore they are 100% recyclable and biodegradable, making them fully eco-friendly.</p>\n<p>Please note confetti is NOT included with this product. Simply choose your required confetti for the packets, whether<span> </span><a href=\"https://www.confettibee.co.uk/collections/natural-confetti\" data-mce-href=\"https://www.confettibee.co.uk/collections/natural-confetti\">natural confetti<span> </span></a>or<span> </span><a href=\"https://www.confettibee.co.uk/collections/biodegradable-paper-confetti\" data-mce-href=\"https://www.confettibee.co.uk/collections/biodegradable-paper-confetti\">paper confetti</a> and add to your order!</p>\n<p><em>Shown here with our Fireglow Confetti Collection. </em></p>','Confetti Bee Packets','2024-04-18 09:49:07','2024-04-18 09:49:07'),(157,'confettibee-co-uk.myshopify.com',8164491297026,'Confetti Packets - Autumn Design 2','<p>Personalise your confetti packets with your names &amp; wedding date then fill with your chosen confetti<span> to </span><span data-mce-fragment=\"1\">beautifully complement the colour and theme of your Wedding Day!</span></p>\n<p>Depending on petal size,1 litre of our confetti should fill up to 20 of the confetti packets, giving your guests a handful to throw for that all important confetti shot! <span data-mce-fragment=\"1\">Please see our </span><a href=\"https://www.confettibee.co.uk/pages/how-many-litres-of-confetti-do-i-need-for-my-wedding\" data-mce-fragment=\"1\" data-mce-href=\"https://www.confettibee.co.uk/pages/how-many-litres-of-confetti-do-i-need-for-my-wedding\"><span data-mce-fragment=\"1\">guide page</span></a><span data-mce-fragment=\"1\"> for more information and advice on getting the right amount.</span></p>\n<p>Overall packet size - 117mm x 90mm</p>\n<p><span>These Peel &amp; Seal packets have an additional 16mm lip to allow the fold over the top.</span></p>\n<p>Our confetti packets are glassine, crafted from a wood pulp. Therefore they are 100% recyclable and biodegradable, making them fully eco-friendly.</p>\n<p>Please note confetti is NOT included with this product. Simply choose your required confetti for the packets, whether<span> </span><a href=\"https://www.confettibee.co.uk/collections/natural-confetti\" data-mce-href=\"https://www.confettibee.co.uk/collections/natural-confetti\">natural confetti<span> </span></a>or<span> </span><a href=\"https://www.confettibee.co.uk/collections/biodegradable-paper-confetti\" data-mce-href=\"https://www.confettibee.co.uk/collections/biodegradable-paper-confetti\">paper confetti</a> and add to your order!</p>\n<p><em>Shown here with our Fireglow Confetti Collection. </em></p>','Confetti Bee Packets','2024-04-18 09:49:07','2024-04-18 09:49:07'),(158,'confettibee-co-uk.myshopify.com',8164492542210,'Confetti Packets - Autumn Design 3','<p>Personalise your confetti packets with your names &amp; wedding date then fill with your chosen confetti<span> to </span><span data-mce-fragment=\"1\">beautifully complement the colour and theme of your Wedding Day!</span></p>\n<p>Depending on petal size,1 litre of our confetti should fill up to 20 of the confetti packets, giving your guests a handful to throw for that all important confetti shot! <span data-mce-fragment=\"1\">Please see our </span><a href=\"https://www.confettibee.co.uk/pages/how-many-litres-of-confetti-do-i-need-for-my-wedding\" data-mce-fragment=\"1\" data-mce-href=\"https://www.confettibee.co.uk/pages/how-many-litres-of-confetti-do-i-need-for-my-wedding\"><span data-mce-fragment=\"1\">guide page</span></a><span data-mce-fragment=\"1\"> for more information and advice on getting the right amount.</span></p>\n<p>Overall packet size - 117mm x 90mm</p>\n<p><span>These Peel &amp; Seal packets have an additional 16mm lip to allow the fold over the top.</span></p>\n<p>Our confetti packets are glassine, crafted from a wood pulp. Therefore they are 100% recyclable and biodegradable, making them fully eco-friendly.</p>\n<p>Please note confetti is NOT included with this product. Simply choose your required confetti for the packets, whether<span> </span><a href=\"https://www.confettibee.co.uk/collections/natural-confetti\" data-mce-href=\"https://www.confettibee.co.uk/collections/natural-confetti\">natural confetti<span> </span></a>or<span> </span><a href=\"https://www.confettibee.co.uk/collections/biodegradable-paper-confetti\" data-mce-href=\"https://www.confettibee.co.uk/collections/biodegradable-paper-confetti\">paper confetti</a> and add to your order!</p>\n<p><em>Shown here with our Fireglow Confetti Collection. </em></p>','Confetti Bee Packets','2024-04-18 09:49:07','2024-04-18 09:49:07'),(159,'confettibee-co-uk.myshopify.com',8164501324034,'Confetti Packets - Autumn Design 4','<p>Personalise your confetti packets with your names &amp; wedding date then fill with your chosen confetti<span> to </span><span data-mce-fragment=\"1\">beautifully complement the colour and theme of your Wedding Day!</span></p>\n<p>Depending on petal size,1 litre of our confetti should fill up to 20 of the confetti packets, giving your guests a handful to throw for that all important confetti shot! <span data-mce-fragment=\"1\">Please see our </span><a href=\"https://www.confettibee.co.uk/pages/how-many-litres-of-confetti-do-i-need-for-my-wedding\" data-mce-fragment=\"1\" data-mce-href=\"https://www.confettibee.co.uk/pages/how-many-litres-of-confetti-do-i-need-for-my-wedding\"><span data-mce-fragment=\"1\">guide page</span></a><span data-mce-fragment=\"1\"> for more information and advice on getting the right amount.</span></p>\n<p>Overall packet size - 117mm x 90mm</p>\n<p><span>These Peel &amp; Seal packets have an additional 16mm lip to allow the fold over the top.</span></p>\n<p>Our confetti packets are glassine, crafted from a wood pulp. Therefore they are 100% recyclable and biodegradable, making them fully eco-friendly.</p>\n<p>Please note confetti is NOT included with this product. Simply choose your required confetti for the packets, whether<span> </span><a href=\"https://www.confettibee.co.uk/collections/natural-confetti\" data-mce-href=\"https://www.confettibee.co.uk/collections/natural-confetti\">natural confetti<span> </span></a>or<span> </span><a href=\"https://www.confettibee.co.uk/collections/biodegradable-paper-confetti\" data-mce-href=\"https://www.confettibee.co.uk/collections/biodegradable-paper-confetti\">paper confetti</a> and add to your order!</p>\n<p><em>Shown here with our Fireglow Confetti Collection. </em></p>','Confetti Bee Packets','2024-04-18 09:49:07','2024-04-18 09:49:07'),(160,'confettibee-co-uk.myshopify.com',8164504830210,'Confetti Packets - Autumn Design 5','<p>Personalise your confetti packets with your names &amp; wedding date then fill with your chosen confetti<span> to </span><span data-mce-fragment=\"1\">beautifully complement the colour and theme of your Wedding Day!</span></p>\n<p>Depending on petal size,1 litre of our confetti should fill up to 20 of the confetti packets, giving your guests a handful to throw for that all important confetti shot! <span data-mce-fragment=\"1\">Please see our </span><a href=\"https://www.confettibee.co.uk/pages/how-many-litres-of-confetti-do-i-need-for-my-wedding\" data-mce-fragment=\"1\" data-mce-href=\"https://www.confettibee.co.uk/pages/how-many-litres-of-confetti-do-i-need-for-my-wedding\"><span data-mce-fragment=\"1\">guide page</span></a><span data-mce-fragment=\"1\"> for more information and advice on getting the right amount.</span></p>\n<p>Overall packet size - 117mm x 90mm</p>\n<p><span>These Peel &amp; Seal packets have an additional 16mm lip to allow the fold over the top.</span></p>\n<p>Our confetti packets are glassine, crafted from a wood pulp. Therefore they are 100% recyclable and biodegradable, making them fully eco-friendly.</p>\n<p>Please note confetti is NOT included with this product. Simply choose your required confetti for the packets, whether<span> </span><a href=\"https://www.confettibee.co.uk/collections/natural-confetti\" data-mce-href=\"https://www.confettibee.co.uk/collections/natural-confetti\">natural confetti<span> </span></a>or<span> </span><a href=\"https://www.confettibee.co.uk/collections/biodegradable-paper-confetti\" data-mce-href=\"https://www.confettibee.co.uk/collections/biodegradable-paper-confetti\">paper confetti</a> and add to your order!</p>\n<p><em>Shown here with our Fireglow Confetti Collection. </em></p>','Confetti Bee Packets','2024-04-18 09:49:07','2024-04-18 09:49:07'),(161,'confettibee-co-uk.myshopify.com',8164505714946,'Confetti Packets - Autumn Design 6','<p>Personalise your confetti packets with your names &amp; wedding date then fill with your chosen confetti<span> to </span><span data-mce-fragment=\"1\">beautifully complement the colour and theme of your Wedding Day!</span></p>\n<p>Depending on petal size,1 litre of our confetti should fill up to 20 of the confetti packets, giving your guests a handful to throw for that all important confetti shot! <span data-mce-fragment=\"1\">Please see our </span><a href=\"https://www.confettibee.co.uk/pages/how-many-litres-of-confetti-do-i-need-for-my-wedding\" data-mce-fragment=\"1\" data-mce-href=\"https://www.confettibee.co.uk/pages/how-many-litres-of-confetti-do-i-need-for-my-wedding\"><span data-mce-fragment=\"1\">guide page</span></a><span data-mce-fragment=\"1\"> for more information and advice on getting the right amount.</span></p>\n<p>Overall packet size - 117mm x 90mm</p>\n<p><span>These Peel &amp; Seal packets have an additional 16mm lip to allow the fold over the top.</span></p>\n<p>Our confetti packets are glassine, crafted from a wood pulp. Therefore they are 100% recyclable and biodegradable, making them fully eco-friendly.</p>\n<p>Please note confetti is NOT included with this product. Simply choose your required confetti for the packets, whether<span> </span><a href=\"https://www.confettibee.co.uk/collections/natural-confetti\" data-mce-href=\"https://www.confettibee.co.uk/collections/natural-confetti\">natural confetti<span> </span></a>or<span> </span><a href=\"https://www.confettibee.co.uk/collections/biodegradable-paper-confetti\" data-mce-href=\"https://www.confettibee.co.uk/collections/biodegradable-paper-confetti\">paper confetti</a> and add to your order!</p>\n<p><em>Shown here with our Fireglow Confetti Collection. </em></p>','Confetti Bee Packets','2024-04-18 09:49:07','2024-04-18 09:49:07'),(162,'confettibee-co-uk.myshopify.com',7943575863554,'Confetti Packets - Buzzy Bee Design 1','<p>Personalise your confetti packets with your names &amp; wedding date then fill with your chosen confetti<span> to </span><span data-mce-fragment=\"1\">beautifully complement the colour and theme of your Wedding Day!</span></p>\n<p>Depending on petal size,1 litre of our confetti should fill up to 20 of the confetti packets, giving your guests a handful to throw for that all important confetti shot! <span data-mce-fragment=\"1\">Please see our </span><a href=\"https://www.confettibee.co.uk/pages/how-many-litres-of-confetti-do-i-need-for-my-wedding\" data-mce-fragment=\"1\" data-mce-href=\"https://www.confettibee.co.uk/pages/how-many-litres-of-confetti-do-i-need-for-my-wedding\"><span data-mce-fragment=\"1\">guide page</span></a><span data-mce-fragment=\"1\"> for more information and advice on getting the right amount.</span></p>\n<p>Overall packet size - 117mm x 90mm</p>\n<p><span>These Peel &amp; Seal packets have an additional 16mm lip to allow the fold over the top.</span></p>\n<p>Our confetti packets are glassine, crafted from a wood pulp. Therefore they are 100% recyclable and biodegradable, making them fully eco-friendly.</p>\n<p>Please note confetti is NOT included with this product. Simply choose your required confetti for the packets, whether<span> </span><a href=\"https://www.confettibee.co.uk/collections/natural-confetti\" data-mce-href=\"https://www.confettibee.co.uk/collections/natural-confetti\">natural confetti<span> </span></a>or<span> </span><a href=\"https://www.confettibee.co.uk/collections/biodegradable-paper-confetti\" data-mce-href=\"https://www.confettibee.co.uk/collections/biodegradable-paper-confetti\">paper confetti</a> and add to your order!</p>\n<p><em>Shown here with our Strawberry Dream Collection Confetti. </em></p>','Confetti Bee Packets','2024-04-18 09:49:07','2024-04-18 09:49:07'),(163,'confettibee-co-uk.myshopify.com',7943580942594,'Confetti Packets - Buzzy Bee Design 2','<p>Personalise your confetti packets with your names &amp; wedding date then fill with your chosen confetti<span> to </span><span data-mce-fragment=\"1\">beautifully complement the colour and theme of your Wedding Day!</span></p>\n<p>Depending on petal size,1 litre of our confetti should fill up to 20 of the confetti packets, giving your guests a handful to throw for that all important confetti shot! <span data-mce-fragment=\"1\">Please see our </span><a href=\"https://www.confettibee.co.uk/pages/how-many-litres-of-confetti-do-i-need-for-my-wedding\" data-mce-href=\"https://www.confettibee.co.uk/pages/how-many-litres-of-confetti-do-i-need-for-my-wedding\" data-mce-fragment=\"1\"><span data-mce-fragment=\"1\">guide page</span></a><span data-mce-fragment=\"1\"> for more information and advice on getting the right amount.</span></p>\n<p>Overall packet size - 117mm x 90mm</p>\n<p><span>These Peel &amp; Seal packets have an additional 16mm lip to allow the fold over the top.</span></p>\n<p>Our confetti packets are glassine, crafted from a wood pulp. Therefore they are 100% recyclable and biodegradable, making them fully eco-friendly.</p>\n<p>Please note confetti is NOT included with this product. Simply choose your required confetti for the packets, whether<span> </span><a href=\"https://www.confettibee.co.uk/collections/natural-confetti\" data-mce-href=\"https://www.confettibee.co.uk/collections/natural-confetti\">natural confetti<span> </span></a>or<span> </span><a href=\"https://www.confettibee.co.uk/collections/biodegradable-paper-confetti\" data-mce-href=\"https://www.confettibee.co.uk/collections/biodegradable-paper-confetti\">paper confetti</a> and add to your order!</p>\n<p><em>Shown here with our Strawberry Dream Collection Confetti. </em></p>','Confetti Bee Packets','2024-04-18 09:49:07','2024-04-18 09:49:07'),(164,'confettibee-co-uk.myshopify.com',7943582089474,'Confetti Packets - Buzzy Bee Design 3','<p>Personalise your confetti packets with your names &amp; wedding date then fill with your chosen confetti<span> to </span><span data-mce-fragment=\"1\">beautifully complement the colour and theme of your Wedding Day!</span></p>\n<p>Depending on petal size,1 litre of our confetti should fill up to 20 of the confetti packets, giving your guests a handful to throw for that all important confetti shot! <span data-mce-fragment=\"1\">Please see our </span><a href=\"https://www.confettibee.co.uk/pages/how-many-litres-of-confetti-do-i-need-for-my-wedding\" data-mce-href=\"https://www.confettibee.co.uk/pages/how-many-litres-of-confetti-do-i-need-for-my-wedding\" data-mce-fragment=\"1\"><span data-mce-fragment=\"1\">guide page</span></a><span data-mce-fragment=\"1\"> for more information and advice on getting the right amount.</span></p>\n<p>Overall packet size - 117mm x 90mm</p>\n<p><span>These Peel &amp; Seal packets have an additional 16mm lip to allow the fold over the top.</span></p>\n<p>Our confetti packets are glassine, crafted from a wood pulp. Therefore they are 100% recyclable and biodegradable, making them fully eco-friendly.</p>\n<p>Please note confetti is NOT included with this product. Simply choose your required confetti for the packets, whether<span> </span><a href=\"https://www.confettibee.co.uk/collections/natural-confetti\" data-mce-href=\"https://www.confettibee.co.uk/collections/natural-confetti\">natural confetti<span> </span></a>or<span> </span><a href=\"https://www.confettibee.co.uk/collections/biodegradable-paper-confetti\" data-mce-href=\"https://www.confettibee.co.uk/collections/biodegradable-paper-confetti\">paper confetti</a> and add to your order!</p>\n<p><em>Shown here with our Strawberry Dream Collection Confetti. </em></p>','Confetti Bee Packets','2024-04-18 09:49:07','2024-04-18 09:49:07'),(165,'confettibee-co-uk.myshopify.com',7943582482690,'Confetti Packets - Buzzy Bee Design 4','<p>Personalise your confetti packets with your names &amp; wedding date then fill with your chosen confetti<span> to </span><span data-mce-fragment=\"1\">beautifully complement the colour and theme of your Wedding Day!</span></p>\n<p>Depending on petal size,1 litre of our confetti should fill up to 20 of the confetti packets, giving your guests a handful to throw for that all important confetti shot! <span data-mce-fragment=\"1\">Please see our </span><a href=\"https://www.confettibee.co.uk/pages/how-many-litres-of-confetti-do-i-need-for-my-wedding\" data-mce-href=\"https://www.confettibee.co.uk/pages/how-many-litres-of-confetti-do-i-need-for-my-wedding\" data-mce-fragment=\"1\"><span data-mce-fragment=\"1\">guide page</span></a><span data-mce-fragment=\"1\"> for more information and advice on getting the right amount.</span></p>\n<p>Overall packet size - 117mm x 90mm</p>\n<p><span>These Peel &amp; Seal packets have an additional 16mm lip to allow the fold over the top.</span></p>\n<p>Our confetti packets are glassine, crafted from a wood pulp. Therefore they are 100% recyclable and biodegradable, making them fully eco-friendly.</p>\n<p>Please note confetti is NOT included with this product. Simply choose your required confetti for the packets, whether<span> </span><a href=\"https://www.confettibee.co.uk/collections/natural-confetti\" data-mce-href=\"https://www.confettibee.co.uk/collections/natural-confetti\">natural confetti<span> </span></a>or<span> </span><a href=\"https://www.confettibee.co.uk/collections/biodegradable-paper-confetti\" data-mce-href=\"https://www.confettibee.co.uk/collections/biodegradable-paper-confetti\">paper confetti</a> and add to your order!</p>\n<p><em>Shown here with our Strawberry Dream Collection Confetti. </em></p>','Confetti Bee Packets','2024-04-18 09:49:07','2024-04-18 09:49:07'),(166,'confettibee-co-uk.myshopify.com',7943583301890,'Confetti Packets - Buzzy Bee Design 5','<p>Personalise your confetti packets with your names &amp; wedding date then fill with your chosen confetti<span> to </span><span data-mce-fragment=\"1\">beautifully complement the colour and theme of your Wedding Day!</span></p>\n<p>Depending on petal size,1 litre of our confetti should fill up to 20 of the confetti packets, giving your guests a handful to throw for that all important confetti shot! <span data-mce-fragment=\"1\">Please see our </span><a href=\"https://www.confettibee.co.uk/pages/how-many-litres-of-confetti-do-i-need-for-my-wedding\" data-mce-href=\"https://www.confettibee.co.uk/pages/how-many-litres-of-confetti-do-i-need-for-my-wedding\" data-mce-fragment=\"1\"><span data-mce-fragment=\"1\">guide page</span></a><span data-mce-fragment=\"1\"> for more information and advice on getting the right amount.</span></p>\n<p>Overall packet size - 117mm x 90mm</p>\n<p><span>These Peel &amp; Seal packets have an additional 16mm lip to allow the fold over the top.</span></p>\n<p>Our confetti packets are glassine, crafted from a wood pulp. Therefore they are 100% recyclable and biodegradable, making them fully eco-friendly.</p>\n<p>Please note confetti is NOT included with this product. Simply choose your required confetti for the packets, whether<span> </span><a href=\"https://www.confettibee.co.uk/collections/natural-confetti\" data-mce-href=\"https://www.confettibee.co.uk/collections/natural-confetti\">natural confetti<span> </span></a>or<span> </span><a href=\"https://www.confettibee.co.uk/collections/biodegradable-paper-confetti\" data-mce-href=\"https://www.confettibee.co.uk/collections/biodegradable-paper-confetti\">paper confetti</a> and add to your order!</p>\n<p><em>Shown here with our Strawberry Dream Collection Confetti. </em></p>','Confetti Bee Packets','2024-04-18 09:49:07','2024-04-18 09:49:07'),(167,'confettibee-co-uk.myshopify.com',8234892820738,'Confetti Packets - Confetti Design 1','<p><span data-mce-fragment=\"1\">Fill with your chosen confetti to beautifully complement the colour and theme of your Wedding Day!</span> These Confetti Packets can not be personalised, they are sold as per the design shown.</p>\n<p>If you have a specific design in mind, please speak to us on Live Chat or email us on hello@confettibee.co.uk before ordering to ensure that we can meet your requirements.</p>\n<p><span data-mce-fragment=\"1\">Depending on petal size,1 litre of our confetti should fill up to 20 of the confetti packets</span>, giving your guests a handful to throw for that all important confetti shot! <span data-mce-fragment=\"1\" style=\"font-weight: 400;\" data-mce-style=\"font-weight: 400;\">Please see our<span> </span></span><a data-mce-fragment=\"1\" href=\"https://www.confettibee.co.uk/pages/how-many-litres-of-confetti-do-i-need-for-my-wedding\" data-mce-href=\"https://www.confettibee.co.uk/pages/how-many-litres-of-confetti-do-i-need-for-my-wedding\"><span data-mce-fragment=\"1\" style=\"font-weight: 400;\" data-mce-style=\"font-weight: 400;\">guide page</span></a><span data-mce-fragment=\"1\" style=\"font-weight: 400;\" data-mce-style=\"font-weight: 400;\"><span> </span>for more information and advice on getting the right amount!</span></p>\n<p>Overall packet size - 117mm x 90mm</p>\n<p><span>These Peel &amp; Seal packets have an additional 16mm lip to allow the fold over the top.</span></p>\n<p>Our confetti packets are glassine, crafted from a wood pulp. Therefore they are 100% recyclable and biodegradable, making them fully eco-friendly.</p>\n<p>Please note confetti is NOT included with this product. Simply choose your required confetti, whether<span> </span><a href=\"https://www.confettibee.co.uk/collections/natural-confetti\">natural confetti<span> </span></a>or<span> </span><a href=\"https://www.confettibee.co.uk/collections/biodegradable-paper-confetti\">paper confetti</a> and add to your order!</p>\n<p><span><em>Shown here with our Jasmine Rose Confetti Collection. </em></span></p>','Confetti Bee','2024-04-18 09:49:07','2024-04-18 09:49:07'),(168,'confettibee-co-uk.myshopify.com',8234916479234,'Confetti Packets - Confetti Design 10','<p><span data-mce-fragment=\"1\">Fill with your chosen confetti to beautifully complement the colour and theme of your Wedding Day!</span> These Confetti Packets can not be personalised, they are sold as per the design shown.</p>\n<p>If you have a specific design in mind, please speak to us on Live Chat or email us on hello@confettibee.co.uk before ordering to ensure that we can meet your requirements.</p>\n<p><span data-mce-fragment=\"1\">Depending on petal size,1 litre of our confetti should fill up to 20 of the confetti packets</span>, giving your guests a handful to throw for that all important confetti shot! <span data-mce-fragment=\"1\" style=\"font-weight: 400;\" data-mce-style=\"font-weight: 400;\">Please see our<span> </span></span><a data-mce-fragment=\"1\" href=\"https://www.confettibee.co.uk/pages/how-many-litres-of-confetti-do-i-need-for-my-wedding\" data-mce-href=\"https://www.confettibee.co.uk/pages/how-many-litres-of-confetti-do-i-need-for-my-wedding\"><span data-mce-fragment=\"1\" style=\"font-weight: 400;\" data-mce-style=\"font-weight: 400;\">guide page</span></a><span data-mce-fragment=\"1\" style=\"font-weight: 400;\" data-mce-style=\"font-weight: 400;\"><span> </span>for more information and advice on getting the right amount!</span></p>\n<p>Overall packet size - 117mm x 90mm</p>\n<p><span>These Peel &amp; Seal packets have an additional 16mm lip to allow the fold over the top.</span></p>\n<p>Our confetti packets are glassine, crafted from a wood pulp. Therefore they are 100% recyclable and biodegradable, making them fully eco-friendly.</p>\n<p>Please note confetti is NOT included with this product. Simply choose your required confetti, whether<span> </span><a href=\"https://www.confettibee.co.uk/collections/natural-confetti\">natural confetti<span> </span></a>or<span> </span><a href=\"https://www.confettibee.co.uk/collections/biodegradable-paper-confetti\">paper confetti</a> and add to your order!</p>\n<p><span><em>Shown here with our Jasmine Rose Confetti Collection. </em></span></p>','Confetti Bee','2024-04-18 09:49:07','2024-04-18 09:49:07'),(169,'confettibee-co-uk.myshopify.com',8234917396738,'Confetti Packets - Confetti Design 11','<p><span data-mce-fragment=\"1\">Fill with your chosen confetti to beautifully complement the colour and theme of your Wedding Day!</span> These Confetti Packets can not be personalised, they are sold as per the design shown.</p>\n<p>If you have a specific design in mind, please speak to us on Live Chat or email us on hello@confettibee.co.uk before ordering to ensure that we can meet your requirements.</p>\n<p><span data-mce-fragment=\"1\">Depending on petal size,1 litre of our confetti should fill up to 20 of the confetti packets</span>, giving your guests a handful to throw for that all important confetti shot! <span data-mce-fragment=\"1\" style=\"font-weight: 400;\" data-mce-style=\"font-weight: 400;\">Please see our<span> </span></span><a data-mce-fragment=\"1\" href=\"https://www.confettibee.co.uk/pages/how-many-litres-of-confetti-do-i-need-for-my-wedding\" data-mce-href=\"https://www.confettibee.co.uk/pages/how-many-litres-of-confetti-do-i-need-for-my-wedding\"><span data-mce-fragment=\"1\" style=\"font-weight: 400;\" data-mce-style=\"font-weight: 400;\">guide page</span></a><span data-mce-fragment=\"1\" style=\"font-weight: 400;\" data-mce-style=\"font-weight: 400;\"><span> </span>for more information and advice on getting the right amount!</span></p>\n<p>Overall packet size - 117mm x 90mm</p>\n<p><span>These Peel &amp; Seal packets have an additional 16mm lip to allow the fold over the top.</span></p>\n<p>Our confetti packets are glassine, crafted from a wood pulp. Therefore they are 100% recyclable and biodegradable, making them fully eco-friendly.</p>\n<p>Please note confetti is NOT included with this product. Simply choose your required confetti, whether<span> </span><a href=\"https://www.confettibee.co.uk/collections/natural-confetti\">natural confetti<span> </span></a>or<span> </span><a href=\"https://www.confettibee.co.uk/collections/biodegradable-paper-confetti\">paper confetti</a> and add to your order!</p>\n<p><span><em>Shown here with our Jasmine Rose Confetti Collection. </em></span></p>','Confetti Bee','2024-04-18 09:49:07','2024-04-18 09:49:07'),(170,'confettibee-co-uk.myshopify.com',8234917888258,'Confetti Packets - Confetti Design 12','<p><span data-mce-fragment=\"1\">Fill with your chosen confetti to beautifully complement the colour and theme of your Wedding Day!</span> These Confetti Packets can not be personalised, they are sold as per the design shown.</p>\n<p>If you have a specific design in mind, please speak to us on Live Chat or email us on hello@confettibee.co.uk before ordering to ensure that we can meet your requirements.</p>\n<p><span data-mce-fragment=\"1\">Depending on petal size,1 litre of our confetti should fill up to 20 of the confetti packets</span>, giving your guests a handful to throw for that all important confetti shot! <span data-mce-fragment=\"1\" style=\"font-weight: 400;\" data-mce-style=\"font-weight: 400;\">Please see our<span> </span></span><a data-mce-fragment=\"1\" href=\"https://www.confettibee.co.uk/pages/how-many-litres-of-confetti-do-i-need-for-my-wedding\" data-mce-href=\"https://www.confettibee.co.uk/pages/how-many-litres-of-confetti-do-i-need-for-my-wedding\"><span data-mce-fragment=\"1\" style=\"font-weight: 400;\" data-mce-style=\"font-weight: 400;\">guide page</span></a><span data-mce-fragment=\"1\" style=\"font-weight: 400;\" data-mce-style=\"font-weight: 400;\"><span> </span>for more information and advice on getting the right amount!</span></p>\n<p>Overall packet size - 117mm x 90mm</p>\n<p><span>These Peel &amp; Seal packets have an additional 16mm lip to allow the fold over the top.</span></p>\n<p>Our confetti packets are glassine, crafted from a wood pulp. Therefore they are 100% recyclable and biodegradable, making them fully eco-friendly.</p>\n<p>Please note confetti is NOT included with this product. Simply choose your required confetti, whether<span> </span><a href=\"https://www.confettibee.co.uk/collections/natural-confetti\">natural confetti<span> </span></a>or<span> </span><a href=\"https://www.confettibee.co.uk/collections/biodegradable-paper-confetti\">paper confetti</a> and add to your order!</p>\n<p><span><em>Shown here with our Jasmine Rose Confetti Collection. </em></span></p>','Confetti Bee','2024-04-18 09:49:07','2024-04-18 09:49:07'),(171,'confettibee-co-uk.myshopify.com',8234902749442,'Confetti Packets - Confetti Design 2','<p><span data-mce-fragment=\"1\">Fill with your chosen confetti to beautifully complement the colour and theme of your Wedding Day!</span> These Confetti Packets can not be personalised, they are sold as per the design shown.</p>\n<p>If you have a specific design in mind, please speak to us on Live Chat or email us on hello@confettibee.co.uk before ordering to ensure that we can meet your requirements.</p>\n<p><span data-mce-fragment=\"1\">Depending on petal size,1 litre of our confetti should fill up to 20 of the confetti packets</span>, giving your guests a handful to throw for that all important confetti shot! <span data-mce-fragment=\"1\" style=\"font-weight: 400;\" data-mce-style=\"font-weight: 400;\">Please see our<span> </span></span><a data-mce-fragment=\"1\" href=\"https://www.confettibee.co.uk/pages/how-many-litres-of-confetti-do-i-need-for-my-wedding\" data-mce-href=\"https://www.confettibee.co.uk/pages/how-many-litres-of-confetti-do-i-need-for-my-wedding\"><span data-mce-fragment=\"1\" style=\"font-weight: 400;\" data-mce-style=\"font-weight: 400;\">guide page</span></a><span data-mce-fragment=\"1\" style=\"font-weight: 400;\" data-mce-style=\"font-weight: 400;\"><span> </span>for more information and advice on getting the right amount!</span></p>\n<p>Overall packet size - 117mm x 90mm</p>\n<p><span>These Peel &amp; Seal packets have an additional 16mm lip to allow the fold over the top.</span></p>\n<p>Our confetti packets are glassine, crafted from a wood pulp. Therefore they are 100% recyclable and biodegradable, making them fully eco-friendly.</p>\n<p>Please note confetti is NOT included with this product. Simply choose your required confetti, whether<span> </span><a href=\"https://www.confettibee.co.uk/collections/natural-confetti\">natural confetti<span> </span></a>or<span> </span><a href=\"https://www.confettibee.co.uk/collections/biodegradable-paper-confetti\">paper confetti</a> and add to your order!</p>\n<p><span><em>Shown here with our Jasmine Rose Confetti Collection. </em></span></p>','Confetti Bee','2024-04-18 09:49:07','2024-04-18 09:49:07'),(172,'confettibee-co-uk.myshopify.com',8234904879362,'Confetti Packets - Confetti Design 3','<p><span data-mce-fragment=\"1\">Fill with your chosen confetti to beautifully complement the colour and theme of your Wedding Day!</span> These Confetti Packets can not be personalised, they are sold as per the design shown.</p>\n<p>If you have a specific design in mind, please speak to us on Live Chat or email us on hello@confettibee.co.uk before ordering to ensure that we can meet your requirements.</p>\n<p><span data-mce-fragment=\"1\">Depending on petal size,1 litre of our confetti should fill up to 20 of the confetti packets</span>, giving your guests a handful to throw for that all important confetti shot! <span data-mce-fragment=\"1\" style=\"font-weight: 400;\" data-mce-style=\"font-weight: 400;\">Please see our<span> </span></span><a data-mce-fragment=\"1\" href=\"https://www.confettibee.co.uk/pages/how-many-litres-of-confetti-do-i-need-for-my-wedding\" data-mce-href=\"https://www.confettibee.co.uk/pages/how-many-litres-of-confetti-do-i-need-for-my-wedding\"><span data-mce-fragment=\"1\" style=\"font-weight: 400;\" data-mce-style=\"font-weight: 400;\">guide page</span></a><span data-mce-fragment=\"1\" style=\"font-weight: 400;\" data-mce-style=\"font-weight: 400;\"><span> </span>for more information and advice on getting the right amount!</span></p>\n<p>Overall packet size - 117mm x 90mm</p>\n<p><span>These Peel &amp; Seal packets have an additional 16mm lip to allow the fold over the top.</span></p>\n<p>Our confetti packets are glassine, crafted from a wood pulp. Therefore they are 100% recyclable and biodegradable, making them fully eco-friendly.</p>\n<p>Please note confetti is NOT included with this product. Simply choose your required confetti, whether<span> </span><a href=\"https://www.confettibee.co.uk/collections/natural-confetti\">natural confetti<span> </span></a>or<span> </span><a href=\"https://www.confettibee.co.uk/collections/biodegradable-paper-confetti\">paper confetti</a> and add to your order!</p>\n<p><span><em>Shown here with our Jasmine Rose Confetti Collection. </em></span></p>','Confetti Bee','2024-04-18 09:49:07','2024-04-18 09:49:07'),(173,'confettibee-co-uk.myshopify.com',8234906190082,'Confetti Packets - Confetti Design 4','<p><span data-mce-fragment=\"1\">Fill with your chosen confetti to beautifully complement the colour and theme of your Wedding Day!</span> These Confetti Packets can not be personalised, they are sold as per the design shown.</p>\n<p>If you have a specific design in mind, please speak to us on Live Chat or email us on hello@confettibee.co.uk before ordering to ensure that we can meet your requirements.</p>\n<p><span data-mce-fragment=\"1\">Depending on petal size,1 litre of our confetti should fill up to 20 of the confetti packets</span>, giving your guests a handful to throw for that all important confetti shot! <span data-mce-fragment=\"1\" style=\"font-weight: 400;\" data-mce-style=\"font-weight: 400;\">Please see our<span> </span></span><a data-mce-fragment=\"1\" href=\"https://www.confettibee.co.uk/pages/how-many-litres-of-confetti-do-i-need-for-my-wedding\" data-mce-href=\"https://www.confettibee.co.uk/pages/how-many-litres-of-confetti-do-i-need-for-my-wedding\"><span data-mce-fragment=\"1\" style=\"font-weight: 400;\" data-mce-style=\"font-weight: 400;\">guide page</span></a><span data-mce-fragment=\"1\" style=\"font-weight: 400;\" data-mce-style=\"font-weight: 400;\"><span> </span>for more information and advice on getting the right amount!</span></p>\n<p>Overall packet size - 117mm x 90mm</p>\n<p><span>These Peel &amp; Seal packets have an additional 16mm lip to allow the fold over the top.</span></p>\n<p>Our confetti packets are glassine, crafted from a wood pulp. Therefore they are 100% recyclable and biodegradable, making them fully eco-friendly.</p>\n<p>Please note confetti is NOT included with this product. Simply choose your required confetti, whether<span> </span><a href=\"https://www.confettibee.co.uk/collections/natural-confetti\">natural confetti<span> </span></a>or<span> </span><a href=\"https://www.confettibee.co.uk/collections/biodegradable-paper-confetti\">paper confetti</a> and add to your order!</p>\n<p><span><em>Shown here with our Jasmine Rose Confetti Collection. </em></span></p>','Confetti Bee','2024-04-18 09:49:07','2024-04-18 09:49:07'),(174,'confettibee-co-uk.myshopify.com',8234907402498,'Confetti Packets - Confetti Design 5','<p><span data-mce-fragment=\"1\">Fill with your chosen confetti to beautifully complement the colour and theme of your Wedding Day!</span> These Confetti Packets can not be personalised, they are sold as per the design shown.</p>\n<p>If you have a specific design in mind, please speak to us on Live Chat or email us on hello@confettibee.co.uk before ordering to ensure that we can meet your requirements.</p>\n<p><span data-mce-fragment=\"1\">Depending on petal size,1 litre of our confetti should fill up to 20 of the confetti packets</span>, giving your guests a handful to throw for that all important confetti shot! <span data-mce-fragment=\"1\" style=\"font-weight: 400;\" data-mce-style=\"font-weight: 400;\">Please see our<span> </span></span><a data-mce-fragment=\"1\" href=\"https://www.confettibee.co.uk/pages/how-many-litres-of-confetti-do-i-need-for-my-wedding\" data-mce-href=\"https://www.confettibee.co.uk/pages/how-many-litres-of-confetti-do-i-need-for-my-wedding\"><span data-mce-fragment=\"1\" style=\"font-weight: 400;\" data-mce-style=\"font-weight: 400;\">guide page</span></a><span data-mce-fragment=\"1\" style=\"font-weight: 400;\" data-mce-style=\"font-weight: 400;\"><span> </span>for more information and advice on getting the right amount!</span></p>\n<p>Overall packet size - 117mm x 90mm</p>\n<p><span>These Peel &amp; Seal packets have an additional 16mm lip to allow the fold over the top.</span></p>\n<p>Our confetti packets are glassine, crafted from a wood pulp. Therefore they are 100% recyclable and biodegradable, making them fully eco-friendly.</p>\n<p>Please note confetti is NOT included with this product. Simply choose your required confetti, whether<span> </span><a href=\"https://www.confettibee.co.uk/collections/natural-confetti\">natural confetti<span> </span></a>or<span> </span><a href=\"https://www.confettibee.co.uk/collections/biodegradable-paper-confetti\">paper confetti</a> and add to your order!</p>\n<p><span><em>Shown here with our Jasmine Rose Confetti Collection. </em></span></p>','Confetti Bee','2024-04-18 09:49:07','2024-04-18 09:49:07'),(175,'confettibee-co-uk.myshopify.com',8234911432962,'Confetti Packets - Confetti Design 6','<p><span data-mce-fragment=\"1\">Fill with your chosen confetti to beautifully complement the colour and theme of your Wedding Day!</span> These Confetti Packets can not be personalised, they are sold as per the design shown.</p>\n<p>If you have a specific design in mind, please speak to us on Live Chat or email us on hello@confettibee.co.uk before ordering to ensure that we can meet your requirements.</p>\n<p><span data-mce-fragment=\"1\">Depending on petal size,1 litre of our confetti should fill up to 20 of the confetti packets</span>, giving your guests a handful to throw for that all important confetti shot! <span data-mce-fragment=\"1\" style=\"font-weight: 400;\" data-mce-style=\"font-weight: 400;\">Please see our<span> </span></span><a data-mce-fragment=\"1\" href=\"https://www.confettibee.co.uk/pages/how-many-litres-of-confetti-do-i-need-for-my-wedding\" data-mce-href=\"https://www.confettibee.co.uk/pages/how-many-litres-of-confetti-do-i-need-for-my-wedding\"><span data-mce-fragment=\"1\" style=\"font-weight: 400;\" data-mce-style=\"font-weight: 400;\">guide page</span></a><span data-mce-fragment=\"1\" style=\"font-weight: 400;\" data-mce-style=\"font-weight: 400;\"><span> </span>for more information and advice on getting the right amount!</span></p>\n<p>Overall packet size - 117mm x 90mm</p>\n<p><span>These Peel &amp; Seal packets have an additional 16mm lip to allow the fold over the top.</span></p>\n<p>Our confetti packets are glassine, crafted from a wood pulp. Therefore they are 100% recyclable and biodegradable, making them fully eco-friendly.</p>\n<p>Please note confetti is NOT included with this product. Simply choose your required confetti, whether<span> </span><a href=\"https://www.confettibee.co.uk/collections/natural-confetti\">natural confetti<span> </span></a>or<span> </span><a href=\"https://www.confettibee.co.uk/collections/biodegradable-paper-confetti\">paper confetti</a> and add to your order!</p>\n<p><span><em>Shown here with our Jasmine Rose Confetti Collection. </em></span></p>','Confetti Bee','2024-04-18 09:49:07','2024-04-18 09:49:07'),(176,'confettibee-co-uk.myshopify.com',8234912579842,'Confetti Packets - Confetti Design 7','<p><span data-mce-fragment=\"1\">Fill with your chosen confetti to beautifully complement the colour and theme of your Wedding Day!</span> These Confetti Packets can not be personalised, they are sold as per the design shown.</p>\n<p>If you have a specific design in mind, please speak to us on Live Chat or email us on hello@confettibee.co.uk before ordering to ensure that we can meet your requirements.</p>\n<p><span data-mce-fragment=\"1\">Depending on petal size,1 litre of our confetti should fill up to 20 of the confetti packets</span>, giving your guests a handful to throw for that all important confetti shot! <span data-mce-fragment=\"1\" style=\"font-weight: 400;\" data-mce-style=\"font-weight: 400;\">Please see our<span> </span></span><a data-mce-fragment=\"1\" href=\"https://www.confettibee.co.uk/pages/how-many-litres-of-confetti-do-i-need-for-my-wedding\" data-mce-href=\"https://www.confettibee.co.uk/pages/how-many-litres-of-confetti-do-i-need-for-my-wedding\"><span data-mce-fragment=\"1\" style=\"font-weight: 400;\" data-mce-style=\"font-weight: 400;\">guide page</span></a><span data-mce-fragment=\"1\" style=\"font-weight: 400;\" data-mce-style=\"font-weight: 400;\"><span> </span>for more information and advice on getting the right amount!</span></p>\n<p>Overall packet size - 117mm x 90mm</p>\n<p><span>These Peel &amp; Seal packets have an additional 16mm lip to allow the fold over the top.</span></p>\n<p>Our confetti packets are glassine, crafted from a wood pulp. Therefore they are 100% recyclable and biodegradable, making them fully eco-friendly.</p>\n<p>Please note confetti is NOT included with this product. Simply choose your required confetti, whether<span> </span><a href=\"https://www.confettibee.co.uk/collections/natural-confetti\">natural confetti<span> </span></a>or<span> </span><a href=\"https://www.confettibee.co.uk/collections/biodegradable-paper-confetti\">paper confetti</a> and add to your order!</p>\n<p><span><em>Shown here with our Jasmine Rose Confetti Collection. </em></span></p>','Confetti Bee','2024-04-18 09:49:07','2024-04-18 09:49:07'),(177,'confettibee-co-uk.myshopify.com',8234914939138,'Confetti Packets - Confetti Design 8','<p><span data-mce-fragment=\"1\">Fill with your chosen confetti to beautifully complement the colour and theme of your Wedding Day!</span> These Confetti Packets can not be personalised, they are sold as per the design shown.</p>\n<p>If you have a specific design in mind, please speak to us on Live Chat or email us on hello@confettibee.co.uk before ordering to ensure that we can meet your requirements.</p>\n<p><span data-mce-fragment=\"1\">Depending on petal size,1 litre of our confetti should fill up to 20 of the confetti packets</span>, giving your guests a handful to throw for that all important confetti shot! <span data-mce-fragment=\"1\" style=\"font-weight: 400;\" data-mce-style=\"font-weight: 400;\">Please see our<span> </span></span><a data-mce-fragment=\"1\" href=\"https://www.confettibee.co.uk/pages/how-many-litres-of-confetti-do-i-need-for-my-wedding\" data-mce-href=\"https://www.confettibee.co.uk/pages/how-many-litres-of-confetti-do-i-need-for-my-wedding\"><span data-mce-fragment=\"1\" style=\"font-weight: 400;\" data-mce-style=\"font-weight: 400;\">guide page</span></a><span data-mce-fragment=\"1\" style=\"font-weight: 400;\" data-mce-style=\"font-weight: 400;\"><span> </span>for more information and advice on getting the right amount!</span></p>\n<p>Overall packet size - 117mm x 90mm</p>\n<p><span>These Peel &amp; Seal packets have an additional 16mm lip to allow the fold over the top.</span></p>\n<p>Our confetti packets are glassine, crafted from a wood pulp. Therefore they are 100% recyclable and biodegradable, making them fully eco-friendly.</p>\n<p>Please note confetti is NOT included with this product. Simply choose your required confetti, whether<span> </span><a href=\"https://www.confettibee.co.uk/collections/natural-confetti\">natural confetti<span> </span></a>or<span> </span><a href=\"https://www.confettibee.co.uk/collections/biodegradable-paper-confetti\">paper confetti</a> and add to your order!</p>\n<p><span><em>Shown here with our Jasmine Rose Confetti Collection. </em></span></p>','Confetti Bee','2024-04-18 09:49:07','2024-04-18 09:49:07'),(178,'confettibee-co-uk.myshopify.com',8234916086018,'Confetti Packets - Confetti Design 9','<p><span data-mce-fragment=\"1\">Fill with your chosen confetti to beautifully complement the colour and theme of your Wedding Day!</span> These Confetti Packets can not be personalised, they are sold as per the design shown.</p>\n<p>If you have a specific design in mind, please speak to us on Live Chat or email us on hello@confettibee.co.uk before ordering to ensure that we can meet your requirements.</p>\n<p><span data-mce-fragment=\"1\">Depending on petal size,1 litre of our confetti should fill up to 20 of the confetti packets</span>, giving your guests a handful to throw for that all important confetti shot! <span data-mce-fragment=\"1\" style=\"font-weight: 400;\" data-mce-style=\"font-weight: 400;\">Please see our<span> </span></span><a data-mce-fragment=\"1\" href=\"https://www.confettibee.co.uk/pages/how-many-litres-of-confetti-do-i-need-for-my-wedding\" data-mce-href=\"https://www.confettibee.co.uk/pages/how-many-litres-of-confetti-do-i-need-for-my-wedding\"><span data-mce-fragment=\"1\" style=\"font-weight: 400;\" data-mce-style=\"font-weight: 400;\">guide page</span></a><span data-mce-fragment=\"1\" style=\"font-weight: 400;\" data-mce-style=\"font-weight: 400;\"><span> </span>for more information and advice on getting the right amount!</span></p>\n<p>Overall packet size - 117mm x 90mm</p>\n<p><span>These Peel &amp; Seal packets have an additional 16mm lip to allow the fold over the top.</span></p>\n<p>Our confetti packets are glassine, crafted from a wood pulp. Therefore they are 100% recyclable and biodegradable, making them fully eco-friendly.</p>\n<p>Please note confetti is NOT included with this product. Simply choose your required confetti, whether<span> </span><a href=\"https://www.confettibee.co.uk/collections/natural-confetti\">natural confetti<span> </span></a>or<span> </span><a href=\"https://www.confettibee.co.uk/collections/biodegradable-paper-confetti\">paper confetti</a> and add to your order!</p>\n<p><span><em>Shown here with our Jasmine Rose Confetti Collection. </em></span></p>','Confetti Bee','2024-04-18 09:49:07','2024-04-18 09:49:07'),(179,'confettibee-co-uk.myshopify.com',7951188820226,'Confetti Packets - Elegant Design 1','<p>Personalise your confetti packets with your names &amp; wedding date then fill with your chosen confetti<span> to </span><span data-mce-fragment=\"1\">beautifully complement the colour and theme of your Wedding Day!</span></p>\n<p>Depending on petal size,1 litre of our confetti should fill up to 20 of the confetti packets, giving your guests a handful to throw for that all important confetti shot! <span data-mce-fragment=\"1\">Please see our </span><a href=\"https://www.confettibee.co.uk/pages/how-many-litres-of-confetti-do-i-need-for-my-wedding\" data-mce-href=\"https://www.confettibee.co.uk/pages/how-many-litres-of-confetti-do-i-need-for-my-wedding\" data-mce-fragment=\"1\"><span data-mce-fragment=\"1\">guide page</span></a><span data-mce-fragment=\"1\"> for more information and advice on getting the right amount.</span></p>\n<p>Overall packet size - 117mm x 90mm</p>\n<p><span>These Peel &amp; Seal packets have an additional 16mm lip to allow the fold over the top.</span></p>\n<p>Our confetti packets are glassine, crafted from a wood pulp. Therefore they are 100% recyclable and biodegradable, making them fully eco-friendly.</p>\n<p>Please note confetti is NOT included with this product. Simply choose your required confetti for the packets, whether<span> </span><a href=\"https://www.confettibee.co.uk/collections/natural-confetti\" data-mce-href=\"https://www.confettibee.co.uk/collections/natural-confetti\">natural confetti<span> </span></a>or<span> </span><a href=\"https://www.confettibee.co.uk/collections/biodegradable-paper-confetti\" data-mce-href=\"https://www.confettibee.co.uk/collections/biodegradable-paper-confetti\">paper confetti</a> and add to your order!</p>\n<p><em>Shown here with our Strawberry Dream Collection Confetti. </em></p>','Confetti Bee Packets','2024-04-18 09:49:07','2024-04-18 09:49:07'),(180,'confettibee-co-uk.myshopify.com',7951197274370,'Confetti Packets - Elegant Design 10','<p>Personalise your confetti packets with your names &amp; wedding date then fill with your chosen confetti<span> to </span><span data-mce-fragment=\"1\">beautifully complement the colour and theme of your Wedding Day!</span></p>\n<p>Depending on petal size,1 litre of our confetti should fill up to 20 of the confetti packets, giving your guests a handful to throw for that all important confetti shot! <span data-mce-fragment=\"1\">Please see our </span><a href=\"https://www.confettibee.co.uk/pages/how-many-litres-of-confetti-do-i-need-for-my-wedding\" data-mce-href=\"https://www.confettibee.co.uk/pages/how-many-litres-of-confetti-do-i-need-for-my-wedding\" data-mce-fragment=\"1\"><span data-mce-fragment=\"1\">guide page</span></a><span data-mce-fragment=\"1\"> for more information and advice on getting the right amount.</span></p>\n<p>Overall packet size - 117mm x 90mm</p>\n<p><span>These Peel &amp; Seal packets have an additional 16mm lip to allow the fold over the top.</span></p>\n<p>Our confetti packets are glassine, crafted from a wood pulp. Therefore they are 100% recyclable and biodegradable, making them fully eco-friendly.</p>\n<p>Please note confetti is NOT included with this product. Simply choose your required confetti for the packets, whether<span> </span><a href=\"https://www.confettibee.co.uk/collections/natural-confetti\" data-mce-href=\"https://www.confettibee.co.uk/collections/natural-confetti\">natural confetti<span> </span></a>or<span> </span><a href=\"https://www.confettibee.co.uk/collections/biodegradable-paper-confetti\" data-mce-href=\"https://www.confettibee.co.uk/collections/biodegradable-paper-confetti\">paper confetti</a> and add to your order!</p>\n<p><em>Shown here with our Strawberry Dream Collection Confetti. </em></p>','Confetti Bee Packets','2024-04-18 09:49:07','2024-04-18 09:49:07'),(181,'confettibee-co-uk.myshopify.com',7951193833730,'Confetti Packets - Elegant Design 2','<p>Personalise your confetti packets with your names &amp; wedding date then fill with your chosen confetti<span> to </span><span data-mce-fragment=\"1\">beautifully complement the colour and theme of your Wedding Day!</span></p>\n<p>Depending on petal size,1 litre of our confetti should fill up to 20 of the confetti packets, giving your guests a handful to throw for that all important confetti shot! <span data-mce-fragment=\"1\">Please see our </span><a href=\"https://www.confettibee.co.uk/pages/how-many-litres-of-confetti-do-i-need-for-my-wedding\" data-mce-href=\"https://www.confettibee.co.uk/pages/how-many-litres-of-confetti-do-i-need-for-my-wedding\" data-mce-fragment=\"1\"><span data-mce-fragment=\"1\">guide page</span></a><span data-mce-fragment=\"1\"> for more information and advice on getting the right amount.</span></p>\n<p>Overall packet size - 117mm x 90mm</p>\n<p><span>These Peel &amp; Seal packets have an additional 16mm lip to allow the fold over the top.</span></p>\n<p>Our confetti packets are glassine, crafted from a wood pulp. Therefore they are 100% recyclable and biodegradable, making them fully eco-friendly.</p>\n<p>Please note confetti is NOT included with this product. Simply choose your required confetti for the packets, whether<span> </span><a href=\"https://www.confettibee.co.uk/collections/natural-confetti\" data-mce-href=\"https://www.confettibee.co.uk/collections/natural-confetti\">natural confetti<span> </span></a>or<span> </span><a href=\"https://www.confettibee.co.uk/collections/biodegradable-paper-confetti\" data-mce-href=\"https://www.confettibee.co.uk/collections/biodegradable-paper-confetti\">paper confetti</a> and add to your order!</p>\n<p><em>Shown here with our Strawberry Dream Collection Confetti. </em></p>','Confetti Bee Packets','2024-04-18 09:49:07','2024-04-18 09:49:07'),(182,'confettibee-co-uk.myshopify.com',7951194161410,'Confetti Packets - Elegant Design 3','<p>Personalise your confetti packets with your names &amp; wedding date then fill with your chosen confetti<span> to </span><span data-mce-fragment=\"1\">beautifully complement the colour and theme of your Wedding Day!</span></p>\n<p>Depending on petal size,1 litre of our confetti should fill up to 20 of the confetti packets, giving your guests a handful to throw for that all important confetti shot! <span data-mce-fragment=\"1\">Please see our </span><a href=\"https://www.confettibee.co.uk/pages/how-many-litres-of-confetti-do-i-need-for-my-wedding\" data-mce-href=\"https://www.confettibee.co.uk/pages/how-many-litres-of-confetti-do-i-need-for-my-wedding\" data-mce-fragment=\"1\"><span data-mce-fragment=\"1\">guide page</span></a><span data-mce-fragment=\"1\"> for more information and advice on getting the right amount.</span></p>\n<p>Overall packet size - 117mm x 90mm</p>\n<p><span>These Peel &amp; Seal packets have an additional 16mm lip to allow the fold over the top.</span></p>\n<p>Our confetti packets are glassine, crafted from a wood pulp. Therefore they are 100% recyclable and biodegradable, making them fully eco-friendly.</p>\n<p>Please note confetti is NOT included with this product. Simply choose your required confetti for the packets, whether<span> </span><a href=\"https://www.confettibee.co.uk/collections/natural-confetti\" data-mce-href=\"https://www.confettibee.co.uk/collections/natural-confetti\">natural confetti<span> </span></a>or<span> </span><a href=\"https://www.confettibee.co.uk/collections/biodegradable-paper-confetti\" data-mce-href=\"https://www.confettibee.co.uk/collections/biodegradable-paper-confetti\">paper confetti</a> and add to your order!</p>\n<p><em>Shown here with our Strawberry Dream Collection Confetti. </em></p>','Confetti Bee Packets','2024-04-18 09:49:07','2024-04-18 09:49:07'),(183,'confettibee-co-uk.myshopify.com',7951194554626,'Confetti Packets - Elegant Design 4','<p>Personalise your confetti packets with your names &amp; wedding date then fill with your chosen confetti<span> to </span><span data-mce-fragment=\"1\">beautifully complement the colour and theme of your Wedding Day!</span></p>\n<p>Depending on petal size,1 litre of our confetti should fill up to 20 of the confetti packets, giving your guests a handful to throw for that all important confetti shot! <span data-mce-fragment=\"1\">Please see our </span><a href=\"https://www.confettibee.co.uk/pages/how-many-litres-of-confetti-do-i-need-for-my-wedding\" data-mce-href=\"https://www.confettibee.co.uk/pages/how-many-litres-of-confetti-do-i-need-for-my-wedding\" data-mce-fragment=\"1\"><span data-mce-fragment=\"1\">guide page</span></a><span data-mce-fragment=\"1\"> for more information and advice on getting the right amount.</span></p>\n<p>Overall packet size - 117mm x 90mm</p>\n<p><span>These Peel &amp; Seal packets have an additional 16mm lip to allow the fold over the top.</span></p>\n<p>Our confetti packets are glassine, crafted from a wood pulp. Therefore they are 100% recyclable and biodegradable, making them fully eco-friendly.</p>\n<p>Please note confetti is NOT included with this product. Simply choose your required confetti for the packets, whether<span> </span><a href=\"https://www.confettibee.co.uk/collections/natural-confetti\" data-mce-href=\"https://www.confettibee.co.uk/collections/natural-confetti\">natural confetti<span> </span></a>or<span> </span><a href=\"https://www.confettibee.co.uk/collections/biodegradable-paper-confetti\" data-mce-href=\"https://www.confettibee.co.uk/collections/biodegradable-paper-confetti\">paper confetti</a> and add to your order!</p>\n<p><em>Shown here with our Strawberry Dream Collection Confetti. </em></p>','Confetti Bee Packets','2024-04-18 09:49:07','2024-04-18 09:49:07'),(184,'confettibee-co-uk.myshopify.com',7951195046146,'Confetti Packets - Elegant Design 5','<p>Personalise your confetti packets with your names &amp; wedding date then fill with your chosen confetti<span> to </span><span data-mce-fragment=\"1\">beautifully complement the colour and theme of your Wedding Day!</span></p>\n<p>Depending on petal size,1 litre of our confetti should fill up to 20 of the confetti packets, giving your guests a handful to throw for that all important confetti shot! <span data-mce-fragment=\"1\">Please see our </span><a href=\"https://www.confettibee.co.uk/pages/how-many-litres-of-confetti-do-i-need-for-my-wedding\" data-mce-href=\"https://www.confettibee.co.uk/pages/how-many-litres-of-confetti-do-i-need-for-my-wedding\" data-mce-fragment=\"1\"><span data-mce-fragment=\"1\">guide page</span></a><span data-mce-fragment=\"1\"> for more information and advice on getting the right amount.</span></p>\n<p>Overall packet size - 117mm x 90mm</p>\n<p><span>These Peel &amp; Seal packets have an additional 16mm lip to allow the fold over the top.</span></p>\n<p>Our confetti packets are glassine, crafted from a wood pulp. Therefore they are 100% recyclable and biodegradable, making them fully eco-friendly.</p>\n<p>Please note confetti is NOT included with this product. Simply choose your required confetti for the packets, whether<span> </span><a href=\"https://www.confettibee.co.uk/collections/natural-confetti\" data-mce-href=\"https://www.confettibee.co.uk/collections/natural-confetti\">natural confetti<span> </span></a>or<span> </span><a href=\"https://www.confettibee.co.uk/collections/biodegradable-paper-confetti\" data-mce-href=\"https://www.confettibee.co.uk/collections/biodegradable-paper-confetti\">paper confetti</a> and add to your order!</p>\n<p data-mce-fragment=\"1\"><em data-mce-fragment=\"1\">Shown here with our Strawberry Dream Collection Confetti. </em></p>','Confetti Bee Packets','2024-04-18 09:49:07','2024-04-18 09:49:07'),(185,'confettibee-co-uk.myshopify.com',7951195767042,'Confetti Packets - Elegant Design 6','<p>Personalise your confetti packets with your names &amp; wedding date then fill with your chosen confetti<span> to </span><span data-mce-fragment=\"1\">beautifully complement the colour and theme of your Wedding Day!</span></p>\n<p>Depending on petal size,1 litre of our confetti should fill up to 20 of the confetti packets, giving your guests a handful to throw for that all important confetti shot! <span data-mce-fragment=\"1\">Please see our </span><a href=\"https://www.confettibee.co.uk/pages/how-many-litres-of-confetti-do-i-need-for-my-wedding\" data-mce-href=\"https://www.confettibee.co.uk/pages/how-many-litres-of-confetti-do-i-need-for-my-wedding\" data-mce-fragment=\"1\"><span data-mce-fragment=\"1\">guide page</span></a><span data-mce-fragment=\"1\"> for more information and advice on getting the right amount.</span></p>\n<p>Overall packet size - 117mm x 90mm</p>\n<p><span>These Peel &amp; Seal packets have an additional 16mm lip to allow the fold over the top.</span></p>\n<p>Our confetti packets are glassine, crafted from a wood pulp. Therefore they are 100% recyclable and biodegradable, making them fully eco-friendly.</p>\n<p>Please note confetti is NOT included with this product. Simply choose your required confetti for the packets, whether<span> </span><a href=\"https://www.confettibee.co.uk/collections/natural-confetti\" data-mce-href=\"https://www.confettibee.co.uk/collections/natural-confetti\">natural confetti<span> </span></a>or<span> </span><a href=\"https://www.confettibee.co.uk/collections/biodegradable-paper-confetti\" data-mce-href=\"https://www.confettibee.co.uk/collections/biodegradable-paper-confetti\">paper confetti</a> and add to your order!</p>\n<p data-mce-fragment=\"1\"><em data-mce-fragment=\"1\">Shown here with our Strawberry Dream Collection Confetti. </em></p>','Confetti Bee Packets','2024-04-18 09:49:07','2024-04-18 09:49:07'),(186,'confettibee-co-uk.myshopify.com',7951196193026,'Confetti Packets - Elegant Design 7','<p>Personalise your confetti packets with your names &amp; wedding date then fill with your chosen confetti<span> to </span><span data-mce-fragment=\"1\">beautifully complement the colour and theme of your Wedding Day!</span></p>\n<p>Depending on petal size,1 litre of our confetti should fill up to 20 of the confetti packets, giving your guests a handful to throw for that all important confetti shot! <span data-mce-fragment=\"1\">Please see our </span><a href=\"https://www.confettibee.co.uk/pages/how-many-litres-of-confetti-do-i-need-for-my-wedding\" data-mce-href=\"https://www.confettibee.co.uk/pages/how-many-litres-of-confetti-do-i-need-for-my-wedding\" data-mce-fragment=\"1\"><span data-mce-fragment=\"1\">guide page</span></a><span data-mce-fragment=\"1\"> for more information and advice on getting the right amount.</span></p>\n<p>Overall packet size - 117mm x 90mm</p>\n<p><span>These Peel &amp; Seal packets have an additional 16mm lip to allow the fold over the top.</span></p>\n<p>Our confetti packets are glassine, crafted from a wood pulp. Therefore they are 100% recyclable and biodegradable, making them fully eco-friendly.</p>\n<p>Please note confetti is NOT included with this product. Simply choose your required confetti for the packets, whether<span> </span><a href=\"https://www.confettibee.co.uk/collections/natural-confetti\" data-mce-href=\"https://www.confettibee.co.uk/collections/natural-confetti\">natural confetti<span> </span></a>or<span> </span><a href=\"https://www.confettibee.co.uk/collections/biodegradable-paper-confetti\" data-mce-href=\"https://www.confettibee.co.uk/collections/biodegradable-paper-confetti\">paper confetti</a> and add to your order!</p>\n<p data-mce-fragment=\"1\"><em data-mce-fragment=\"1\">Shown here with our Strawberry Dream Collection Confetti. </em></p>','Confetti Bee Packets','2024-04-18 09:49:07','2024-04-18 09:49:07'),(187,'confettibee-co-uk.myshopify.com',7951196553474,'Confetti Packets - Elegant Design 8','<p>Personalise your confetti packets with your names &amp; wedding date then fill with your chosen confetti<span> to </span><span data-mce-fragment=\"1\">beautifully complement the colour and theme of your Wedding Day!</span></p>\n<p>Depending on petal size,1 litre of our confetti should fill up to 20 of the confetti packets, giving your guests a handful to throw for that all important confetti shot! <span data-mce-fragment=\"1\">Please see our </span><a href=\"https://www.confettibee.co.uk/pages/how-many-litres-of-confetti-do-i-need-for-my-wedding\" data-mce-href=\"https://www.confettibee.co.uk/pages/how-many-litres-of-confetti-do-i-need-for-my-wedding\" data-mce-fragment=\"1\"><span data-mce-fragment=\"1\">guide page</span></a><span data-mce-fragment=\"1\"> for more information and advice on getting the right amount.</span></p>\n<p>Overall packet size - 117mm x 90mm</p>\n<p><span>These Peel &amp; Seal packets have an additional 16mm lip to allow the fold over the top.</span></p>\n<p>Our confetti packets are glassine, crafted from a wood pulp. Therefore they are 100% recyclable and biodegradable, making them fully eco-friendly.</p>\n<p>Please note confetti is NOT included with this product. Simply choose your required confetti for the packets, whether<span> </span><a href=\"https://www.confettibee.co.uk/collections/natural-confetti\" data-mce-href=\"https://www.confettibee.co.uk/collections/natural-confetti\">natural confetti<span> </span></a>or<span> </span><a href=\"https://www.confettibee.co.uk/collections/biodegradable-paper-confetti\" data-mce-href=\"https://www.confettibee.co.uk/collections/biodegradable-paper-confetti\">paper confetti</a> and add to your order!</p>\n<p data-mce-fragment=\"1\"><em data-mce-fragment=\"1\">Shown here with our Strawberry Dream Collection Confetti. </em></p>','Confetti Bee Packets','2024-04-18 09:49:07','2024-04-18 09:49:07'),(188,'confettibee-co-uk.myshopify.com',7951196815618,'Confetti Packets - Elegant Design 9','<p>Personalise your confetti packets with your names &amp; wedding date then fill with your chosen confetti<span> to </span><span data-mce-fragment=\"1\">beautifully complement the colour and theme of your Wedding Day!</span></p>\n<p>Depending on petal size,1 litre of our confetti should fill up to 20 of the confetti packets, giving your guests a handful to throw for that all important confetti shot! <span data-mce-fragment=\"1\">Please see our </span><a href=\"https://www.confettibee.co.uk/pages/how-many-litres-of-confetti-do-i-need-for-my-wedding\" data-mce-href=\"https://www.confettibee.co.uk/pages/how-many-litres-of-confetti-do-i-need-for-my-wedding\" data-mce-fragment=\"1\"><span data-mce-fragment=\"1\">guide page</span></a><span data-mce-fragment=\"1\"> for more information and advice on getting the right amount.</span></p>\n<p>Overall packet size - 117mm x 90mm</p>\n<p><span>These Peel &amp; Seal packets have an additional 16mm lip to allow the fold over the top.</span></p>\n<p>Our confetti packets are glassine, crafted from a wood pulp. Therefore they are 100% recyclable and biodegradable, making them fully eco-friendly.</p>\n<p>Please note confetti is NOT included with this product. Simply choose your required confetti for the packets, whether<span> </span><a href=\"https://www.confettibee.co.uk/collections/natural-confetti\" data-mce-href=\"https://www.confettibee.co.uk/collections/natural-confetti\">natural confetti<span> </span></a>or<span> </span><a href=\"https://www.confettibee.co.uk/collections/biodegradable-paper-confetti\" data-mce-href=\"https://www.confettibee.co.uk/collections/biodegradable-paper-confetti\">paper confetti</a> and add to your order!</p>\n<p data-mce-fragment=\"1\"><em data-mce-fragment=\"1\">Shown here with our Strawberry Dream Collection Confetti. </em></p>','Confetti Bee Packets','2024-04-18 09:49:07','2024-04-18 09:49:07'),(189,'confettibee-co-uk.myshopify.com',7911885963522,'Confetti Packets - Eucalyptus Blue Design 1','<p>Personalise your confetti packets with your names &amp; wedding date then fill with your chosen confetti<span> to </span><span data-mce-fragment=\"1\">beautifully complement the colour and theme of your Wedding Day!</span></p>\n<p>Depending on petal size,1 litre of our confetti should fill up to 20 of the confetti packets, giving your guests a handful to throw for that all important confetti shot! <span data-mce-fragment=\"1\">Please see our </span><a href=\"https://www.confettibee.co.uk/pages/how-many-litres-of-confetti-do-i-need-for-my-wedding\" data-mce-href=\"https://www.confettibee.co.uk/pages/how-many-litres-of-confetti-do-i-need-for-my-wedding\" data-mce-fragment=\"1\"><span data-mce-fragment=\"1\">guide page</span></a><span data-mce-fragment=\"1\"> for more information and advice on getting the right amount.</span></p>\n<p>Overall packet size - 117mm x 90mm</p>\n<p><span>These Peel &amp; Seal packets have an additional 16mm lip to allow the fold over the top.</span></p>\n<p>Our confetti packets are glassine, crafted from a wood pulp. Therefore they are 100% recyclable and biodegradable, making them fully eco-friendly.</p>\n<p>Please note confetti is NOT included with this product. Simply choose your required confetti for the packets, whether<span> </span><a href=\"https://www.confettibee.co.uk/collections/natural-confetti\" data-mce-href=\"https://www.confettibee.co.uk/collections/natural-confetti\">natural confetti<span> </span></a>or<span> </span><a href=\"https://www.confettibee.co.uk/collections/biodegradable-paper-confetti\" data-mce-href=\"https://www.confettibee.co.uk/collections/biodegradable-paper-confetti\">paper confetti</a> and add to your order!</p>\n<p data-mce-fragment=\"1\"><em data-mce-fragment=\"1\">Shown here with our Strawberry Dream Collection Confetti. </em></p>','Confetti Bee Packets','2024-04-18 09:49:07','2024-04-18 09:49:07'),(190,'confettibee-co-uk.myshopify.com',7911887667458,'Confetti Packets - Eucalyptus Blue Design 2','<p>Personalise your confetti packets with your names &amp; wedding date then fill with your chosen confetti<span> to </span><span data-mce-fragment=\"1\">beautifully complement the colour and theme of your Wedding Day!</span></p>\n<p>Depending on petal size,1 litre of our confetti should fill up to 20 of the confetti packets, giving your guests a handful to throw for that all important confetti shot! <span data-mce-fragment=\"1\">Please see our </span><a href=\"https://www.confettibee.co.uk/pages/how-many-litres-of-confetti-do-i-need-for-my-wedding\" data-mce-href=\"https://www.confettibee.co.uk/pages/how-many-litres-of-confetti-do-i-need-for-my-wedding\" data-mce-fragment=\"1\"><span data-mce-fragment=\"1\">guide page</span></a><span data-mce-fragment=\"1\"> for more information and advice on getting the right amount.</span></p>\n<p>Overall packet size - 117mm x 90mm</p>\n<p><span>These Peel &amp; Seal packets have an additional 16mm lip to allow the fold over the top.</span></p>\n<p>Our confetti packets are glassine, crafted from a wood pulp. Therefore they are 100% recyclable and biodegradable, making them fully eco-friendly.</p>\n<p>Please note confetti is NOT included with this product. Simply choose your required confetti for the packets, whether<span> </span><a href=\"https://www.confettibee.co.uk/collections/natural-confetti\" data-mce-href=\"https://www.confettibee.co.uk/collections/natural-confetti\">natural confetti<span> </span></a>or<span> </span><a href=\"https://www.confettibee.co.uk/collections/biodegradable-paper-confetti\" data-mce-href=\"https://www.confettibee.co.uk/collections/biodegradable-paper-confetti\">paper confetti</a> and add to your order!</p>\n<p data-mce-fragment=\"1\"><em data-mce-fragment=\"1\">Shown here with our Strawberry Dream Collection Confetti. </em></p>','Confetti Bee Packets','2024-04-18 09:49:07','2024-04-18 09:49:07'),(191,'confettibee-co-uk.myshopify.com',7911888322818,'Confetti Packets - Eucalyptus Blue Design 3','<p>Personalise your confetti packets with your names &amp; wedding date then fill with your chosen confetti<span> to </span><span data-mce-fragment=\"1\">beautifully complement the colour and theme of your Wedding Day!</span></p>\n<p>Depending on petal size,1 litre of our confetti should fill up to 20 of the confetti packets, giving your guests a handful to throw for that all important confetti shot! <span data-mce-fragment=\"1\">Please see our </span><a href=\"https://www.confettibee.co.uk/pages/how-many-litres-of-confetti-do-i-need-for-my-wedding\" data-mce-href=\"https://www.confettibee.co.uk/pages/how-many-litres-of-confetti-do-i-need-for-my-wedding\" data-mce-fragment=\"1\"><span data-mce-fragment=\"1\">guide page</span></a><span data-mce-fragment=\"1\"> for more information and advice on getting the right amount.</span></p>\n<p>Overall packet size - 117mm x 90mm</p>\n<p><span>These Peel &amp; Seal packets have an additional 16mm lip to allow the fold over the top.</span></p>\n<p>Our confetti packets are glassine, crafted from a wood pulp. Therefore they are 100% recyclable and biodegradable, making them fully eco-friendly.</p>\n<p>Please note confetti is NOT included with this product. Simply choose your required confetti for the packets, whether<span> </span><a href=\"https://www.confettibee.co.uk/collections/natural-confetti\" data-mce-href=\"https://www.confettibee.co.uk/collections/natural-confetti\">natural confetti<span> </span></a>or<span> </span><a href=\"https://www.confettibee.co.uk/collections/biodegradable-paper-confetti\" data-mce-href=\"https://www.confettibee.co.uk/collections/biodegradable-paper-confetti\">paper confetti</a> and add to your order!</p>\n<p data-mce-fragment=\"1\"><em data-mce-fragment=\"1\">Shown here with our Strawberry Dream Collection Confetti. </em></p>','Confetti Bee Packets','2024-04-18 09:49:07','2024-04-18 09:49:07'),(192,'confettibee-co-uk.myshopify.com',7911888847106,'Confetti Packets - Eucalyptus Blue Design 4','<p>Personalise your confetti packets with your names &amp; wedding date then fill with your chosen confetti<span> to </span><span data-mce-fragment=\"1\">beautifully complement the colour and theme of your Wedding Day!</span></p>\n<p>Depending on petal size,1 litre of our confetti should fill up to 20 of the confetti packets, giving your guests a handful to throw for that all important confetti shot! <span data-mce-fragment=\"1\">Please see our </span><a href=\"https://www.confettibee.co.uk/pages/how-many-litres-of-confetti-do-i-need-for-my-wedding\" data-mce-href=\"https://www.confettibee.co.uk/pages/how-many-litres-of-confetti-do-i-need-for-my-wedding\" data-mce-fragment=\"1\"><span data-mce-fragment=\"1\">guide page</span></a><span data-mce-fragment=\"1\"> for more information and advice on getting the right amount.</span></p>\n<p>Overall packet size - 117mm x 90mm</p>\n<p><span>These Peel &amp; Seal packets have an additional 16mm lip to allow the fold over the top.</span></p>\n<p>Our confetti packets are glassine, crafted from a wood pulp. Therefore they are 100% recyclable and biodegradable, making them fully eco-friendly.</p>\n<p>Please note confetti is NOT included with this product. Simply choose your required confetti for the packets, whether<span> </span><a href=\"https://www.confettibee.co.uk/collections/natural-confetti\" data-mce-href=\"https://www.confettibee.co.uk/collections/natural-confetti\">natural confetti<span> </span></a>or<span> </span><a href=\"https://www.confettibee.co.uk/collections/biodegradable-paper-confetti\" data-mce-href=\"https://www.confettibee.co.uk/collections/biodegradable-paper-confetti\">paper confetti</a> and add to your order!</p>\n<p data-mce-fragment=\"1\"><em data-mce-fragment=\"1\">Shown here with our Strawberry Dream Collection Confetti. </em></p>','Confetti Bee Packets','2024-04-18 09:49:07','2024-04-18 09:49:07'),(193,'confettibee-co-uk.myshopify.com',7911889469698,'Confetti Packets - Eucalyptus Blue Design 5','<p>Personalise your confetti packets with your names &amp; wedding date then fill with your chosen confetti<span> to </span><span data-mce-fragment=\"1\">beautifully complement the colour and theme of your Wedding Day!</span></p>\n<p>Depending on petal size,1 litre of our confetti should fill up to 20 of the confetti packets, giving your guests a handful to throw for that all important confetti shot! <span data-mce-fragment=\"1\">Please see our </span><a href=\"https://www.confettibee.co.uk/pages/how-many-litres-of-confetti-do-i-need-for-my-wedding\" data-mce-href=\"https://www.confettibee.co.uk/pages/how-many-litres-of-confetti-do-i-need-for-my-wedding\" data-mce-fragment=\"1\"><span data-mce-fragment=\"1\">guide page</span></a><span data-mce-fragment=\"1\"> for more information and advice on getting the right amount.</span></p>\n<p>Overall packet size - 117mm x 90mm</p>\n<p><span>These Peel &amp; Seal packets have an additional 16mm lip to allow the fold over the top.</span></p>\n<p>Our confetti packets are glassine, crafted from a wood pulp. Therefore they are 100% recyclable and biodegradable, making them fully eco-friendly.</p>\n<p>Please note confetti is NOT included with this product. Simply choose your required confetti for the packets, whether<span> </span><a href=\"https://www.confettibee.co.uk/collections/natural-confetti\" data-mce-href=\"https://www.confettibee.co.uk/collections/natural-confetti\">natural confetti<span> </span></a>or<span> </span><a href=\"https://www.confettibee.co.uk/collections/biodegradable-paper-confetti\" data-mce-href=\"https://www.confettibee.co.uk/collections/biodegradable-paper-confetti\">paper confetti</a> and add to your order!</p>\n<p data-mce-fragment=\"1\"><em data-mce-fragment=\"1\">Shown here with our Strawberry Dream Collection Confetti. </em></p>','Confetti Bee Packets','2024-04-18 09:49:07','2024-04-18 09:49:07'),(194,'confettibee-co-uk.myshopify.com',7851003838722,'Confetti Packets - Eucalyptus Green Design 1','<p>Personalise your confetti packets with your names &amp; wedding date then fill with your chosen confetti<span> to </span><span data-mce-fragment=\"1\">beautifully complement the colour and theme of your Wedding Day!</span></p>\n<p>Depending on petal size,1 litre of our confetti should fill up to 20 of the confetti packets, giving your guests a handful to throw for that all important confetti shot! <span data-mce-fragment=\"1\">Please see our </span><a href=\"https://www.confettibee.co.uk/pages/how-many-litres-of-confetti-do-i-need-for-my-wedding\" data-mce-href=\"https://www.confettibee.co.uk/pages/how-many-litres-of-confetti-do-i-need-for-my-wedding\" data-mce-fragment=\"1\"><span data-mce-fragment=\"1\">guide page</span></a><span data-mce-fragment=\"1\"> for more information and advice on getting the right amount.</span></p>\n<p>Overall packet size - 117mm x 90mm</p>\n<p><span>These Peel &amp; Seal packets have an additional 16mm lip to allow the fold over the top.</span></p>\n<p>Our confetti packets are glassine, crafted from a wood pulp. Therefore they are 100% recyclable and biodegradable, making them fully eco-friendly.</p>\n<p>Please note confetti is NOT included with this product. Simply choose your required confetti for the packets, whether<span> </span><a href=\"https://www.confettibee.co.uk/collections/natural-confetti\" data-mce-href=\"https://www.confettibee.co.uk/collections/natural-confetti\">natural confetti<span> </span></a>or<span> </span><a href=\"https://www.confettibee.co.uk/collections/biodegradable-paper-confetti\" data-mce-href=\"https://www.confettibee.co.uk/collections/biodegradable-paper-confetti\">paper confetti</a> and add to your order!</p>\n<p data-mce-fragment=\"1\"><em data-mce-fragment=\"1\">Shown here with our Candy Confetti Collection. </em></p>','Confetti Bee Packets','2024-04-18 09:49:07','2024-04-18 09:49:07'),(195,'confettibee-co-uk.myshopify.com',7851004330242,'Confetti Packets - Eucalyptus Green Design 2','<p>Personalise your confetti packets with your names &amp; wedding date then fill with your chosen confetti<span> to </span><span data-mce-fragment=\"1\">beautifully complement the colour and theme of your Wedding Day!</span></p>\n<p>Depending on petal size,1 litre of our confetti should fill up to 20 of the confetti packets, giving your guests a handful to throw for that all important confetti shot! <span data-mce-fragment=\"1\">Please see our </span><a href=\"https://www.confettibee.co.uk/pages/how-many-litres-of-confetti-do-i-need-for-my-wedding\" data-mce-href=\"https://www.confettibee.co.uk/pages/how-many-litres-of-confetti-do-i-need-for-my-wedding\" data-mce-fragment=\"1\"><span data-mce-fragment=\"1\">guide page</span></a><span data-mce-fragment=\"1\"> for more information and advice on getting the right amount.</span></p>\n<p>Overall packet size - 117mm x 90mm</p>\n<p><span>These Peel &amp; Seal packets have an additional 16mm lip to allow the fold over the top.</span></p>\n<p>Our confetti packets are glassine, crafted from a wood pulp. Therefore they are 100% recyclable and biodegradable, making them fully eco-friendly.</p>\n<p>Please note confetti is NOT included with this product. Simply choose your required confetti for the packets, whether<span> </span><a href=\"https://www.confettibee.co.uk/collections/natural-confetti\" data-mce-href=\"https://www.confettibee.co.uk/collections/natural-confetti\">natural confetti<span> </span></a>or<span> </span><a href=\"https://www.confettibee.co.uk/collections/biodegradable-paper-confetti\" data-mce-href=\"https://www.confettibee.co.uk/collections/biodegradable-paper-confetti\">paper confetti</a> and add to your order!</p>\n<p data-mce-fragment=\"1\"><em data-mce-fragment=\"1\">Shown here with our Candy Confetti Collection. </em></p>','Confetti Bee Packets','2024-04-18 09:49:07','2024-04-18 09:49:07'),(196,'confettibee-co-uk.myshopify.com',7922204311810,'Confetti Packets - Eucalyptus Green Design 3','<p>Personalise your confetti packets with your names &amp; wedding date then fill with your chosen confetti<span> to </span><span data-mce-fragment=\"1\">beautifully complement the colour and theme of your Wedding Day!</span></p>\n<p>Depending on petal size,1 litre of our confetti should fill up to 20 of the confetti packets, giving your guests a handful to throw for that all important confetti shot! <span data-mce-fragment=\"1\">Please see our </span><a href=\"https://www.confettibee.co.uk/pages/how-many-litres-of-confetti-do-i-need-for-my-wedding\" data-mce-href=\"https://www.confettibee.co.uk/pages/how-many-litres-of-confetti-do-i-need-for-my-wedding\" data-mce-fragment=\"1\"><span data-mce-fragment=\"1\">guide page</span></a><span data-mce-fragment=\"1\"> for more information and advice on getting the right amount.</span></p>\n<p>Overall packet size - 117mm x 90mm</p>\n<p><span>These Peel &amp; Seal packets have an additional 16mm lip to allow the fold over the top.</span></p>\n<p>Our confetti packets are glassine, crafted from a wood pulp. Therefore they are 100% recyclable and biodegradable, making them fully eco-friendly.</p>\n<p>Please note confetti is NOT included with this product. Simply choose your required confetti for the packets, whether<span> </span><a href=\"https://www.confettibee.co.uk/collections/natural-confetti\" data-mce-href=\"https://www.confettibee.co.uk/collections/natural-confetti\">natural confetti<span> </span></a>or<span> </span><a href=\"https://www.confettibee.co.uk/collections/biodegradable-paper-confetti\" data-mce-href=\"https://www.confettibee.co.uk/collections/biodegradable-paper-confetti\">paper confetti</a> and add to your order!</p>\n<p data-mce-fragment=\"1\"><em data-mce-fragment=\"1\">Shown here with our Candy Confetti Collection. </em></p>','Confetti Bee Packets','2024-04-18 09:49:07','2024-04-18 09:49:07'),(197,'confettibee-co-uk.myshopify.com',7922205393154,'Confetti Packets - Eucalyptus Green Design 4','<p>Personalise your confetti packets with your names &amp; wedding date then fill with your chosen confetti<span> to </span><span data-mce-fragment=\"1\">beautifully complement the colour and theme of your Wedding Day!</span></p>\n<p>Depending on petal size,1 litre of our confetti should fill up to 20 of the confetti packets, giving your guests a handful to throw for that all important confetti shot! <span data-mce-fragment=\"1\">Please see our </span><a href=\"https://www.confettibee.co.uk/pages/how-many-litres-of-confetti-do-i-need-for-my-wedding\" data-mce-href=\"https://www.confettibee.co.uk/pages/how-many-litres-of-confetti-do-i-need-for-my-wedding\" data-mce-fragment=\"1\"><span data-mce-fragment=\"1\">guide page</span></a><span data-mce-fragment=\"1\"> for more information and advice on getting the right amount.</span></p>\n<p>Overall packet size - 117mm x 90mm</p>\n<p><span>These Peel &amp; Seal packets have an additional 16mm lip to allow the fold over the top.</span></p>\n<p>Our confetti packets are glassine, crafted from a wood pulp. Therefore they are 100% recyclable and biodegradable, making them fully eco-friendly.</p>\n<p>Please note confetti is NOT included with this product. Simply choose your required confetti for the packets, whether<span> </span><a href=\"https://www.confettibee.co.uk/collections/natural-confetti\" data-mce-href=\"https://www.confettibee.co.uk/collections/natural-confetti\">natural confetti<span> </span></a>or<span> </span><a href=\"https://www.confettibee.co.uk/collections/biodegradable-paper-confetti\" data-mce-href=\"https://www.confettibee.co.uk/collections/biodegradable-paper-confetti\">paper confetti</a> and add to your order!</p>\n<p data-mce-fragment=\"1\"><em data-mce-fragment=\"1\">Shown here with our Candy Confetti Collection. </em></p>','Confetti Bee Packets','2024-04-18 09:49:07','2024-04-18 09:49:07'),(198,'confettibee-co-uk.myshopify.com',7922205720834,'Confetti Packets - Eucalyptus Green Design 5','<p>Personalise your confetti packets with your names &amp; wedding date then fill with your chosen confetti<span> to </span><span data-mce-fragment=\"1\">beautifully complement the colour and theme of your Wedding Day!</span></p>\n<p>Depending on petal size,1 litre of our confetti should fill up to 20 of the confetti packets, giving your guests a handful to throw for that all important confetti shot! <span data-mce-fragment=\"1\">Please see our </span><a href=\"https://www.confettibee.co.uk/pages/how-many-litres-of-confetti-do-i-need-for-my-wedding\" data-mce-href=\"https://www.confettibee.co.uk/pages/how-many-litres-of-confetti-do-i-need-for-my-wedding\" data-mce-fragment=\"1\"><span data-mce-fragment=\"1\">guide page</span></a><span data-mce-fragment=\"1\"> for more information and advice on getting the right amount.</span></p>\n<p>Overall packet size - 117mm x 90mm</p>\n<p><span>These Peel &amp; Seal packets have an additional 16mm lip to allow the fold over the top.</span></p>\n<p>Our confetti packets are glassine, crafted from a wood pulp. Therefore they are 100% recyclable and biodegradable, making them fully eco-friendly.</p>\n<p>Please note confetti is NOT included with this product. Simply choose your required confetti for the packets, whether<span> </span><a href=\"https://www.confettibee.co.uk/collections/natural-confetti\" data-mce-href=\"https://www.confettibee.co.uk/collections/natural-confetti\">natural confetti<span> </span></a>or<span> </span><a href=\"https://www.confettibee.co.uk/collections/biodegradable-paper-confetti\" data-mce-href=\"https://www.confettibee.co.uk/collections/biodegradable-paper-confetti\">paper confetti</a> and add to your order!</p>\n<p data-mce-fragment=\"1\"><em data-mce-fragment=\"1\">Shown here with our Candy Confetti Collection. </em></p>','Confetti Bee Packets','2024-04-18 09:49:07','2024-04-18 09:49:07'),(199,'confettibee-co-uk.myshopify.com',7922206277890,'Confetti Packets - Eucalyptus Green Design 6','<p>Personalise your confetti packets with your names &amp; wedding date then fill with your chosen confetti<span> to </span><span data-mce-fragment=\"1\">beautifully complement the colour and theme of your Wedding Day!</span></p>\n<p>Depending on petal size,1 litre of our confetti should fill up to 20 of the confetti packets, giving your guests a handful to throw for that all important confetti shot! <span data-mce-fragment=\"1\">Please see our </span><a href=\"https://www.confettibee.co.uk/pages/how-many-litres-of-confetti-do-i-need-for-my-wedding\" data-mce-href=\"https://www.confettibee.co.uk/pages/how-many-litres-of-confetti-do-i-need-for-my-wedding\" data-mce-fragment=\"1\"><span data-mce-fragment=\"1\">guide page</span></a><span data-mce-fragment=\"1\"> for more information and advice on getting the right amount.</span></p>\n<p>Overall packet size - 117mm x 90mm</p>\n<p><span>These Peel &amp; Seal packets have an additional 16mm lip to allow the fold over the top.</span></p>\n<p>Our confetti packets are glassine, crafted from a wood pulp. Therefore they are 100% recyclable and biodegradable, making them fully eco-friendly.</p>\n<p>Please note confetti is NOT included with this product. Simply choose your required confetti for the packets, whether<span> </span><a href=\"https://www.confettibee.co.uk/collections/natural-confetti\" data-mce-href=\"https://www.confettibee.co.uk/collections/natural-confetti\">natural confetti<span> </span></a>or<span> </span><a href=\"https://www.confettibee.co.uk/collections/biodegradable-paper-confetti\" data-mce-href=\"https://www.confettibee.co.uk/collections/biodegradable-paper-confetti\">paper confetti</a> and add to your order!</p>\n<p data-mce-fragment=\"1\"><em data-mce-fragment=\"1\">Shown here with our Candy Confetti Collection. </em></p>','Confetti Bee Packets','2024-04-18 09:49:07','2024-04-18 09:49:07'),(200,'confettibee-co-uk.myshopify.com',8164506992898,'Confetti Packets - Festive Design 1','<p>Personalise your confetti packets with your names &amp; wedding date then fill with your chosen confetti<span> to </span><span data-mce-fragment=\"1\">beautifully complement the colour and theme of your Wedding Day!</span></p>\n<p>Depending on petal size,1 litre of our confetti should fill up to 20 of the confetti packets, giving your guests a handful to throw for that all important confetti shot! <span data-mce-fragment=\"1\">Please see our </span><a href=\"https://www.confettibee.co.uk/pages/how-many-litres-of-confetti-do-i-need-for-my-wedding\" data-mce-fragment=\"1\" data-mce-href=\"https://www.confettibee.co.uk/pages/how-many-litres-of-confetti-do-i-need-for-my-wedding\"><span data-mce-fragment=\"1\">guide page</span></a><span data-mce-fragment=\"1\"> for more information and advice on getting the right amount.</span></p>\n<p>Overall packet size - 117mm x 90mm</p>\n<p><span>These Peel &amp; Seal packets have an additional 16mm lip to allow the fold over the top.</span></p>\n<p>Our confetti packets are glassine, crafted from a wood pulp. Therefore they are 100% recyclable and biodegradable, making them fully eco-friendly.</p>\n<p>Please note confetti is NOT included with this product. Simply choose your required confetti for the packets, whether<span> </span><a href=\"https://www.confettibee.co.uk/collections/natural-confetti\" data-mce-href=\"https://www.confettibee.co.uk/collections/natural-confetti\">natural confetti<span> </span></a>or<span> </span><a href=\"https://www.confettibee.co.uk/collections/biodegradable-paper-confetti\" data-mce-href=\"https://www.confettibee.co.uk/collections/biodegradable-paper-confetti\">paper confetti</a> and add to your order!</p>\n<p><em>Shown here with our Fireglow Confetti Collection. </em></p>','Confetti Bee Packets','2024-04-18 09:49:07','2024-04-18 09:49:07'),(201,'confettibee-co-uk.myshopify.com',8164507156738,'Confetti Packets - Festive Design 2','<p>Personalise your confetti packets with your names &amp; wedding date then fill with your chosen confetti<span> to </span><span data-mce-fragment=\"1\">beautifully complement the colour and theme of your Wedding Day!</span></p>\n<p>Depending on petal size,1 litre of our confetti should fill up to 20 of the confetti packets, giving your guests a handful to throw for that all important confetti shot! <span data-mce-fragment=\"1\">Please see our </span><a href=\"https://www.confettibee.co.uk/pages/how-many-litres-of-confetti-do-i-need-for-my-wedding\" data-mce-fragment=\"1\" data-mce-href=\"https://www.confettibee.co.uk/pages/how-many-litres-of-confetti-do-i-need-for-my-wedding\"><span data-mce-fragment=\"1\">guide page</span></a><span data-mce-fragment=\"1\"> for more information and advice on getting the right amount.</span></p>\n<p>Overall packet size - 117mm x 90mm</p>\n<p><span>These Peel &amp; Seal packets have an additional 16mm lip to allow the fold over the top.</span></p>\n<p>Our confetti packets are glassine, crafted from a wood pulp. Therefore they are 100% recyclable and biodegradable, making them fully eco-friendly.</p>\n<p>Please note confetti is NOT included with this product. Simply choose your required confetti for the packets, whether<span> </span><a href=\"https://www.confettibee.co.uk/collections/natural-confetti\" data-mce-href=\"https://www.confettibee.co.uk/collections/natural-confetti\">natural confetti<span> </span></a>or<span> </span><a href=\"https://www.confettibee.co.uk/collections/biodegradable-paper-confetti\" data-mce-href=\"https://www.confettibee.co.uk/collections/biodegradable-paper-confetti\">paper confetti</a> and add to your order!</p>\n<p><em>Shown here with our Burgundy Romance Confetti Collection. </em></p>','Confetti Bee Packets','2024-04-18 09:49:07','2024-04-18 09:49:07'),(202,'confettibee-co-uk.myshopify.com',8164508401922,'Confetti Packets - Festive Design 3','<p>Personalise your confetti packets with your names &amp; wedding date then fill with your chosen confetti<span> to </span><span data-mce-fragment=\"1\">beautifully complement the colour and theme of your Wedding Day!</span></p>\n<p>Depending on petal size,1 litre of our confetti should fill up to 20 of the confetti packets, giving your guests a handful to throw for that all important confetti shot! <span data-mce-fragment=\"1\">Please see our </span><a href=\"https://www.confettibee.co.uk/pages/how-many-litres-of-confetti-do-i-need-for-my-wedding\" data-mce-fragment=\"1\" data-mce-href=\"https://www.confettibee.co.uk/pages/how-many-litres-of-confetti-do-i-need-for-my-wedding\"><span data-mce-fragment=\"1\">guide page</span></a><span data-mce-fragment=\"1\"> for more information and advice on getting the right amount.</span></p>\n<p>Overall packet size - 117mm x 90mm</p>\n<p><span>These Peel &amp; Seal packets have an additional 16mm lip to allow the fold over the top.</span></p>\n<p>Our confetti packets are glassine, crafted from a wood pulp. Therefore they are 100% recyclable and biodegradable, making them fully eco-friendly.</p>\n<p>Please note confetti is NOT included with this product. Simply choose your required confetti for the packets, whether<span> </span><a href=\"https://www.confettibee.co.uk/collections/natural-confetti\" data-mce-href=\"https://www.confettibee.co.uk/collections/natural-confetti\">natural confetti<span> </span></a>or<span> </span><a href=\"https://www.confettibee.co.uk/collections/biodegradable-paper-confetti\" data-mce-href=\"https://www.confettibee.co.uk/collections/biodegradable-paper-confetti\">paper confetti</a> and add to your order!</p>\n<p><em>Shown here with our Burgundy Romance Confetti Collection. </em></p>','Confetti Bee Packets','2024-04-18 09:49:07','2024-04-18 09:49:07'),(203,'confettibee-co-uk.myshopify.com',8164508598530,'Confetti Packets - Festive Design 4','<p>Personalise your confetti packets with your names &amp; wedding date then fill with your chosen confetti<span> to </span><span data-mce-fragment=\"1\">beautifully complement the colour and theme of your Wedding Day!</span></p>\n<p>Depending on petal size,1 litre of our confetti should fill up to 20 of the confetti packets, giving your guests a handful to throw for that all important confetti shot! <span data-mce-fragment=\"1\">Please see our </span><a href=\"https://www.confettibee.co.uk/pages/how-many-litres-of-confetti-do-i-need-for-my-wedding\" data-mce-fragment=\"1\" data-mce-href=\"https://www.confettibee.co.uk/pages/how-many-litres-of-confetti-do-i-need-for-my-wedding\"><span data-mce-fragment=\"1\">guide page</span></a><span data-mce-fragment=\"1\"> for more information and advice on getting the right amount.</span></p>\n<p>Overall packet size - 117mm x 90mm</p>\n<p><span>These Peel &amp; Seal packets have an additional 16mm lip to allow the fold over the top.</span></p>\n<p>Our confetti packets are glassine, crafted from a wood pulp. Therefore they are 100% recyclable and biodegradable, making them fully eco-friendly.</p>\n<p>Please note confetti is NOT included with this product. Simply choose your required confetti for the packets, whether<span> </span><a href=\"https://www.confettibee.co.uk/collections/natural-confetti\" data-mce-href=\"https://www.confettibee.co.uk/collections/natural-confetti\">natural confetti<span> </span></a>or<span> </span><a href=\"https://www.confettibee.co.uk/collections/biodegradable-paper-confetti\" data-mce-href=\"https://www.confettibee.co.uk/collections/biodegradable-paper-confetti\">paper confetti</a> and add to your order!</p>\n<p><em>Shown here with our Burgundy Romance Confetti Collection. </em></p>','Confetti Bee Packets','2024-04-18 09:49:07','2024-04-18 09:49:07'),(204,'confettibee-co-uk.myshopify.com',8164509679874,'Confetti Packets - Festive Design 5','<p>Personalise your confetti packets with your names &amp; wedding date then fill with your chosen confetti<span> to </span><span data-mce-fragment=\"1\">beautifully complement the colour and theme of your Wedding Day!</span></p>\n<p>Depending on petal size,1 litre of our confetti should fill up to 20 of the confetti packets, giving your guests a handful to throw for that all important confetti shot! <span data-mce-fragment=\"1\">Please see our </span><a href=\"https://www.confettibee.co.uk/pages/how-many-litres-of-confetti-do-i-need-for-my-wedding\" data-mce-fragment=\"1\" data-mce-href=\"https://www.confettibee.co.uk/pages/how-many-litres-of-confetti-do-i-need-for-my-wedding\"><span data-mce-fragment=\"1\">guide page</span></a><span data-mce-fragment=\"1\"> for more information and advice on getting the right amount.</span></p>\n<p>Overall packet size - 117mm x 90mm</p>\n<p><span>These Peel &amp; Seal packets have an additional 16mm lip to allow the fold over the top.</span></p>\n<p>Our confetti packets are glassine, crafted from a wood pulp. Therefore they are 100% recyclable and biodegradable, making them fully eco-friendly.</p>\n<p>Please note confetti is NOT included with this product. Simply choose your required confetti for the packets, whether<span> </span><a href=\"https://www.confettibee.co.uk/collections/natural-confetti\" data-mce-href=\"https://www.confettibee.co.uk/collections/natural-confetti\">natural confetti<span> </span></a>or<span> </span><a href=\"https://www.confettibee.co.uk/collections/biodegradable-paper-confetti\" data-mce-href=\"https://www.confettibee.co.uk/collections/biodegradable-paper-confetti\">paper confetti</a> and add to your order!</p>\n<p><em>Shown here with our Burgundy Romance Confetti Collection. </em></p>','Confetti Bee Packets','2024-04-18 09:49:07','2024-04-18 09:49:07'),(205,'confettibee-co-uk.myshopify.com',8164509843714,'Confetti Packets - Festive Design 6','<p>Personalise your confetti packets with your names &amp; wedding date then fill with your chosen confetti<span> to </span><span data-mce-fragment=\"1\">beautifully complement the colour and theme of your Wedding Day!</span></p>\n<p>Depending on petal size,1 litre of our confetti should fill up to 20 of the confetti packets, giving your guests a handful to throw for that all important confetti shot! <span data-mce-fragment=\"1\">Please see our </span><a href=\"https://www.confettibee.co.uk/pages/how-many-litres-of-confetti-do-i-need-for-my-wedding\" data-mce-fragment=\"1\" data-mce-href=\"https://www.confettibee.co.uk/pages/how-many-litres-of-confetti-do-i-need-for-my-wedding\"><span data-mce-fragment=\"1\">guide page</span></a><span data-mce-fragment=\"1\"> for more information and advice on getting the right amount.</span></p>\n<p>Overall packet size - 117mm x 90mm</p>\n<p><span>These Peel &amp; Seal packets have an additional 16mm lip to allow the fold over the top.</span></p>\n<p>Our confetti packets are glassine, crafted from a wood pulp. Therefore they are 100% recyclable and biodegradable, making them fully eco-friendly.</p>\n<p>Please note confetti is NOT included with this product. Simply choose your required confetti for the packets, whether<span> </span><a href=\"https://www.confettibee.co.uk/collections/natural-confetti\" data-mce-href=\"https://www.confettibee.co.uk/collections/natural-confetti\">natural confetti<span> </span></a>or<span> </span><a href=\"https://www.confettibee.co.uk/collections/biodegradable-paper-confetti\" data-mce-href=\"https://www.confettibee.co.uk/collections/biodegradable-paper-confetti\">paper confetti</a> and add to your order!</p>\n<p><em>Shown here with our Burgundy Romance Confetti Collection. </em></p>','Confetti Bee Packets','2024-04-18 09:49:07','2024-04-18 09:49:07'),(206,'confettibee-co-uk.myshopify.com',7897513689346,'Confetti Packets - Floral Design 1','<p>Personalise your confetti packets with your names &amp; wedding date then fill with your chosen confetti<span> to </span><span data-mce-fragment=\"1\">beautifully complement the colour and theme of your Wedding Day!</span></p>\n<p>Depending on petal size,1 litre of our confetti should fill up to 20 of the confetti packets, giving your guests a handful to throw for that all important confetti shot! <span data-mce-fragment=\"1\">Please see our </span><a href=\"https://www.confettibee.co.uk/pages/how-many-litres-of-confetti-do-i-need-for-my-wedding\" data-mce-href=\"https://www.confettibee.co.uk/pages/how-many-litres-of-confetti-do-i-need-for-my-wedding\" data-mce-fragment=\"1\"><span data-mce-fragment=\"1\">guide page</span></a><span data-mce-fragment=\"1\"> for more information and advice on getting the right amount.</span></p>\n<p>Overall packet size - 117mm x 90mm</p>\n<p><span>These Peel &amp; Seal packets have an additional 16mm lip to allow the fold over the top.</span></p>\n<p>Our confetti packets are glassine, crafted from a wood pulp. Therefore they are 100% recyclable and biodegradable, making them fully eco-friendly.</p>\n<p>Please note confetti is NOT included with this product. Simply choose your required confetti for the packets, whether<span> </span><a href=\"https://www.confettibee.co.uk/collections/natural-confetti\" data-mce-href=\"https://www.confettibee.co.uk/collections/natural-confetti\">natural confetti<span> </span></a>or<span> </span><a href=\"https://www.confettibee.co.uk/collections/biodegradable-paper-confetti\" data-mce-href=\"https://www.confettibee.co.uk/collections/biodegradable-paper-confetti\">paper confetti</a> and add to your order!</p>\n<p><em>Shown here with our Something Blue Confetti Collection. </em></p>','Confetti Bee Packets','2024-04-18 09:49:07','2024-04-18 09:49:07'),(207,'confettibee-co-uk.myshopify.com',7924931035394,'Confetti Packets - Floral Design 10','<p>Personalise your confetti packets with your names &amp; wedding date then fill with your chosen confetti<span> to </span><span data-mce-fragment=\"1\">beautifully complement the colour and theme of your Wedding Day!</span></p>\n<p>Depending on petal size,1 litre of our confetti should fill up to 20 of the confetti packets, giving your guests a handful to throw for that all important confetti shot! <span data-mce-fragment=\"1\">Please see our </span><a href=\"https://www.confettibee.co.uk/pages/how-many-litres-of-confetti-do-i-need-for-my-wedding\" data-mce-href=\"https://www.confettibee.co.uk/pages/how-many-litres-of-confetti-do-i-need-for-my-wedding\" data-mce-fragment=\"1\"><span data-mce-fragment=\"1\">guide page</span></a><span data-mce-fragment=\"1\"> for more information and advice on getting the right amount.</span></p>\n<p>Overall packet size - 117mm x 90mm</p>\n<p><span>These Peel &amp; Seal packets have an additional 16mm lip to allow the fold over the top.</span></p>\n<p>Our confetti packets are glassine, crafted from a wood pulp. Therefore they are 100% recyclable and biodegradable, making them fully eco-friendly.</p>\n<p>Please note confetti is NOT included with this product. Simply choose your required confetti for the packets, whether<span> </span><a href=\"https://www.confettibee.co.uk/collections/natural-confetti\" data-mce-href=\"https://www.confettibee.co.uk/collections/natural-confetti\">natural confetti<span> </span></a>or<span> </span><a href=\"https://www.confettibee.co.uk/collections/biodegradable-paper-confetti\" data-mce-href=\"https://www.confettibee.co.uk/collections/biodegradable-paper-confetti\">paper confetti</a> and add to your order!</p>\n<p><em>Shown here with our Kaleidoscope Confetti Collection. </em></p>','Confetti Bee Packets','2024-04-18 09:49:07','2024-04-18 09:49:07'),(208,'confettibee-co-uk.myshopify.com',7924932051202,'Confetti Packets - Floral Design 11','<p>Personalise your confetti packets with your names &amp; wedding date then fill with your chosen confetti<span> to </span><span data-mce-fragment=\"1\">beautifully complement the colour and theme of your Wedding Day!</span></p>\n<p>Depending on petal size,1 litre of our confetti should fill up to 20 of the confetti packets, giving your guests a handful to throw for that all important confetti shot! <span data-mce-fragment=\"1\">Please see our </span><a href=\"https://www.confettibee.co.uk/pages/how-many-litres-of-confetti-do-i-need-for-my-wedding\" data-mce-href=\"https://www.confettibee.co.uk/pages/how-many-litres-of-confetti-do-i-need-for-my-wedding\" data-mce-fragment=\"1\"><span data-mce-fragment=\"1\">guide page</span></a><span data-mce-fragment=\"1\"> for more information and advice on getting the right amount.</span></p>\n<p>Overall packet size - 117mm x 90mm</p>\n<p><span>These Peel &amp; Seal packets have an additional 16mm lip to allow the fold over the top.</span></p>\n<p>Our confetti packets are glassine, crafted from a wood pulp. Therefore they are 100% recyclable and biodegradable, making them fully eco-friendly.</p>\n<p>Please note confetti is NOT included with this product. Simply choose your required confetti for the packets, whether<span> </span><a href=\"https://www.confettibee.co.uk/collections/natural-confetti\" data-mce-href=\"https://www.confettibee.co.uk/collections/natural-confetti\">natural confetti<span> </span></a>or<span> </span><a href=\"https://www.confettibee.co.uk/collections/biodegradable-paper-confetti\" data-mce-href=\"https://www.confettibee.co.uk/collections/biodegradable-paper-confetti\">paper confetti</a> and add to your order!</p>\n<p><em>Shown here with our Kaleidoscope Confetti Collection. </em></p>','Confetti Bee Packets','2024-04-18 09:49:07','2024-04-18 09:49:07'),(209,'confettibee-co-uk.myshopify.com',8078442332418,'Confetti Packets - Floral Design 12','<p>Personalise your confetti packets with your names &amp; wedding date then fill with your chosen confetti<span> to </span><span data-mce-fragment=\"1\">beautifully complement the colour and theme of your Wedding Day!</span></p>\n<p>Depending on petal size,1 litre of our confetti should fill up to 20 of the confetti packets, giving your guests a handful to throw for that all important confetti shot! <span data-mce-fragment=\"1\">Please see our </span><a href=\"https://www.confettibee.co.uk/pages/how-many-litres-of-confetti-do-i-need-for-my-wedding\" data-mce-href=\"https://www.confettibee.co.uk/pages/how-many-litres-of-confetti-do-i-need-for-my-wedding\" data-mce-fragment=\"1\"><span data-mce-fragment=\"1\">guide page</span></a><span data-mce-fragment=\"1\"> for more information and advice on getting the right amount.</span></p>\n<p>Overall packet size - 117mm x 90mm</p>\n<p><span>These Peel &amp; Seal packets have an additional 16mm lip to allow the fold over the top.</span></p>\n<p>Our confetti packets are glassine, crafted from a wood pulp. Therefore they are 100% recyclable and biodegradable, making them fully eco-friendly.</p>\n<p>Please note confetti is NOT included with this product. Simply choose your required confetti for the packets, whether<span> </span><a href=\"https://www.confettibee.co.uk/collections/natural-confetti\" data-mce-href=\"https://www.confettibee.co.uk/collections/natural-confetti\">natural confetti<span> </span></a>or<span> </span><a href=\"https://www.confettibee.co.uk/collections/biodegradable-paper-confetti\" data-mce-href=\"https://www.confettibee.co.uk/collections/biodegradable-paper-confetti\">paper confetti</a> and add to your order!</p>\n<p><em>Shown here with our Kaleidoscope Confetti Collection. </em></p>','Confetti Bee Packets','2024-04-18 09:49:07','2024-04-18 09:49:07'),(210,'confettibee-co-uk.myshopify.com',8078443610370,'Confetti Packets - Floral Design 13','<p>Personalise your confetti packets with your names &amp; wedding date then fill with your chosen confetti<span> to </span><span data-mce-fragment=\"1\">beautifully complement the colour and theme of your Wedding Day!</span></p>\n<p>Depending on petal size,1 litre of our confetti should fill up to 20 of the confetti packets, giving your guests a handful to throw for that all important confetti shot! <span data-mce-fragment=\"1\">Please see our </span><a href=\"https://www.confettibee.co.uk/pages/how-many-litres-of-confetti-do-i-need-for-my-wedding\" data-mce-href=\"https://www.confettibee.co.uk/pages/how-many-litres-of-confetti-do-i-need-for-my-wedding\" data-mce-fragment=\"1\"><span data-mce-fragment=\"1\">guide page</span></a><span data-mce-fragment=\"1\"> for more information and advice on getting the right amount.</span></p>\n<p>Overall packet size - 117mm x 90mm</p>\n<p><span>These Peel &amp; Seal packets have an additional 16mm lip to allow the fold over the top.</span></p>\n<p>Our confetti packets are glassine, crafted from a wood pulp. Therefore they are 100% recyclable and biodegradable, making them fully eco-friendly.</p>\n<p>Please note confetti is NOT included with this product. Simply choose your required confetti for the packets, whether<span> </span><a href=\"https://www.confettibee.co.uk/collections/natural-confetti\" data-mce-href=\"https://www.confettibee.co.uk/collections/natural-confetti\">natural confetti<span> </span></a>or<span> </span><a href=\"https://www.confettibee.co.uk/collections/biodegradable-paper-confetti\" data-mce-href=\"https://www.confettibee.co.uk/collections/biodegradable-paper-confetti\">paper confetti</a> and add to your order!</p>\n<p><em>Shown here with our Kaleidoscope Confetti Collection. </em></p>','Confetti Bee Packets','2024-04-18 09:49:07','2024-04-18 09:49:07'),(211,'confettibee-co-uk.myshopify.com',8078444331266,'Confetti Packets - Floral Design 14','<p>Personalise your confetti packets with your names &amp; wedding date then fill with your chosen confetti<span> to </span><span data-mce-fragment=\"1\">beautifully complement the colour and theme of your Wedding Day!</span></p>\n<p>Depending on petal size,1 litre of our confetti should fill up to 20 of the confetti packets, giving your guests a handful to throw for that all important confetti shot! <span data-mce-fragment=\"1\">Please see our </span><a href=\"https://www.confettibee.co.uk/pages/how-many-litres-of-confetti-do-i-need-for-my-wedding\" data-mce-href=\"https://www.confettibee.co.uk/pages/how-many-litres-of-confetti-do-i-need-for-my-wedding\" data-mce-fragment=\"1\"><span data-mce-fragment=\"1\">guide page</span></a><span data-mce-fragment=\"1\"> for more information and advice on getting the right amount.</span></p>\n<p>Overall packet size - 117mm x 90mm</p>\n<p><span>These Peel &amp; Seal packets have an additional 16mm lip to allow the fold over the top.</span></p>\n<p>Our confetti packets are glassine, crafted from a wood pulp. Therefore they are 100% recyclable and biodegradable, making them fully eco-friendly.</p>\n<p>Please note confetti is NOT included with this product. Simply choose your required confetti for the packets, whether<span> </span><a href=\"https://www.confettibee.co.uk/collections/natural-confetti\" data-mce-href=\"https://www.confettibee.co.uk/collections/natural-confetti\">natural confetti<span> </span></a>or<span> </span><a href=\"https://www.confettibee.co.uk/collections/biodegradable-paper-confetti\" data-mce-href=\"https://www.confettibee.co.uk/collections/biodegradable-paper-confetti\">paper confetti</a> and add to your order!</p>\n<p><em>Shown here with our Kaleidoscope Confetti Collection. </em></p>','Confetti Bee Packets','2024-04-18 09:49:07','2024-04-18 09:49:07'),(212,'confettibee-co-uk.myshopify.com',7897516507394,'Confetti Packets - Floral Design 2','<p>Personalise your confetti packets with your names &amp; wedding date then fill with your chosen confetti<span> to </span><span data-mce-fragment=\"1\">beautifully complement the colour and theme of your Wedding Day!</span></p>\n<p>Depending on petal size,1 litre of our confetti should fill up to 20 of the confetti packets, giving your guests a handful to throw for that all important confetti shot! <span data-mce-fragment=\"1\">Please see our </span><a href=\"https://www.confettibee.co.uk/pages/how-many-litres-of-confetti-do-i-need-for-my-wedding\" data-mce-href=\"https://www.confettibee.co.uk/pages/how-many-litres-of-confetti-do-i-need-for-my-wedding\" data-mce-fragment=\"1\"><span data-mce-fragment=\"1\">guide page</span></a><span data-mce-fragment=\"1\"> for more information and advice on getting the right amount.</span></p>\n<p>Overall packet size - 117mm x 90mm</p>\n<p><span>These Peel &amp; Seal packets have an additional 16mm lip to allow the fold over the top.</span></p>\n<p>Our confetti packets are glassine, crafted from a wood pulp. Therefore they are 100% recyclable and biodegradable, making them fully eco-friendly.</p>\n<p>Please note confetti is NOT included with this product. Simply choose your required confetti for the packets, whether<span> </span><a href=\"https://www.confettibee.co.uk/collections/natural-confetti\" data-mce-href=\"https://www.confettibee.co.uk/collections/natural-confetti\">natural confetti<span> </span></a>or<span> </span><a href=\"https://www.confettibee.co.uk/collections/biodegradable-paper-confetti\" data-mce-href=\"https://www.confettibee.co.uk/collections/biodegradable-paper-confetti\">paper confetti</a> and add to your order!</p>\n<p><em>Shown here with our Something Blue Confetti Collection. </em></p>','Confetti Bee Packets','2024-04-18 09:49:07','2024-04-18 09:49:07'),(213,'confettibee-co-uk.myshopify.com',7897517588738,'Confetti Packets - Floral Design 3','<p>Personalise your confetti packets with your names &amp; wedding date then fill with your chosen confetti<span> to </span><span data-mce-fragment=\"1\">beautifully complement the colour and theme of your Wedding Day!</span></p>\n<p>Depending on petal size,1 litre of our confetti should fill up to 20 of the confetti packets, giving your guests a handful to throw for that all important confetti shot! <span data-mce-fragment=\"1\">Please see our </span><a href=\"https://www.confettibee.co.uk/pages/how-many-litres-of-confetti-do-i-need-for-my-wedding\" data-mce-href=\"https://www.confettibee.co.uk/pages/how-many-litres-of-confetti-do-i-need-for-my-wedding\" data-mce-fragment=\"1\"><span data-mce-fragment=\"1\">guide page</span></a><span data-mce-fragment=\"1\"> for more information and advice on getting the right amount.</span></p>\n<p>Overall packet size - 117mm x 90mm</p>\n<p><span>These Peel &amp; Seal packets have an additional 16mm lip to allow the fold over the top.</span></p>\n<p>Our confetti packets are glassine, crafted from a wood pulp. Therefore they are 100% recyclable and biodegradable, making them fully eco-friendly.</p>\n<p>Please note confetti is NOT included with this product. Simply choose your required confetti for the packets, whether<span> </span><a href=\"https://www.confettibee.co.uk/collections/natural-confetti\" data-mce-href=\"https://www.confettibee.co.uk/collections/natural-confetti\">natural confetti<span> </span></a>or<span> </span><a href=\"https://www.confettibee.co.uk/collections/biodegradable-paper-confetti\" data-mce-href=\"https://www.confettibee.co.uk/collections/biodegradable-paper-confetti\">paper confetti</a> and add to your order!</p>\n<p><em>Shown here with our Something Blue Confetti Collection. </em></p>','Confetti Bee Packets','2024-04-18 09:49:07','2024-04-18 09:49:07'),(214,'confettibee-co-uk.myshopify.com',7897517785346,'Confetti Packets - Floral Design 4','<p>Personalise your confetti packets with your names &amp; wedding date then fill with your chosen confetti<span> to </span><span data-mce-fragment=\"1\">beautifully complement the colour and theme of your Wedding Day!</span></p>\n<p>Depending on petal size,1 litre of our confetti should fill up to 20 of the confetti packets, giving your guests a handful to throw for that all important confetti shot! <span data-mce-fragment=\"1\">Please see our </span><a href=\"https://www.confettibee.co.uk/pages/how-many-litres-of-confetti-do-i-need-for-my-wedding\" data-mce-href=\"https://www.confettibee.co.uk/pages/how-many-litres-of-confetti-do-i-need-for-my-wedding\" data-mce-fragment=\"1\"><span data-mce-fragment=\"1\">guide page</span></a><span data-mce-fragment=\"1\"> for more information and advice on getting the right amount.</span></p>\n<p>Overall packet size - 117mm x 90mm</p>\n<p><span>These Peel &amp; Seal packets have an additional 16mm lip to allow the fold over the top.</span></p>\n<p>Our confetti packets are glassine, crafted from a wood pulp. Therefore they are 100% recyclable and biodegradable, making them fully eco-friendly.</p>\n<p>Please note confetti is NOT included with this product. Simply choose your required confetti for the packets, whether<span> </span><a href=\"https://www.confettibee.co.uk/collections/natural-confetti\" data-mce-href=\"https://www.confettibee.co.uk/collections/natural-confetti\">natural confetti<span> </span></a>or<span> </span><a href=\"https://www.confettibee.co.uk/collections/biodegradable-paper-confetti\" data-mce-href=\"https://www.confettibee.co.uk/collections/biodegradable-paper-confetti\">paper confetti</a> and add to your order!</p>\n<p><em>Shown here with our Something Blue Confetti Collection. </em></p>','Confetti Bee Packets','2024-04-18 09:49:07','2024-04-18 09:49:07'),(215,'confettibee-co-uk.myshopify.com',7897518047490,'Confetti Packets - Floral Design 5','<p>Personalise your confetti packets with your names &amp; wedding date then fill with your chosen confetti<span> to </span><span data-mce-fragment=\"1\">beautifully complement the colour and theme of your Wedding Day!</span></p>\n<p>Depending on petal size,1 litre of our confetti should fill up to 20 of the confetti packets, giving your guests a handful to throw for that all important confetti shot! <span data-mce-fragment=\"1\">Please see our </span><a href=\"https://www.confettibee.co.uk/pages/how-many-litres-of-confetti-do-i-need-for-my-wedding\" data-mce-href=\"https://www.confettibee.co.uk/pages/how-many-litres-of-confetti-do-i-need-for-my-wedding\" data-mce-fragment=\"1\"><span data-mce-fragment=\"1\">guide page</span></a><span data-mce-fragment=\"1\"> for more information and advice on getting the right amount.</span></p>\n<p>Overall packet size - 117mm x 90mm</p>\n<p><span>These Peel &amp; Seal packets have an additional 16mm lip to allow the fold over the top.</span></p>\n<p>Our confetti packets are glassine, crafted from a wood pulp. Therefore they are 100% recyclable and biodegradable, making them fully eco-friendly.</p>\n<p>Please note confetti is NOT included with this product. Simply choose your required confetti for the packets, whether<span> </span><a href=\"https://www.confettibee.co.uk/collections/natural-confetti\" data-mce-href=\"https://www.confettibee.co.uk/collections/natural-confetti\">natural confetti<span> </span></a>or<span> </span><a href=\"https://www.confettibee.co.uk/collections/biodegradable-paper-confetti\" data-mce-href=\"https://www.confettibee.co.uk/collections/biodegradable-paper-confetti\">paper confetti</a> and add to your order!</p>\n<p><em>Shown here with our Something Blue Confetti Collection. </em></p>','Confetti Bee Packets','2024-04-18 09:49:07','2024-04-18 09:49:07'),(216,'confettibee-co-uk.myshopify.com',7924916814082,'Confetti Packets - Floral Design 6','<p>Personalise your confetti packets with your names &amp; wedding date then fill with your chosen confetti<span> to </span><span data-mce-fragment=\"1\">beautifully complement the colour and theme of your Wedding Day!</span></p>\n<p>Depending on petal size,1 litre of our confetti should fill up to 20 of the confetti packets, giving your guests a handful to throw for that all important confetti shot! <span data-mce-fragment=\"1\">Please see our </span><a href=\"https://www.confettibee.co.uk/pages/how-many-litres-of-confetti-do-i-need-for-my-wedding\" data-mce-href=\"https://www.confettibee.co.uk/pages/how-many-litres-of-confetti-do-i-need-for-my-wedding\" data-mce-fragment=\"1\"><span data-mce-fragment=\"1\">guide page</span></a><span data-mce-fragment=\"1\"> for more information and advice on getting the right amount.</span></p>\n<p>Overall packet size - 117mm x 90mm</p>\n<p><span>These Peel &amp; Seal packets have an additional 16mm lip to allow the fold over the top.</span></p>\n<p>Our confetti packets are glassine, crafted from a wood pulp. Therefore they are 100% recyclable and biodegradable, making them fully eco-friendly.</p>\n<p>Please note confetti is NOT included with this product. Simply choose your required confetti for the packets, whether<span> </span><a href=\"https://www.confettibee.co.uk/collections/natural-confetti\" data-mce-href=\"https://www.confettibee.co.uk/collections/natural-confetti\">natural confetti<span> </span></a>or<span> </span><a href=\"https://www.confettibee.co.uk/collections/biodegradable-paper-confetti\" data-mce-href=\"https://www.confettibee.co.uk/collections/biodegradable-paper-confetti\">paper confetti</a> and add to your order!</p>\n<p><em>Shown here with our Kaleidoscope Confetti Collection. </em></p>','Confetti Bee Packets','2024-04-18 09:49:07','2024-04-18 09:49:07'),(217,'confettibee-co-uk.myshopify.com',7924926677250,'Confetti Packets - Floral Design 7','<p>Personalise your confetti packets with your names &amp; wedding date then fill with your chosen confetti<span> to </span><span data-mce-fragment=\"1\">beautifully complement the colour and theme of your Wedding Day!</span></p>\n<p>Depending on petal size,1 litre of our confetti should fill up to 20 of the confetti packets, giving your guests a handful to throw for that all important confetti shot! <span data-mce-fragment=\"1\">Please see our </span><a href=\"https://www.confettibee.co.uk/pages/how-many-litres-of-confetti-do-i-need-for-my-wedding\" data-mce-href=\"https://www.confettibee.co.uk/pages/how-many-litres-of-confetti-do-i-need-for-my-wedding\" data-mce-fragment=\"1\"><span data-mce-fragment=\"1\">guide page</span></a><span data-mce-fragment=\"1\"> for more information and advice on getting the right amount.</span></p>\n<p>Overall packet size - 117mm x 90mm</p>\n<p><span>These Peel &amp; Seal packets have an additional 16mm lip to allow the fold over the top.</span></p>\n<p>Our confetti packets are glassine, crafted from a wood pulp. Therefore they are 100% recyclable and biodegradable, making them fully eco-friendly.</p>\n<p>Please note confetti is NOT included with this product. Simply choose your required confetti for the packets, whether<span> </span><a href=\"https://www.confettibee.co.uk/collections/natural-confetti\" data-mce-href=\"https://www.confettibee.co.uk/collections/natural-confetti\">natural confetti<span> </span></a>or<span> </span><a href=\"https://www.confettibee.co.uk/collections/biodegradable-paper-confetti\" data-mce-href=\"https://www.confettibee.co.uk/collections/biodegradable-paper-confetti\">paper confetti</a> and add to your order!</p>\n<p><em>Shown here with our Kaleidoscope Confetti Collection. </em></p>','Confetti Bee Packets','2024-04-18 09:49:07','2024-04-18 09:49:07'),(218,'confettibee-co-uk.myshopify.com',7924928971010,'Confetti Packets - Floral Design 8','<p>Personalise your confetti packets with your names &amp; wedding date then fill with your chosen confetti<span> to </span><span data-mce-fragment=\"1\">beautifully complement the colour and theme of your Wedding Day!</span></p>\n<p>Depending on petal size,1 litre of our confetti should fill up to 20 of the confetti packets, giving your guests a handful to throw for that all important confetti shot! <span data-mce-fragment=\"1\">Please see our </span><a href=\"https://www.confettibee.co.uk/pages/how-many-litres-of-confetti-do-i-need-for-my-wedding\" data-mce-href=\"https://www.confettibee.co.uk/pages/how-many-litres-of-confetti-do-i-need-for-my-wedding\" data-mce-fragment=\"1\"><span data-mce-fragment=\"1\">guide page</span></a><span data-mce-fragment=\"1\"> for more information and advice on getting the right amount.</span></p>\n<p>Overall packet size - 117mm x 90mm</p>\n<p><span>These Peel &amp; Seal packets have an additional 16mm lip to allow the fold over the top.</span></p>\n<p>Our confetti packets are glassine, crafted from a wood pulp. Therefore they are 100% recyclable and biodegradable, making them fully eco-friendly.</p>\n<p>Please note confetti is NOT included with this product. Simply choose your required confetti for the packets, whether<span> </span><a href=\"https://www.confettibee.co.uk/collections/natural-confetti\" data-mce-href=\"https://www.confettibee.co.uk/collections/natural-confetti\">natural confetti<span> </span></a>or<span> </span><a href=\"https://www.confettibee.co.uk/collections/biodegradable-paper-confetti\" data-mce-href=\"https://www.confettibee.co.uk/collections/biodegradable-paper-confetti\">paper confetti</a> and add to your order!</p>\n<p><em>Shown here with our Kaleidoscope Confetti Collection. </em></p>','Confetti Bee Packets','2024-04-18 09:49:07','2024-04-18 09:49:07'),(219,'confettibee-co-uk.myshopify.com',7924929888514,'Confetti Packets - Floral Design 9','<p>Personalise your confetti packets with your names &amp; wedding date then fill with your chosen confetti<span> to </span><span data-mce-fragment=\"1\">beautifully complement the colour and theme of your Wedding Day!</span></p>\n<p>Depending on petal size,1 litre of our confetti should fill up to 20 of the confetti packets, giving your guests a handful to throw for that all important confetti shot! <span data-mce-fragment=\"1\">Please see our </span><a href=\"https://www.confettibee.co.uk/pages/how-many-litres-of-confetti-do-i-need-for-my-wedding\" data-mce-href=\"https://www.confettibee.co.uk/pages/how-many-litres-of-confetti-do-i-need-for-my-wedding\" data-mce-fragment=\"1\"><span data-mce-fragment=\"1\">guide page</span></a><span data-mce-fragment=\"1\"> for more information and advice on getting the right amount.</span></p>\n<p>Overall packet size - 117mm x 90mm</p>\n<p><span>These Peel &amp; Seal packets have an additional 16mm lip to allow the fold over the top.</span></p>\n<p>Our confetti packets are glassine, crafted from a wood pulp. Therefore they are 100% recyclable and biodegradable, making them fully eco-friendly.</p>\n<p>Please note confetti is NOT included with this product. Simply choose your required confetti for the packets, whether<span> </span><a href=\"https://www.confettibee.co.uk/collections/natural-confetti\" data-mce-href=\"https://www.confettibee.co.uk/collections/natural-confetti\">natural confetti<span> </span></a>or<span> </span><a href=\"https://www.confettibee.co.uk/collections/biodegradable-paper-confetti\" data-mce-href=\"https://www.confettibee.co.uk/collections/biodegradable-paper-confetti\">paper confetti</a> and add to your order!</p>\n<p><em>Shown here with our Kaleidoscope Confetti Collection. </em></p>','Confetti Bee Packets','2024-04-18 09:49:07','2024-04-18 09:49:07'),(220,'confettibee-co-uk.myshopify.com',7907184640258,'Confetti Packets - Heart Design 1','<p>Personalise your confetti packets with your names &amp; wedding date then fill with your chosen confetti<span> to </span><span data-mce-fragment=\"1\">beautifully complement the colour and theme of your Wedding Day!</span></p>\n<p>Depending on petal size,1 litre of our confetti should fill up to 20 of the confetti packets, giving your guests a handful to throw for that all important confetti shot! <span data-mce-fragment=\"1\">Please see our </span><a href=\"https://www.confettibee.co.uk/pages/how-many-litres-of-confetti-do-i-need-for-my-wedding\" data-mce-href=\"https://www.confettibee.co.uk/pages/how-many-litres-of-confetti-do-i-need-for-my-wedding\" data-mce-fragment=\"1\"><span data-mce-fragment=\"1\">guide page</span></a><span data-mce-fragment=\"1\"> for more information and advice on getting the right amount.</span></p>\n<p>Overall packet size - 117mm x 90mm</p>\n<p><span>These Peel &amp; Seal packets have an additional 16mm lip to allow the fold over the top.</span></p>\n<p>Our confetti packets are glassine, crafted from a wood pulp. Therefore they are 100% recyclable and biodegradable, making them fully eco-friendly.</p>\n<p>Please note confetti is NOT included with this product. Simply choose your required confetti for the packets, whether<span> </span><a href=\"https://www.confettibee.co.uk/collections/natural-confetti\" data-mce-href=\"https://www.confettibee.co.uk/collections/natural-confetti\">natural confetti<span> </span></a>or<span> </span><a href=\"https://www.confettibee.co.uk/collections/biodegradable-paper-confetti\" data-mce-href=\"https://www.confettibee.co.uk/collections/biodegradable-paper-confetti\">paper confetti</a> and add to your order!</p>\n<p><em>Shown here with our Sweet Rose Buds Confetti Collection. </em></p>','Confetti Bee Packets','2024-04-18 09:49:07','2024-04-18 09:49:07'),(221,'confettibee-co-uk.myshopify.com',7970613100802,'Confetti Packets - Heart Design 10','<p data-mce-fragment=\"1\">Personalise your confetti packets with your names &amp; wedding date then fill with your chosen confetti<span data-mce-fragment=\"1\"> to </span><span data-mce-fragment=\"1\">beautifully complement the colour and theme of your Wedding Day!</span></p>\n<p data-mce-fragment=\"1\">Depending on petal size,1 litre of our confetti should fill up to 20 of the confetti packets, giving your guests a handful to throw for that all important confetti shot! <span data-mce-fragment=\"1\">Please see our </span><a href=\"https://www.confettibee.co.uk/pages/how-many-litres-of-confetti-do-i-need-for-my-wedding\" data-mce-href=\"https://www.confettibee.co.uk/pages/how-many-litres-of-confetti-do-i-need-for-my-wedding\" data-mce-fragment=\"1\"><span data-mce-fragment=\"1\">guide page</span></a><span data-mce-fragment=\"1\"> for more information and advice on getting the right amount.</span></p>\n<p data-mce-fragment=\"1\">Overall packet size - 117mm x 90mm</p>\n<p data-mce-fragment=\"1\"><span data-mce-fragment=\"1\">These Peel &amp; Seal packets have an additional 16mm lip to allow the fold over the top.</span></p>\n<p data-mce-fragment=\"1\">Our confetti packets are glassine, crafted from a wood pulp. Therefore they are 100% recyclable and biodegradable, making them fully eco-friendly.</p>\n<p data-mce-fragment=\"1\">Please note confetti is NOT included with this product. Simply choose your required confetti for the packets, whether<span data-mce-fragment=\"1\"> </span><a href=\"https://www.confettibee.co.uk/collections/natural-confetti\" data-mce-fragment=\"1\" data-mce-href=\"https://www.confettibee.co.uk/collections/natural-confetti\">natural confetti<span data-mce-fragment=\"1\"> </span></a>or<span data-mce-fragment=\"1\"> </span><a href=\"https://www.confettibee.co.uk/collections/biodegradable-paper-confetti\" data-mce-fragment=\"1\" data-mce-href=\"https://www.confettibee.co.uk/collections/biodegradable-paper-confetti\">paper confetti</a> and add to your order!</p>\n<p data-mce-fragment=\"1\"><em data-mce-fragment=\"1\">Shown here with our Snow White Hydrangea Petals. </em></p>','Confetti Bee Packets','2024-04-18 09:49:07','2024-04-18 09:49:07'),(222,'confettibee-co-uk.myshopify.com',7907185754370,'Confetti Packets - Heart Design 2','<p>Personalise your confetti packets with your names &amp; wedding date then fill with your chosen confetti<span> to </span><span data-mce-fragment=\"1\">beautifully complement the colour and theme of your Wedding Day!</span></p>\n<p>Depending on petal size,1 litre of our confetti should fill up to 20 of the confetti packets, giving your guests a handful to throw for that all important confetti shot! <span data-mce-fragment=\"1\">Please see our </span><a href=\"https://www.confettibee.co.uk/pages/how-many-litres-of-confetti-do-i-need-for-my-wedding\" data-mce-href=\"https://www.confettibee.co.uk/pages/how-many-litres-of-confetti-do-i-need-for-my-wedding\" data-mce-fragment=\"1\"><span data-mce-fragment=\"1\">guide page</span></a><span data-mce-fragment=\"1\"> for more information and advice on getting the right amount.</span></p>\n<p>Overall packet size - 117mm x 90mm</p>\n<p><span>These Peel &amp; Seal packets have an additional 16mm lip to allow the fold over the top.</span></p>\n<p>Our confetti packets are glassine, crafted from a wood pulp. Therefore they are 100% recyclable and biodegradable, making them fully eco-friendly.</p>\n<p>Please note confetti is NOT included with this product. Simply choose your required confetti for the packets, whether<span> </span><a href=\"https://www.confettibee.co.uk/collections/natural-confetti\" data-mce-href=\"https://www.confettibee.co.uk/collections/natural-confetti\">natural confetti<span> </span></a>or<span> </span><a href=\"https://www.confettibee.co.uk/collections/biodegradable-paper-confetti\" data-mce-href=\"https://www.confettibee.co.uk/collections/biodegradable-paper-confetti\">paper confetti</a> and add to your order!</p>\n<p><em>Shown here with our Sweet Rose Buds Confetti Collection. </em></p>','Confetti Bee Packets','2024-04-18 09:49:07','2024-04-18 09:49:07'),(223,'confettibee-co-uk.myshopify.com',7907186049282,'Confetti Packets - Heart Design 3','<p>Personalise your confetti packets with your names &amp; wedding date then fill with your chosen confetti<span> to </span><span data-mce-fragment=\"1\">beautifully complement the colour and theme of your Wedding Day!</span></p>\n<p>Depending on petal size,1 litre of our confetti should fill up to 20 of the confetti packets, giving your guests a handful to throw for that all important confetti shot! <span data-mce-fragment=\"1\">Please see our </span><a href=\"https://www.confettibee.co.uk/pages/how-many-litres-of-confetti-do-i-need-for-my-wedding\" data-mce-href=\"https://www.confettibee.co.uk/pages/how-many-litres-of-confetti-do-i-need-for-my-wedding\" data-mce-fragment=\"1\"><span data-mce-fragment=\"1\">guide page</span></a><span data-mce-fragment=\"1\"> for more information and advice on getting the right amount.</span></p>\n<p>Overall packet size - 117mm x 90mm</p>\n<p><span>These Peel &amp; Seal packets have an additional 16mm lip to allow the fold over the top.</span></p>\n<p>Our confetti packets are glassine, crafted from a wood pulp. Therefore they are 100% recyclable and biodegradable, making them fully eco-friendly.</p>\n<p>Please note confetti is NOT included with this product. Simply choose your required confetti for the packets, whether<span> </span><a href=\"https://www.confettibee.co.uk/collections/natural-confetti\" data-mce-href=\"https://www.confettibee.co.uk/collections/natural-confetti\">natural confetti<span> </span></a>or<span> </span><a href=\"https://www.confettibee.co.uk/collections/biodegradable-paper-confetti\" data-mce-href=\"https://www.confettibee.co.uk/collections/biodegradable-paper-confetti\">paper confetti</a> and add to your order!</p>\n<p><em>Shown here with our Sweet Rose Buds Confetti Collection. </em></p>','Confetti Bee Packets','2024-04-18 09:49:07','2024-04-18 09:49:07'),(224,'confettibee-co-uk.myshopify.com',7907186409730,'Confetti Packets - Heart Design 4','<p>Personalise your confetti packets with your names &amp; wedding date then fill with your chosen confetti<span> to </span><span data-mce-fragment=\"1\">beautifully complement the colour and theme of your Wedding Day!</span></p>\n<p>Depending on petal size,1 litre of our confetti should fill up to 20 of the confetti packets, giving your guests a handful to throw for that all important confetti shot! <span data-mce-fragment=\"1\">Please see our </span><a href=\"https://www.confettibee.co.uk/pages/how-many-litres-of-confetti-do-i-need-for-my-wedding\" data-mce-href=\"https://www.confettibee.co.uk/pages/how-many-litres-of-confetti-do-i-need-for-my-wedding\" data-mce-fragment=\"1\"><span data-mce-fragment=\"1\">guide page</span></a><span data-mce-fragment=\"1\"> for more information and advice on getting the right amount.</span></p>\n<p>Overall packet size - 117mm x 90mm</p>\n<p><span>These Peel &amp; Seal packets have an additional 16mm lip to allow the fold over the top.</span></p>\n<p>Our confetti packets are glassine, crafted from a wood pulp. Therefore they are 100% recyclable and biodegradable, making them fully eco-friendly.</p>\n<p>Please note confetti is NOT included with this product. Simply choose your required confetti for the packets, whether<span> </span><a href=\"https://www.confettibee.co.uk/collections/natural-confetti\" data-mce-href=\"https://www.confettibee.co.uk/collections/natural-confetti\">natural confetti<span> </span></a>or<span> </span><a href=\"https://www.confettibee.co.uk/collections/biodegradable-paper-confetti\" data-mce-href=\"https://www.confettibee.co.uk/collections/biodegradable-paper-confetti\">paper confetti</a> and add to your order!</p>\n<p><em>Shown here with our Sweet Rose Buds Confetti Collection. </em></p>','Confetti Bee Packets','2024-04-18 09:49:07','2024-04-18 09:49:07'),(225,'confettibee-co-uk.myshopify.com',7907187654914,'Confetti Packets - Heart Design 5','<p>Personalise your confetti packets with your names &amp; wedding date then fill with your chosen confetti<span> to </span><span data-mce-fragment=\"1\">beautifully complement the colour and theme of your Wedding Day!</span></p>\n<p>Depending on petal size,1 litre of our confetti should fill up to 20 of the confetti packets, giving your guests a handful to throw for that all important confetti shot! <span data-mce-fragment=\"1\">Please see our </span><a href=\"https://www.confettibee.co.uk/pages/how-many-litres-of-confetti-do-i-need-for-my-wedding\" data-mce-href=\"https://www.confettibee.co.uk/pages/how-many-litres-of-confetti-do-i-need-for-my-wedding\" data-mce-fragment=\"1\"><span data-mce-fragment=\"1\">guide page</span></a><span data-mce-fragment=\"1\"> for more information and advice on getting the right amount.</span></p>\n<p>Overall packet size - 117mm x 90mm</p>\n<p><span>These Peel &amp; Seal packets have an additional 16mm lip to allow the fold over the top.</span></p>\n<p>Our confetti packets are glassine, crafted from a wood pulp. Therefore they are 100% recyclable and biodegradable, making them fully eco-friendly.</p>\n<p>Please note confetti is NOT included with this product. Simply choose your required confetti for the packets, whether<span> </span><a href=\"https://www.confettibee.co.uk/collections/natural-confetti\" data-mce-href=\"https://www.confettibee.co.uk/collections/natural-confetti\">natural confetti<span> </span></a>or<span> </span><a href=\"https://www.confettibee.co.uk/collections/biodegradable-paper-confetti\" data-mce-href=\"https://www.confettibee.co.uk/collections/biodegradable-paper-confetti\">paper confetti</a> and add to your order!</p>\n<p><em>Shown here with our Sweet Rose Buds Confetti Collection. </em></p>','Confetti Bee Packets','2024-04-18 09:49:07','2024-04-18 09:49:07'),(226,'confettibee-co-uk.myshopify.com',7970609955074,'Confetti Packets - Heart Design 6','<p>Personalise your confetti packets with your names &amp; wedding date then fill with your chosen confetti<span> to </span><span data-mce-fragment=\"1\">beautifully complement the colour and theme of your Wedding Day!</span></p>\n<p>Depending on petal size,1 litre of our confetti should fill up to 20 of the confetti packets, giving your guests a handful to throw for that all important confetti shot! <span data-mce-fragment=\"1\">Please see our </span><a href=\"https://www.confettibee.co.uk/pages/how-many-litres-of-confetti-do-i-need-for-my-wedding\" data-mce-href=\"https://www.confettibee.co.uk/pages/how-many-litres-of-confetti-do-i-need-for-my-wedding\" data-mce-fragment=\"1\"><span data-mce-fragment=\"1\">guide page</span></a><span data-mce-fragment=\"1\"> for more information and advice on getting the right amount.</span></p>\n<p>Overall packet size - 117mm x 90mm</p>\n<p><span>These Peel &amp; Seal packets have an additional 16mm lip to allow the fold over the top.</span></p>\n<p>Our confetti packets are glassine, crafted from a wood pulp. Therefore they are 100% recyclable and biodegradable, making them fully eco-friendly.</p>\n<p>Please note confetti is NOT included with this product. Simply choose your required confetti for the packets, whether<span> </span><a href=\"https://www.confettibee.co.uk/collections/natural-confetti\" data-mce-href=\"https://www.confettibee.co.uk/collections/natural-confetti\">natural confetti<span> </span></a>or<span> </span><a href=\"https://www.confettibee.co.uk/collections/biodegradable-paper-confetti\" data-mce-href=\"https://www.confettibee.co.uk/collections/biodegradable-paper-confetti\">paper confetti</a> and add to your order!</p>\n<p><em>Shown here with our Snow White Hydrangea Petals. </em></p>','Confetti Bee Packets','2024-04-18 09:49:07','2024-04-18 09:49:07'),(227,'confettibee-co-uk.myshopify.com',7970611986690,'Confetti Packets - Heart Design 7','<p>Personalise your confetti packets with your names &amp; wedding date then fill with your chosen confetti<span> to </span><span data-mce-fragment=\"1\">beautifully complement the colour and theme of your Wedding Day!</span></p>\n<p>Depending on petal size,1 litre of our confetti should fill up to 20 of the confetti packets, giving your guests a handful to throw for that all important confetti shot! <span data-mce-fragment=\"1\">Please see our </span><a href=\"https://www.confettibee.co.uk/pages/how-many-litres-of-confetti-do-i-need-for-my-wedding\" data-mce-href=\"https://www.confettibee.co.uk/pages/how-many-litres-of-confetti-do-i-need-for-my-wedding\" data-mce-fragment=\"1\"><span data-mce-fragment=\"1\">guide page</span></a><span data-mce-fragment=\"1\"> for more information and advice on getting the right amount.</span></p>\n<p>Overall packet size - 117mm x 90mm</p>\n<p><span>These Peel &amp; Seal packets have an additional 16mm lip to allow the fold over the top.</span></p>\n<p>Our confetti packets are glassine, crafted from a wood pulp. Therefore they are 100% recyclable and biodegradable, making them fully eco-friendly.</p>\n<p>Please note confetti is NOT included with this product. Simply choose your required confetti for the packets, whether<span> </span><a href=\"https://www.confettibee.co.uk/collections/natural-confetti\" data-mce-href=\"https://www.confettibee.co.uk/collections/natural-confetti\">natural confetti<span> </span></a>or<span> </span><a href=\"https://www.confettibee.co.uk/collections/biodegradable-paper-confetti\" data-mce-href=\"https://www.confettibee.co.uk/collections/biodegradable-paper-confetti\">paper confetti</a> and add to your order!</p>\n<p><em>Shown here with our Snow White Hydrangea Petals. </em></p>','Confetti Bee Packets','2024-04-18 09:49:07','2024-04-18 09:49:07'),(228,'confettibee-co-uk.myshopify.com',7970612216066,'Confetti Packets - Heart Design 8','<p>Personalise your confetti packets with your names &amp; wedding date then fill with your chosen confetti<span> to </span><span data-mce-fragment=\"1\">beautifully complement the colour and theme of your Wedding Day!</span></p>\n<p>Depending on petal size,1 litre of our confetti should fill up to 20 of the confetti packets, giving your guests a handful to throw for that all important confetti shot! <span data-mce-fragment=\"1\">Please see our </span><a href=\"https://www.confettibee.co.uk/pages/how-many-litres-of-confetti-do-i-need-for-my-wedding\" data-mce-href=\"https://www.confettibee.co.uk/pages/how-many-litres-of-confetti-do-i-need-for-my-wedding\" data-mce-fragment=\"1\"><span data-mce-fragment=\"1\">guide page</span></a><span data-mce-fragment=\"1\"> for more information and advice on getting the right amount.</span></p>\n<p>Overall packet size - 117mm x 90mm</p>\n<p><span>These Peel &amp; Seal packets have an additional 16mm lip to allow the fold over the top.</span></p>\n<p>Our confetti packets are glassine, crafted from a wood pulp. Therefore they are 100% recyclable and biodegradable, making them fully eco-friendly.</p>\n<p>Please note confetti is NOT included with this product. Simply choose your required confetti for the packets, whether<span> </span><a href=\"https://www.confettibee.co.uk/collections/natural-confetti\" data-mce-href=\"https://www.confettibee.co.uk/collections/natural-confetti\">natural confetti<span> </span></a>or<span> </span><a href=\"https://www.confettibee.co.uk/collections/biodegradable-paper-confetti\" data-mce-href=\"https://www.confettibee.co.uk/collections/biodegradable-paper-confetti\">paper confetti</a> and add to your order!</p>\n<p><em>Shown here with our Snow White Hydrangea Petals. </em></p>','Confetti Bee Packets','2024-04-18 09:49:07','2024-04-18 09:49:07'),(229,'confettibee-co-uk.myshopify.com',7970612936962,'Confetti Packets - Heart Design 9','<p>Personalise your confetti packets with your names &amp; wedding date then fill with your chosen confetti<span> to </span><span data-mce-fragment=\"1\">beautifully complement the colour and theme of your Wedding Day!</span></p>\n<p>Depending on petal size,1 litre of our confetti should fill up to 20 of the confetti packets, giving your guests a handful to throw for that all important confetti shot! <span data-mce-fragment=\"1\">Please see our </span><a href=\"https://www.confettibee.co.uk/pages/how-many-litres-of-confetti-do-i-need-for-my-wedding\" data-mce-href=\"https://www.confettibee.co.uk/pages/how-many-litres-of-confetti-do-i-need-for-my-wedding\" data-mce-fragment=\"1\"><span data-mce-fragment=\"1\">guide page</span></a><span data-mce-fragment=\"1\"> for more information and advice on getting the right amount.</span></p>\n<p>Overall packet size - 117mm x 90mm</p>\n<p><span>These Peel &amp; Seal packets have an additional 16mm lip to allow the fold over the top.</span></p>\n<p>Our confetti packets are glassine, crafted from a wood pulp. Therefore they are 100% recyclable and biodegradable, making them fully eco-friendly.</p>\n<p>Please note confetti is NOT included with this product. Simply choose your required confetti for the packets, whether<span> </span><a href=\"https://www.confettibee.co.uk/collections/natural-confetti\" data-mce-href=\"https://www.confettibee.co.uk/collections/natural-confetti\">natural confetti<span> </span></a>or<span> </span><a href=\"https://www.confettibee.co.uk/collections/biodegradable-paper-confetti\" data-mce-href=\"https://www.confettibee.co.uk/collections/biodegradable-paper-confetti\">paper confetti</a> and add to your order!</p>\n<p><em>Shown here with our Snow White Hydrangea Petals. </em></p>','Confetti Bee Packets','2024-04-18 09:49:07','2024-04-18 09:49:07'),(230,'confettibee-co-uk.myshopify.com',7850950000898,'Confetti Packets - Initials Design 1','<p data-mce-fragment=\"1\">Personalise your confetti packets with your<span data-mce-fragment=\"1\"> </span><span data-mce-fragment=\"1\">initials</span> &amp; wedding date<span data-mce-fragment=\"1\"> then </span>fill with your chosen confetti to<span data-mce-fragment=\"1\"> </span><span data-mce-fragment=\"1\">beautifully complement the colour and theme of your Wedding Day!</span><br data-mce-fragment=\"1\"></p>\n<p data-mce-fragment=\"1\">Depending on petal size,1 litre of our confetti should fill up to 20 of the confetti packets, giving your guests a handful to throw for that all important confetti shot! <span data-mce-fragment=\"1\">Please see our </span><a href=\"https://www.confettibee.co.uk/pages/how-many-litres-of-confetti-do-i-need-for-my-wedding\" data-mce-href=\"https://www.confettibee.co.uk/pages/how-many-litres-of-confetti-do-i-need-for-my-wedding\" data-mce-fragment=\"1\"><span data-mce-fragment=\"1\">guide page</span></a><span data-mce-fragment=\"1\"> for more information and advice on getting the right amount.</span></p>\n<p data-mce-fragment=\"1\">Overall packet size - 117mm x 90mm</p>\n<p data-mce-fragment=\"1\"><span data-mce-fragment=\"1\">These Peel &amp; Seal packets have an additional 16mm lip to allow the fold over the top.</span></p>\n<p data-mce-fragment=\"1\">Our confetti packets are glassine, crafted from a wood pulp. Therefore they are 100% recyclable and biodegradable, making them fully eco-friendly.</p>\n<p data-mce-fragment=\"1\">Please note confetti is NOT included with this product. Simply choose your required confetti for the packets, whether<span data-mce-fragment=\"1\"> </span><a href=\"https://www.confettibee.co.uk/collections/natural-confetti\" data-mce-href=\"https://www.confettibee.co.uk/collections/natural-confetti\" data-mce-fragment=\"1\">natural confetti<span data-mce-fragment=\"1\"> </span></a>or<span data-mce-fragment=\"1\"> </span><a href=\"https://www.confettibee.co.uk/collections/biodegradable-paper-confetti\" data-mce-href=\"https://www.confettibee.co.uk/collections/biodegradable-paper-confetti\" data-mce-fragment=\"1\">paper confetti</a> and add to your order!</p>\n<p data-mce-fragment=\"1\"><em data-mce-fragment=\"1\">Shown here with our Bad Romance Confetti Collection. </em></p>','Confetti Bee Packets','2024-04-18 09:49:07','2024-04-18 09:49:07'),(231,'confettibee-co-uk.myshopify.com',7850951606530,'Confetti Packets - Initials Design 2','<p>Personalise your confetti packets with your<span> </span><span data-mce-fragment=\"1\">initials</span> &amp; wedding date then fill with your chosen confetti<span> to </span><span data-mce-fragment=\"1\">beautifully complement the colour and theme of your Wedding Day!</span><br></p>\n<p>Depending on petal size,1 litre of our confetti should fill up to 20 of the confetti packets, giving your guests a handful to throw for that all important confetti shot! <span data-mce-fragment=\"1\">Please see our </span><a href=\"https://www.confettibee.co.uk/pages/how-many-litres-of-confetti-do-i-need-for-my-wedding\" data-mce-href=\"https://www.confettibee.co.uk/pages/how-many-litres-of-confetti-do-i-need-for-my-wedding\" data-mce-fragment=\"1\"><span data-mce-fragment=\"1\">guide page</span></a><span data-mce-fragment=\"1\"> for more information and advice on getting the right amount.</span></p>\n<p>Overall packet size - 117mm x 90mm</p>\n<p><span>These Peel &amp; Seal packets have an additional 16mm lip to allow the fold over the top.</span></p>\n<p>Our confetti packets are glassine, crafted from a wood pulp. Therefore they are 100% recyclable and biodegradable, making them fully eco-friendly.</p>\n<p>Please note confetti is NOT included with this product. Simply choose your required confetti for the packets, whether<span> </span><a href=\"https://www.confettibee.co.uk/collections/natural-confetti\" data-mce-href=\"https://www.confettibee.co.uk/collections/natural-confetti\">natural confetti<span> </span></a>or<span> </span><a href=\"https://www.confettibee.co.uk/collections/biodegradable-paper-confetti\" data-mce-href=\"https://www.confettibee.co.uk/collections/biodegradable-paper-confetti\">paper confetti</a> and add to your order!</p>\n<p data-mce-fragment=\"1\"><em>Shown here with our Bad Romance<span> </span>Confetti Collection. </em></p>','Confetti Bee Packets','2024-04-18 09:49:07','2024-04-18 09:49:07'),(232,'confettibee-co-uk.myshopify.com',7850953376002,'Confetti Packets - Initials Design 3','<p data-mce-fragment=\"1\">Personalise your confetti packets with your<span data-mce-fragment=\"1\"> </span><span data-mce-fragment=\"1\">initials</span> &amp; wedding date<span data-mce-fragment=\"1\"> then </span>fill with your chosen confetti to<span data-mce-fragment=\"1\"> </span><span data-mce-fragment=\"1\">beautifully complement the colour and theme of your Wedding Day!</span><br data-mce-fragment=\"1\"></p>\n<p data-mce-fragment=\"1\">Depending on petal size,1 litre of our confetti should fill up to 20 of the confetti packets, giving your guests a handful to throw for that all important confetti shot! <span data-mce-fragment=\"1\">Please see our </span><a href=\"https://www.confettibee.co.uk/pages/how-many-litres-of-confetti-do-i-need-for-my-wedding\" data-mce-href=\"https://www.confettibee.co.uk/pages/how-many-litres-of-confetti-do-i-need-for-my-wedding\" data-mce-fragment=\"1\"><span data-mce-fragment=\"1\">guide page</span></a><span data-mce-fragment=\"1\"> for more information and advice on getting the right amount.</span></p>\n<p data-mce-fragment=\"1\">Overall packet size - 117mm x 90mm</p>\n<p data-mce-fragment=\"1\"><span data-mce-fragment=\"1\">These Peel &amp; Seal packets have an additional 16mm lip to allow the fold over the top.</span></p>\n<p data-mce-fragment=\"1\">Our confetti packets are glassine, crafted from a wood pulp. Therefore they are 100% recyclable and biodegradable, making them fully eco-friendly.</p>\n<p data-mce-fragment=\"1\">Please note confetti is NOT included with this product. Simply choose your required confetti for the packets, whether<span data-mce-fragment=\"1\"> </span><a href=\"https://www.confettibee.co.uk/collections/natural-confetti\" data-mce-href=\"https://www.confettibee.co.uk/collections/natural-confetti\" data-mce-fragment=\"1\">natural confetti<span data-mce-fragment=\"1\"> </span></a>or<span data-mce-fragment=\"1\"> </span><a href=\"https://www.confettibee.co.uk/collections/biodegradable-paper-confetti\" data-mce-href=\"https://www.confettibee.co.uk/collections/biodegradable-paper-confetti\" data-mce-fragment=\"1\">paper confetti</a> and add to your order!</p>\n<p data-mce-fragment=\"1\"><em data-mce-fragment=\"1\">Shown here with our Bad Romance Confetti Collection. </em></p>','Confetti Bee Packets','2024-04-18 09:49:07','2024-04-18 09:49:07'),(233,'confettibee-co-uk.myshopify.com',7850953998594,'Confetti Packets - Initials Design 4','<p data-mce-fragment=\"1\">Personalise your confetti packets with your<span data-mce-fragment=\"1\"> </span><span data-mce-fragment=\"1\">initials</span> &amp; wedding date<span data-mce-fragment=\"1\"> then </span>fill with your chosen confetti to<span data-mce-fragment=\"1\"> </span><span data-mce-fragment=\"1\">beautifully complement the colour and theme of your Wedding Day!</span><br data-mce-fragment=\"1\"></p>\n<p data-mce-fragment=\"1\">Depending on petal size,1 litre of our confetti should fill up to 20 of the confetti packets, giving your guests a handful to throw for that all important confetti shot! <span data-mce-fragment=\"1\">Please see our </span><a href=\"https://www.confettibee.co.uk/pages/how-many-litres-of-confetti-do-i-need-for-my-wedding\" data-mce-href=\"https://www.confettibee.co.uk/pages/how-many-litres-of-confetti-do-i-need-for-my-wedding\" data-mce-fragment=\"1\"><span data-mce-fragment=\"1\">guide page</span></a><span data-mce-fragment=\"1\"> for more information and advice on getting the right amount.</span></p>\n<p data-mce-fragment=\"1\">Overall packet size - 117mm x 90mm</p>\n<p data-mce-fragment=\"1\"><span data-mce-fragment=\"1\">These Peel &amp; Seal packets have an additional 16mm lip to allow the fold over the top.</span></p>\n<p data-mce-fragment=\"1\">Our confetti packets are glassine, crafted from a wood pulp. Therefore they are 100% recyclable and biodegradable, making them fully eco-friendly.</p>\n<p data-mce-fragment=\"1\">Please note confetti is NOT included with this product. Simply choose your required confetti for the packets, whether<span data-mce-fragment=\"1\"> </span><a href=\"https://www.confettibee.co.uk/collections/natural-confetti\" data-mce-href=\"https://www.confettibee.co.uk/collections/natural-confetti\" data-mce-fragment=\"1\">natural confetti<span data-mce-fragment=\"1\"> </span></a>or<span data-mce-fragment=\"1\"> </span><a href=\"https://www.confettibee.co.uk/collections/biodegradable-paper-confetti\" data-mce-href=\"https://www.confettibee.co.uk/collections/biodegradable-paper-confetti\" data-mce-fragment=\"1\">paper confetti</a> and add to your order!</p>\n<p data-mce-fragment=\"1\"><em data-mce-fragment=\"1\">Shown here with our Bad Romance Confetti Collection. </em></p>','Confetti Bee Packets','2024-04-18 09:49:07','2024-04-18 09:49:07'),(234,'confettibee-co-uk.myshopify.com',7850954653954,'Confetti Packets - Initials Design 5','<p data-mce-fragment=\"1\">Personalise your confetti packets with your<span data-mce-fragment=\"1\"> </span><span data-mce-fragment=\"1\">initials</span> &amp; wedding date<span data-mce-fragment=\"1\"> then </span>fill with your chosen confetti to<span data-mce-fragment=\"1\"> </span><span data-mce-fragment=\"1\">beautifully complement the colour and theme of your Wedding Day!</span><br data-mce-fragment=\"1\"></p>\n<p data-mce-fragment=\"1\">Depending on petal size,1 litre of our confetti should fill up to 20 of the confetti packets, giving your guests a handful to throw for that all important confetti shot! <span data-mce-fragment=\"1\">Please see our </span><a href=\"https://www.confettibee.co.uk/pages/how-many-litres-of-confetti-do-i-need-for-my-wedding\" data-mce-href=\"https://www.confettibee.co.uk/pages/how-many-litres-of-confetti-do-i-need-for-my-wedding\" data-mce-fragment=\"1\"><span data-mce-fragment=\"1\">guide page</span></a><span data-mce-fragment=\"1\"> for more information and advice on getting the right amount.</span></p>\n<p data-mce-fragment=\"1\">Overall packet size - 117mm x 90mm</p>\n<p data-mce-fragment=\"1\"><span data-mce-fragment=\"1\">These Peel &amp; Seal packets have an additional 16mm lip to allow the fold over the top.</span></p>\n<p data-mce-fragment=\"1\">Our confetti packets are glassine, crafted from a wood pulp. Therefore they are 100% recyclable and biodegradable, making them fully eco-friendly.</p>\n<p data-mce-fragment=\"1\">Please note confetti is NOT included with this product. Simply choose your required confetti for the packets, whether<span data-mce-fragment=\"1\"> </span><a href=\"https://www.confettibee.co.uk/collections/natural-confetti\" data-mce-href=\"https://www.confettibee.co.uk/collections/natural-confetti\" data-mce-fragment=\"1\">natural confetti<span data-mce-fragment=\"1\"> </span></a>or<span data-mce-fragment=\"1\"> </span><a href=\"https://www.confettibee.co.uk/collections/biodegradable-paper-confetti\" data-mce-href=\"https://www.confettibee.co.uk/collections/biodegradable-paper-confetti\" data-mce-fragment=\"1\">paper confetti</a> and add to your order!</p>\n<p data-mce-fragment=\"1\"><em data-mce-fragment=\"1\">Shown here with our Bad Romance Confetti Collection. </em></p>','Confetti Bee Packets','2024-04-18 09:49:07','2024-04-18 09:49:07'),(235,'confettibee-co-uk.myshopify.com',7934199005442,'Confetti Packets - Love Birds Design 1','<p>Personalise your confetti packets with your names &amp; wedding date then fill with your chosen confetti<span> to </span><span data-mce-fragment=\"1\">beautifully complement the colour and theme of your Wedding Day!</span></p>\n<p>Depending on petal size,1 litre of our confetti should fill up to 20 of the confetti packets, giving your guests a handful to throw for that all important confetti shot! <span data-mce-fragment=\"1\">Please see our </span><a href=\"https://www.confettibee.co.uk/pages/how-many-litres-of-confetti-do-i-need-for-my-wedding\" data-mce-href=\"https://www.confettibee.co.uk/pages/how-many-litres-of-confetti-do-i-need-for-my-wedding\" data-mce-fragment=\"1\"><span data-mce-fragment=\"1\">guide page</span></a><span data-mce-fragment=\"1\"> for more information and advice on getting the right amount.</span></p>\n<p>Overall packet size - 117mm x 90mm</p>\n<p><span>These Peel &amp; Seal packets have an additional 16mm lip to allow the fold over the top.</span></p>\n<p>Our confetti packets are glassine, crafted from a wood pulp. Therefore they are 100% recyclable and biodegradable, making them fully eco-friendly.</p>\n<p>Please note confetti is NOT included with this product. Simply choose your required confetti for the packets, whether<span> </span><a href=\"https://www.confettibee.co.uk/collections/natural-confetti\" data-mce-href=\"https://www.confettibee.co.uk/collections/natural-confetti\">natural confetti<span> </span></a>or<span> </span><a href=\"https://www.confettibee.co.uk/collections/biodegradable-paper-confetti\" data-mce-href=\"https://www.confettibee.co.uk/collections/biodegradable-paper-confetti\">paper confetti</a> and add to your order!</p>\n<p><em>Shown here with our Winter Jasmine Confetti Collection. </em></p>','Confetti Bee Packets','2024-04-18 09:49:07','2024-04-18 09:49:07'),(236,'confettibee-co-uk.myshopify.com',7934200840450,'Confetti Packets - Love Birds Design 2','<p>Personalise your confetti packets with your names &amp; wedding date then fill with your chosen confetti<span> to </span><span data-mce-fragment=\"1\">beautifully complement the colour and theme of your Wedding Day!</span></p>\n<p>Depending on petal size,1 litre of our confetti should fill up to 20 of the confetti packets, giving your guests a handful to throw for that all important confetti shot! <span data-mce-fragment=\"1\">Please see our </span><a href=\"https://www.confettibee.co.uk/pages/how-many-litres-of-confetti-do-i-need-for-my-wedding\" data-mce-href=\"https://www.confettibee.co.uk/pages/how-many-litres-of-confetti-do-i-need-for-my-wedding\" data-mce-fragment=\"1\"><span data-mce-fragment=\"1\">guide page</span></a><span data-mce-fragment=\"1\"> for more information and advice on getting the right amount.</span></p>\n<p>Overall packet size - 117mm x 90mm</p>\n<p><span>These Peel &amp; Seal packets have an additional 16mm lip to allow the fold over the top.</span></p>\n<p>Our confetti packets are glassine, crafted from a wood pulp. Therefore they are 100% recyclable and biodegradable, making them fully eco-friendly.</p>\n<p>Please note confetti is NOT included with this product. Simply choose your required confetti for the packets, whether<span> </span><a href=\"https://www.confettibee.co.uk/collections/natural-confetti\" data-mce-href=\"https://www.confettibee.co.uk/collections/natural-confetti\">natural confetti<span> </span></a>or<span> </span><a href=\"https://www.confettibee.co.uk/collections/biodegradable-paper-confetti\" data-mce-href=\"https://www.confettibee.co.uk/collections/biodegradable-paper-confetti\">paper confetti</a> and add to your order!</p>\n<p><em>Shown here with our Winter Jasmine Confetti Collection. </em></p>','Confetti Bee Packets','2024-04-18 09:49:07','2024-04-18 09:49:07'),(237,'confettibee-co-uk.myshopify.com',7934201397506,'Confetti Packets - Love Birds Design 3','<p>Personalise your confetti packets with your names &amp; wedding date then fill with your chosen confetti<span> to </span><span data-mce-fragment=\"1\">beautifully complement the colour and theme of your Wedding Day!</span></p>\n<p>Depending on petal size,1 litre of our confetti should fill up to 20 of the confetti packets, giving your guests a handful to throw for that all important confetti shot! <span data-mce-fragment=\"1\">Please see our </span><a href=\"https://www.confettibee.co.uk/pages/how-many-litres-of-confetti-do-i-need-for-my-wedding\" data-mce-href=\"https://www.confettibee.co.uk/pages/how-many-litres-of-confetti-do-i-need-for-my-wedding\" data-mce-fragment=\"1\"><span data-mce-fragment=\"1\">guide page</span></a><span data-mce-fragment=\"1\"> for more information and advice on getting the right amount.</span></p>\n<p>Overall packet size - 117mm x 90mm</p>\n<p><span>These Peel &amp; Seal packets have an additional 16mm lip to allow the fold over the top.</span></p>\n<p>Our confetti packets are glassine, crafted from a wood pulp. Therefore they are 100% recyclable and biodegradable, making them fully eco-friendly.</p>\n<p>Please note confetti is NOT included with this product. Simply choose your required confetti for the packets, whether<span> </span><a href=\"https://www.confettibee.co.uk/collections/natural-confetti\" data-mce-href=\"https://www.confettibee.co.uk/collections/natural-confetti\">natural confetti<span> </span></a>or<span> </span><a href=\"https://www.confettibee.co.uk/collections/biodegradable-paper-confetti\" data-mce-href=\"https://www.confettibee.co.uk/collections/biodegradable-paper-confetti\">paper confetti</a> and add to your order!</p>\n<p><em>Shown here with our Winter Jasmine Confetti Collection. </em></p>','Confetti Bee Packets','2024-04-18 09:49:07','2024-04-18 09:49:07'),(238,'confettibee-co-uk.myshopify.com',7934201856258,'Confetti Packets - Love Birds Design 4','<p>Personalise your confetti packets with your names &amp; wedding date then fill with your chosen confetti<span> to </span><span data-mce-fragment=\"1\">beautifully complement the colour and theme of your Wedding Day!</span></p>\n<p>Depending on petal size,1 litre of our confetti should fill up to 20 of the confetti packets, giving your guests a handful to throw for that all important confetti shot! <span data-mce-fragment=\"1\">Please see our </span><a href=\"https://www.confettibee.co.uk/pages/how-many-litres-of-confetti-do-i-need-for-my-wedding\" data-mce-href=\"https://www.confettibee.co.uk/pages/how-many-litres-of-confetti-do-i-need-for-my-wedding\" data-mce-fragment=\"1\"><span data-mce-fragment=\"1\">guide page</span></a><span data-mce-fragment=\"1\"> for more information and advice on getting the right amount.</span></p>\n<p>Overall packet size - 117mm x 90mm</p>\n<p><span>These Peel &amp; Seal packets have an additional 16mm lip to allow the fold over the top.</span></p>\n<p>Our confetti packets are glassine, crafted from a wood pulp. Therefore they are 100% recyclable and biodegradable, making them fully eco-friendly.</p>\n<p>Please note confetti is NOT included with this product. Simply choose your required confetti for the packets, whether<span> </span><a href=\"https://www.confettibee.co.uk/collections/natural-confetti\" data-mce-href=\"https://www.confettibee.co.uk/collections/natural-confetti\">natural confetti<span> </span></a>or<span> </span><a href=\"https://www.confettibee.co.uk/collections/biodegradable-paper-confetti\" data-mce-href=\"https://www.confettibee.co.uk/collections/biodegradable-paper-confetti\">paper confetti</a> and add to your order!</p>\n<p><em>Shown here with our Winter Jasmine Confetti Collection. </em></p>','Confetti Bee Packets','2024-04-18 09:49:07','2024-04-18 09:49:07'),(239,'confettibee-co-uk.myshopify.com',7934202675458,'Confetti Packets - Love Birds Design 5','<p>Personalise your confetti packets with your names &amp; wedding date then fill with your chosen confetti<span> to </span><span data-mce-fragment=\"1\">beautifully complement the colour and theme of your Wedding Day!</span></p>\n<p>Depending on petal size,1 litre of our confetti should fill up to 20 of the confetti packets, giving your guests a handful to throw for that all important confetti shot! <span data-mce-fragment=\"1\">Please see our </span><a href=\"https://www.confettibee.co.uk/pages/how-many-litres-of-confetti-do-i-need-for-my-wedding\" data-mce-href=\"https://www.confettibee.co.uk/pages/how-many-litres-of-confetti-do-i-need-for-my-wedding\" data-mce-fragment=\"1\"><span data-mce-fragment=\"1\">guide page</span></a><span data-mce-fragment=\"1\"> for more information and advice on getting the right amount.</span></p>\n<p>Overall packet size - 117mm x 90mm</p>\n<p><span>These Peel &amp; Seal packets have an additional 16mm lip to allow the fold over the top.</span></p>\n<p>Our confetti packets are glassine, crafted from a wood pulp. Therefore they are 100% recyclable and biodegradable, making them fully eco-friendly.</p>\n<p>Please note confetti is NOT included with this product. Simply choose your required confetti for the packets, whether<span> </span><a href=\"https://www.confettibee.co.uk/collections/natural-confetti\" data-mce-href=\"https://www.confettibee.co.uk/collections/natural-confetti\">natural confetti<span> </span></a>or<span> </span><a href=\"https://www.confettibee.co.uk/collections/biodegradable-paper-confetti\" data-mce-href=\"https://www.confettibee.co.uk/collections/biodegradable-paper-confetti\">paper confetti</a> and add to your order!</p>\n<p><em>Shown here with our Winter Jasmine Confetti Collection. </em></p>','Confetti Bee Packets','2024-04-18 09:49:07','2024-04-18 09:49:07'),(240,'confettibee-co-uk.myshopify.com',7850977460482,'Confetti Packets - Mr & Mrs Design 1','<p data-mce-fragment=\"1\">Personalise your <span data-mce-fragment=\"1\">confetti packets</span> with your married surname &amp; wedding date and fill with your chosen confetti to<span> </span><span data-mce-fragment=\"1\">beautifully complement the colour and theme of your Wedding Day!</span><br data-mce-fragment=\"1\"></p>\n<p data-mce-fragment=\"1\">These can also be personalised as Mr &amp; Mr and Mrs &amp; Mrs.</p>\n<p>Depending on petal size,1 litre of our confetti should fill up to 20 of the confetti packets, giving your guests a handful to throw for that all important confetti shot! <span data-mce-fragment=\"1\">Please see our </span><a href=\"https://www.confettibee.co.uk/pages/how-many-litres-of-confetti-do-i-need-for-my-wedding\" data-mce-fragment=\"1\" data-mce-href=\"https://www.confettibee.co.uk/pages/how-many-litres-of-confetti-do-i-need-for-my-wedding\"><span data-mce-fragment=\"1\">guide page</span></a><span data-mce-fragment=\"1\"> for more information and advice on getting the right amount.</span></p>\n<p>Overall packet size - 117mm x 90mm</p>\n<p><span>These Peel &amp; Seal packets have an additional 16mm lip to allow the fold over the top.</span></p>\n<p>Our confetti packets are glassine, crafted from a wood pulp. Therefore they are 100% recyclable and biodegradable, making them fully eco-friendly.</p>\n<p>Please note confetti is NOT included with this product. Simply choose your required confetti for the packets, whether<span> </span><a href=\"https://www.confettibee.co.uk/collections/natural-confetti\" data-mce-href=\"https://www.confettibee.co.uk/collections/natural-confetti\">natural confetti<span> </span></a>or<span> </span><a href=\"https://www.confettibee.co.uk/collections/biodegradable-paper-confetti\" data-mce-href=\"https://www.confettibee.co.uk/collections/biodegradable-paper-confetti\">paper confetti</a> and add to your order!</p>\n<p data-mce-fragment=\"1\"><em data-mce-fragment=\"1\">Shown here with our Jasmine Cassis Confetti Collection. </em></p>','Confetti Bee Packets','2024-04-18 09:49:07','2024-04-18 09:49:07'),(241,'confettibee-co-uk.myshopify.com',8189634216194,'Confetti Packets - Mr & Mrs Design 10','<p data-mce-fragment=\"1\">Personalise your <span data-mce-fragment=\"1\">confetti packets</span> with your married surname &amp; wedding date and fill with your chosen confetti to<span> </span><span data-mce-fragment=\"1\">beautifully complement the colour and theme of your Wedding Day!</span><br data-mce-fragment=\"1\"></p>\n<p data-mce-fragment=\"1\">These can also be personalised as Mr &amp; Mr and Mrs &amp; Mrs.</p>\n<p>Depending on petal size,1 litre of our confetti should fill up to 20 of the confetti packets, giving your guests a handful to throw for that all important confetti shot! <span data-mce-fragment=\"1\">Please see our </span><a href=\"https://www.confettibee.co.uk/pages/how-many-litres-of-confetti-do-i-need-for-my-wedding\" data-mce-fragment=\"1\" data-mce-href=\"https://www.confettibee.co.uk/pages/how-many-litres-of-confetti-do-i-need-for-my-wedding\"><span data-mce-fragment=\"1\">guide page</span></a><span data-mce-fragment=\"1\"> for more information and advice on getting the right amount.</span></p>\n<p>Overall packet size - 117mm x 90mm</p>\n<p><span>These Peel &amp; Seal packets have an additional 16mm lip to allow the fold over the top.</span></p>\n<p>Our confetti packets are glassine, crafted from a wood pulp. Therefore they are 100% recyclable and biodegradable, making them fully eco-friendly.</p>\n<p>Please note confetti is NOT included with this product. Simply choose your required confetti for the packets, whether<span> </span><a href=\"https://www.confettibee.co.uk/collections/natural-confetti\" data-mce-href=\"https://www.confettibee.co.uk/collections/natural-confetti\">natural confetti<span> </span></a>or<span> </span><a href=\"https://www.confettibee.co.uk/collections/biodegradable-paper-confetti\" data-mce-href=\"https://www.confettibee.co.uk/collections/biodegradable-paper-confetti\">paper confetti</a> and add to your order!</p>\n<p data-mce-fragment=\"1\"><em data-mce-fragment=\"1\">Shown here with our </em><em data-mce-fragment=\"1\"><span>Vintage Ivory Hydrangea Petal Confetti</span>. </em></p>','Confetti Bee Packets','2024-04-18 09:49:07','2024-04-18 09:49:07'),(242,'confettibee-co-uk.myshopify.com',8189635166466,'Confetti Packets - Mr & Mrs Design 11','<p data-mce-fragment=\"1\">Personalise your <span data-mce-fragment=\"1\">confetti packets</span> with your married surname &amp; wedding date and fill with your chosen confetti to<span> </span><span data-mce-fragment=\"1\">beautifully complement the colour and theme of your Wedding Day!</span><br data-mce-fragment=\"1\"></p>\n<p data-mce-fragment=\"1\">These can also be personalised as Mr &amp; Mr and Mrs &amp; Mrs.</p>\n<p>Depending on petal size,1 litre of our confetti should fill up to 20 of the confetti packets, giving your guests a handful to throw for that all important confetti shot! <span data-mce-fragment=\"1\">Please see our </span><a href=\"https://www.confettibee.co.uk/pages/how-many-litres-of-confetti-do-i-need-for-my-wedding\" data-mce-fragment=\"1\" data-mce-href=\"https://www.confettibee.co.uk/pages/how-many-litres-of-confetti-do-i-need-for-my-wedding\"><span data-mce-fragment=\"1\">guide page</span></a><span data-mce-fragment=\"1\"> for more information and advice on getting the right amount.</span></p>\n<p>Overall packet size - 117mm x 90mm</p>\n<p><span>These Peel &amp; Seal packets have an additional 16mm lip to allow the fold over the top.</span></p>\n<p>Our confetti packets are glassine, crafted from a wood pulp. Therefore they are 100% recyclable and biodegradable, making them fully eco-friendly.</p>\n<p>Please note confetti is NOT included with this product. Simply choose your required confetti for the packets, whether<span> </span><a href=\"https://www.confettibee.co.uk/collections/natural-confetti\" data-mce-href=\"https://www.confettibee.co.uk/collections/natural-confetti\">natural confetti<span> </span></a>or<span> </span><a href=\"https://www.confettibee.co.uk/collections/biodegradable-paper-confetti\" data-mce-href=\"https://www.confettibee.co.uk/collections/biodegradable-paper-confetti\">paper confetti</a> and add to your order!</p>\n<p data-mce-fragment=\"1\"><em data-mce-fragment=\"1\">Shown here with our </em><em data-mce-fragment=\"1\"><span>Vintage Ivory Hydrangea Petal Confetti</span>. </em></p>','Confetti Bee Packets','2024-04-18 09:49:07','2024-04-18 09:49:07'),(243,'confettibee-co-uk.myshopify.com',7850978214146,'Confetti Packets - Mr & Mrs Design 2','<p data-mce-fragment=\"1\">Personalise your <span data-mce-fragment=\"1\">confetti packets</span> with your married surname &amp; wedding date and fill with your chosen confetti to<span> </span><span data-mce-fragment=\"1\">beautifully complement the colour and theme of your Wedding Day!</span><br data-mce-fragment=\"1\"></p>\n<p data-mce-fragment=\"1\">These can also be personalised as Mr &amp; Mr and Mrs &amp; Mrs.</p>\n<p>Depending on petal size,1 litre of our confetti should fill up to 20 of the confetti packets, giving your guests a handful to throw for that all important confetti shot! <span data-mce-fragment=\"1\">Please see our </span><a href=\"https://www.confettibee.co.uk/pages/how-many-litres-of-confetti-do-i-need-for-my-wedding\" data-mce-fragment=\"1\" data-mce-href=\"https://www.confettibee.co.uk/pages/how-many-litres-of-confetti-do-i-need-for-my-wedding\"><span data-mce-fragment=\"1\">guide page</span></a><span data-mce-fragment=\"1\"> for more information and advice on getting the right amount.</span></p>\n<p>Overall packet size - 117mm x 90mm</p>\n<p><span>These Peel &amp; Seal packets have an additional 16mm lip to allow the fold over the top.</span></p>\n<p>Our confetti packets are glassine, crafted from a wood pulp. Therefore they are 100% recyclable and biodegradable, making them fully eco-friendly.</p>\n<p>Please note confetti is NOT included with this product. Simply choose your required confetti for the packets, whether<span> </span><a href=\"https://www.confettibee.co.uk/collections/natural-confetti\" data-mce-href=\"https://www.confettibee.co.uk/collections/natural-confetti\">natural confetti<span> </span></a>or<span> </span><a href=\"https://www.confettibee.co.uk/collections/biodegradable-paper-confetti\" data-mce-href=\"https://www.confettibee.co.uk/collections/biodegradable-paper-confetti\">paper confetti</a> and add to your order!</p>\n<p data-mce-fragment=\"1\"><em data-mce-fragment=\"1\">Shown here with our Cassis Confetti Collection. </em></p>','Confetti Bee Packets','2024-04-18 09:49:07','2024-04-18 09:49:07'),(244,'confettibee-co-uk.myshopify.com',7850978509058,'Confetti Packets - Mr & Mrs Design 3','<p data-mce-fragment=\"1\">Personalise your <span data-mce-fragment=\"1\">confetti packets</span> with your married surname &amp; wedding date and fill with your chosen confetti to<span> </span><span data-mce-fragment=\"1\">beautifully complement the colour and theme of your Wedding Day!</span><br data-mce-fragment=\"1\"></p>\n<p data-mce-fragment=\"1\">These can also be personalised as Mr &amp; Mr and Mrs &amp; Mrs.</p>\n<p>Depending on petal size,1 litre of our confetti should fill up to 20 of the confetti packets, giving your guests a handful to throw for that all important confetti shot! <span data-mce-fragment=\"1\">Please see our </span><a href=\"https://www.confettibee.co.uk/pages/how-many-litres-of-confetti-do-i-need-for-my-wedding\" data-mce-fragment=\"1\" data-mce-href=\"https://www.confettibee.co.uk/pages/how-many-litres-of-confetti-do-i-need-for-my-wedding\"><span data-mce-fragment=\"1\">guide page</span></a><span data-mce-fragment=\"1\"> for more information and advice on getting the right amount.</span></p>\n<p>Overall packet size - 117mm x 90mm</p>\n<p><span>These Peel &amp; Seal packets have an additional 16mm lip to allow the fold over the top.</span></p>\n<p>Our confetti packets are glassine, crafted from a wood pulp. Therefore they are 100% recyclable and biodegradable, making them fully eco-friendly.</p>\n<p>Please note confetti is NOT included with this product. Simply choose your required confetti for the packets, whether<span> </span><a href=\"https://www.confettibee.co.uk/collections/natural-confetti\" data-mce-href=\"https://www.confettibee.co.uk/collections/natural-confetti\">natural confetti<span> </span></a>or<span> </span><a href=\"https://www.confettibee.co.uk/collections/biodegradable-paper-confetti\" data-mce-href=\"https://www.confettibee.co.uk/collections/biodegradable-paper-confetti\">paper confetti</a> and add to your order!</p>\n<p data-mce-fragment=\"1\"><em data-mce-fragment=\"1\">Shown here with our<span> </span>Cassis<span> </span>Confetti Collection. </em></p>','Confetti Bee Packets','2024-04-18 09:49:07','2024-04-18 09:49:07'),(245,'confettibee-co-uk.myshopify.com',7850979098882,'Confetti Packets - Mr & Mrs Design 4','<p data-mce-fragment=\"1\">Personalise your <span data-mce-fragment=\"1\">confetti packets</span> with your married surname &amp; wedding date and fill with your chosen confetti to<span> </span><span data-mce-fragment=\"1\">beautifully complement the colour and theme of your Wedding Day!</span><br data-mce-fragment=\"1\"></p>\n<p data-mce-fragment=\"1\">These can also be personalised as Mr &amp; Mr and Mrs &amp; Mrs.</p>\n<p>Depending on petal size,1 litre of our confetti should fill up to 20 of the confetti packets, giving your guests a handful to throw for that all important confetti shot! <span data-mce-fragment=\"1\">Please see our </span><a href=\"https://www.confettibee.co.uk/pages/how-many-litres-of-confetti-do-i-need-for-my-wedding\" data-mce-fragment=\"1\" data-mce-href=\"https://www.confettibee.co.uk/pages/how-many-litres-of-confetti-do-i-need-for-my-wedding\"><span data-mce-fragment=\"1\">guide page</span></a><span data-mce-fragment=\"1\"> for more information and advice on getting the right amount.</span></p>\n<p>Overall packet size - 117mm x 90mm</p>\n<p><span>These Peel &amp; Seal packets have an additional 16mm lip to allow the fold over the top.</span></p>\n<p>Our confetti packets are glassine, crafted from a wood pulp. Therefore they are 100% recyclable and biodegradable, making them fully eco-friendly.</p>\n<p>Please note confetti is NOT included with this product. Simply choose your required confetti for the packets, whether<span> </span><a href=\"https://www.confettibee.co.uk/collections/natural-confetti\" data-mce-href=\"https://www.confettibee.co.uk/collections/natural-confetti\">natural confetti<span> </span></a>or<span> </span><a href=\"https://www.confettibee.co.uk/collections/biodegradable-paper-confetti\" data-mce-href=\"https://www.confettibee.co.uk/collections/biodegradable-paper-confetti\">paper confetti</a> and add to your order!</p>\n<p data-mce-fragment=\"1\"><em data-mce-fragment=\"1\">Shown here with our<span> </span>Cassis<span> </span>Confetti Collection. </em></p>','Confetti Bee Packets','2024-04-18 09:49:07','2024-04-18 09:49:07'),(246,'confettibee-co-uk.myshopify.com',7850979688706,'Confetti Packets - Mr & Mrs Design 5','<p data-mce-fragment=\"1\">Personalise your <span data-mce-fragment=\"1\">confetti packets</span> with your married surname &amp; wedding date and fill with your chosen confetti to<span> </span><span data-mce-fragment=\"1\">beautifully complement the colour and theme of your Wedding Day!</span><br data-mce-fragment=\"1\"></p>\n<p data-mce-fragment=\"1\">These can also be personalised as Mr &amp; Mr and Mrs &amp; Mrs.</p>\n<p>Depending on petal size,1 litre of our confetti should fill up to 20 of the confetti packets, giving your guests a handful to throw for that all important confetti shot! <span data-mce-fragment=\"1\">Please see our </span><a href=\"https://www.confettibee.co.uk/pages/how-many-litres-of-confetti-do-i-need-for-my-wedding\" data-mce-fragment=\"1\" data-mce-href=\"https://www.confettibee.co.uk/pages/how-many-litres-of-confetti-do-i-need-for-my-wedding\"><span data-mce-fragment=\"1\">guide page</span></a><span data-mce-fragment=\"1\"> for more information and advice on getting the right amount.</span></p>\n<p>Overall packet size - 117mm x 90mm</p>\n<p><span>These Peel &amp; Seal packets have an additional 16mm lip to allow the fold over the top.</span></p>\n<p>Our confetti packets are glassine, crafted from a wood pulp. Therefore they are 100% recyclable and biodegradable, making them fully eco-friendly.</p>\n<p>Please note confetti is NOT included with this product. Simply choose your required confetti for the packets, whether<span> </span><a href=\"https://www.confettibee.co.uk/collections/natural-confetti\" data-mce-href=\"https://www.confettibee.co.uk/collections/natural-confetti\">natural confetti<span> </span></a>or<span> </span><a href=\"https://www.confettibee.co.uk/collections/biodegradable-paper-confetti\" data-mce-href=\"https://www.confettibee.co.uk/collections/biodegradable-paper-confetti\">paper confetti</a> and add to your order!</p>\n<p data-mce-fragment=\"1\"><em data-mce-fragment=\"1\">Shown here with our<span> </span>Cassis<span> </span>Confetti Collection. </em></p>','Confetti Bee Packets','2024-04-18 09:49:07','2024-04-18 09:49:07'),